{"id":1477,"date":"2019-05-02T16:06:45","date_gmt":"2019-05-02T14:06:45","guid":{"rendered":"http:\/\/bandyforbundet.no\/bandy\/?page_id=1477"},"modified":"2024-04-18T12:08:16","modified_gmt":"2024-04-18T12:08:16","slug":"38767-2","status":"publish","type":"page","link":"https:\/\/bandyforbundet.no\/bandy\/?page_id=1477","title":{"rendered":"Retningslinjer for cuper og turneringer"},"content":{"rendered":"<p>Alle bandycuper\/turneringer m\u00e5 innfri f\u00f8lgende punkter;<\/p>\n<ul>\n<li>V\u00e6re registrert hos Norges Bandyforbund (NBF)<\/li>\n<li>Spilles etter et godkjent reglement<\/li>\n<li>Ha en jury<\/li>\n<li>Turneringsreglementet skal ha bestemmelser om behandling av brudd p\u00e5 turneringsreglementet, NBFs kamp- og konkurranseregler, samt protester<\/li>\n<li>Utenlandske lag kan delta i turneringer dersom det fremlegges godkjennelse fra lagets nasjonale forbund<\/li>\n<li>I turneringer kan en klubb ikke benytte spillere som er spilleberettiget for andre klubber, uten at spillerens klubb har gitt skriftlig tillatelse og turneringsreglementet \u00e5pner for bruk av spillere fra andre klubber. Slik dispensasjon m\u00e5 fremg\u00e5 av invitasjonen til turneringen<\/li>\n<li>Det m\u00e5 i turneringsreglementet klargj\u00f8res hvordan turneringen skal avvikles. Turneringer kan best\u00e5 av seriespill, spill etter utslagsmetoden eller begge deler.<\/li>\n<li>Arrang\u00f8ren skal i turneringsreglementet ha bestemmelser om hvordan kamper avgj\u00f8res n\u00e5r det st\u00e5r uavgjort etter ordin\u00e6r tid<\/li>\n<li>Til \u00e5 behandle saker etter turneringsreglementet, NBFs kamp- og konkurranseregler, samt protester, skal arrang\u00f8ren oppnevne en jury p\u00e5 minst 3 medlemmer, hvorav ett skal oppnevnes som leder. Alle jurymedlemmene skal v\u00e6re medlem i klubb som igjen er medlem av NBF. Ingen klubb kan ha flere enn ett jurymedlem<\/li>\n<li>Protester skal v\u00e6re undertegnet av lagleder eller klubbens fungerende leder, og innleveres skriftlig sammen med gebyr fastsatt i turneringsreglementet. Hvis ikke annet fremg\u00e5r av turneringsreglementet, m\u00e5 protest nedlegges senest en time etter kampslutt.<\/li>\n<li>(3) Juryen kan ilegge f\u00f8lgende sanksjoner:<\/li>\n<li>a)\u00a0\u00a0\u00a0\u00a0 Irettesetting.<\/li>\n<li>b)\u00a0\u00a0\u00a0\u00a0 Karantene for spiller, trener eller leder i inntil tre kamper i turneringen.<\/li>\n<li>c)\u00a0 \u00a0 \u00a0Tap av kamp i turneringen som laget har vunnet eller spilt uavgjort.<\/li>\n<li>Motstanderen tilkjennes tre poeng. Kampresultatet settes til 1-0.<\/li>\n<li>d)\u00a0\u00a0\u00a0\u00a0 Utelukkelse av lag fra turneringen.<\/li>\n<li>(4) I saker der det er tale om \u00e5 ilegge sanksjoner gjelder Sanksjons- og protestreglementet tilsvarende. Der det er tale om \u00e5 ilegge sanksjoner, skal anmeldte enten skriftlig eller muntlig f\u00e5 anledning til \u00e5 legge frem sitt syn p\u00e5 saken f\u00f8r avgj\u00f8relsen fattes.<\/li>\n<li>(5) Mener juryen at det kan v\u00e6re grunnlag for strengere sanksjoner enn dem den selv kan ilegge etter (3), anmelder juryen forholdet til NBF.<\/li>\n<li>(6) Juryens avgj\u00f8relse er i alle saker endelig.<\/li>\n<\/ul>\n","protected":false},"excerpt":{"rendered":"<p>Alle bandycuper\/turneringer m\u00e5 innfri f\u00f8lgende punkter; V\u00e6re registrert hos Norges Bandyforbund (NBF) Spilles etter et godkjent reglement Ha en jury Turneringsreglementet skal ha bestemmelser om behandling av brudd p\u00e5 turneringsreglementet, NBFs kamp- og konkurranseregler, samt protester Utenlandske lag kan delta i turneringer dersom det fremlegges godkjennelse fra lagets nasjonale forbund I turneringer kan en klubb [&hellip;]<\/p>\n","protected":false},"author":41,"featured_media":0,"parent":1473,"menu_order":0,"comment_status":"closed","ping_status":"closed","template":"","meta":{"cover_meta":"","footnotes":""},"class_list":["post-1477","page","type-page","status-publish","hentry"],"_links":{"self":[{"href":"https:\/\/bandyforbundet.no\/bandy\/index.php?rest_route=\/wp\/v2\/pages\/1477","targetHints":{"allow":["GET"]}}],"collection":[{"href":"https:\/\/bandyforbundet.no\/bandy\/index.php?rest_route=\/wp\/v2\/pages"}],"about":[{"href":"https:\/\/bandyforbundet.no\/bandy\/index.php?rest_route=\/wp\/v2\/types\/page"}],"author":[{"embeddable":true,"href":"https:\/\/bandyforbundet.no\/bandy\/index.php?rest_route=\/wp\/v2\/users\/41"}],"replies":[{"embeddable":true,"href":"https:\/\/bandyforbundet.no\/bandy\/index.php?rest_route=%2Fwp%2Fv2%2Fcomments&post=1477"}],"version-history":[{"count":3,"href":"https:\/\/bandyforbundet.no\/bandy\/index.php?rest_route=\/wp\/v2\/pages\/1477\/revisions"}],"predecessor-version":[{"id":6505,"href":"https:\/\/bandyforbundet.no\/bandy\/index.php?rest_route=\/wp\/v2\/pages\/1477\/revisions\/6505"}],"up":[{"embeddable":true,"href":"https:\/\/bandyforbundet.no\/bandy\/index.php?rest_route=\/wp\/v2\/pages\/1473"}],"wp:attachment":[{"href":"https:\/\/bandyforbundet.no\/bandy\/index.php?rest_route=%2Fwp%2Fv2%2Fmedia&parent=1477"}],"curies":[{"name":"wp","href":"https:\/\/api.w.org\/{rel}","templated":true}]}}