{"id":1501,"date":"2016-08-08T12:58:22","date_gmt":"2016-08-08T10:58:22","guid":{"rendered":"http:\/\/bandyforbundet.no\/bandy\/?page_id=1501"},"modified":"2025-09-23T11:48:09","modified_gmt":"2025-09-23T11:48:09","slug":"overganger-5","status":"publish","type":"page","link":"https:\/\/bandyforbundet.no\/bandy\/?page_id=1501","title":{"rendered":"Overganger"},"content":{"rendered":"\n<div style=\"height:10px\" aria-hidden=\"true\" class=\"wp-block-spacer\"><\/div>\n\n\n\n<p>I forbindelse med endring av klubbtilh\u00f8righet, m\u00e5 det meldes overgang\/utl\u00e5n. Dette gjelder b\u00e5de nasjonalt og internasjonalt for spillere og dommere i alle aldersklasser.<\/p>\n\n\n\n<div class=\"wp-block-msswb-panel msswb-panel-container\"><div class=\"mwwsb-panel-header\"><div class=\"mwwsb-panel-title\">Nasjonale overganger<\/div><div class=\"mwwsb-panel-icon\"><span class=\"dashicon dashicons dashicons-arrow-down-alt2\"><\/span><\/div><\/div><div class=\"msswb-panel-content\">\n<p>Endring av klubbtilh\u00f8righet fra en norsk klubb til en annen norsk klubb m\u00e5 meldes p\u00e5 et overgangsskjema til Norges Bandyforbund (NBF) og det m\u00e5 i de fleste tilfeller betales et overgangsgebyr. Les mer under overgangsbestemmelser for bandy. Det er NBF sentralt som administrerer og kan svare p\u00e5 sp\u00f8rsm\u00e5l om nasjonale overganger.<\/p>\n\n\n\n<div class=\"wp-block-msswb-panel msswb-panel-container\"><div class=\"mwwsb-panel-header\"><div class=\"mwwsb-panel-title\">Overgangsskjema bandy<\/div><div class=\"mwwsb-panel-icon\"><span class=\"dashicon dashicons dashicons-arrow-down-alt2\"><\/span><\/div><\/div><div class=\"msswb-panel-content\"><div class=\"msswb-display-internal-post-frontend-app-v2\" data-url-encoded-attrs=\"%7B%22displayInternalPost%22%3A%7B%22blog_id%22%3A4%2C%22ID%22%3A2160%7D%7D\" data-dip-id=\"\" ><\/div><\/div><\/div>\n\n\n\n<div class=\"wp-block-msswb-panel msswb-panel-container\"><div class=\"mwwsb-panel-header\"><div class=\"mwwsb-panel-title\">Overgangsbestemmelser bandy<\/div><div class=\"mwwsb-panel-icon\"><span class=\"dashicon dashicons dashicons-arrow-down-alt2\"><\/span><\/div><\/div><div class=\"msswb-panel-content\">\n<div class=\"wp-block-msswb-panel msswb-panel-container\"><div class=\"mwwsb-panel-header\"><div class=\"mwwsb-panel-title\">\u00a7 30. Spilleberettigelse for bandyspillere<\/div><div class=\"mwwsb-panel-icon\"><span class=\"dashicon dashicons dashicons-arrow-down-alt2\"><\/span><\/div><\/div><div class=\"msswb-panel-content\"><div class=\"msswb-display-internal-post-frontend-app-v2\" data-url-encoded-attrs=\"%7B%22displayInternalPost%22%3A%7B%22blog_id%22%3A4%2C%22ID%22%3A2086%7D%7D\" data-dip-id=\"\" ><\/div><\/div><\/div>\n<\/div><\/div>\n\n\n\n<div class=\"wp-block-msswb-panel msswb-panel-container\"><div class=\"mwwsb-panel-header\"><div class=\"mwwsb-panel-title\">Dobbel representasjon for bandy<\/div><div class=\"mwwsb-panel-icon\"><span class=\"dashicon dashicons dashicons-arrow-down-alt2\"><\/span><\/div><\/div><div class=\"msswb-panel-content\">\n<p>For jenter i alderen 13-22 \u00e5r og gutter i alderen 15-22 \u00e5r er det \u00e5pnet opp for en begrenset mulighet for dobbel representasjonsrett, der en spiller kan delta i obligatoriske kamper for to forskjellige klubber.<\/p>\n\n\n\n<p>&#8211;<a href=\"https:\/\/bandyforbundet.no\/bandy\/?page_id=5534\"> Les mer om denne ordningen her <\/a>&#8211;<\/p>\n<\/div><\/div>\n\n\n\n<p><em>For sp\u00f8rsm\u00e5l om nasjonale overganger ta kontakt med Ann-Mari Ellefsen, Tel: 924 88 186, E-post: <a href=\"mailto:ann-mari.ellefsen@bandyforbundet.no\">ann-mari.ellefsen@bandyforbundet.no<\/a><\/em><\/p>\n<\/div><\/div>\n\n\n\n<div class=\"wp-block-msswb-panel msswb-panel-container\"><div class=\"mwwsb-panel-header\"><div class=\"mwwsb-panel-title\">Internasjonale overganger<\/div><div class=\"mwwsb-panel-icon\"><span class=\"dashicon dashicons dashicons-arrow-down-alt2\"><\/span><\/div><\/div><div class=\"msswb-panel-content\">\n<p>For endring av klubbtilh\u00f8righet fra en norsk klubb til en utenlandsk klubb eller fra en utenlandsk klubb til en norsk klubb, m\u00e5 dette meldes p\u00e5 et skjema til det internasjonale bandyforbundet (FIB).<\/p>\n\n\n<div class=\"msswb-display-internal-post-frontend-app-v2\" data-url-encoded-attrs=\"%7B%22displayInternalPost%22%3A%7B%22blog_id%22%3A4%2C%22ID%22%3A2158%7D%7D\" data-dip-id=\"\" ><\/div><\/div><\/div>\n\n\n\n<div class=\"wp-block-msswb-spacer msswb-spacer-container show-line\" style=\"height:28px\"><div class=\"line\" style=\"height:14px\"><\/div><div class=\"line-center-divider\"><\/div><\/div>\n\n\n\n<h6 class=\"wp-block-heading\"><strong>De siste godkjente bandyovergangene:<\/strong><\/h6>\n\n\n\n<p class=\"has-small-font-size\"><em>(Av personvernhensyn vises det kun overganger ett \u00e5r tilbake i tid. Ta direkte kontakt med Norges Bandyforbund for tidligere nasjonale overganger.)<\/em><\/p>\n\n\n\n<div class=\"wp-block-msswb-spacer msswb-spacer-container\" style=\"height:19px\"><div class=\"line\" style=\"height:9px\"><\/div><div class=\"line-center-divider\"><\/div><\/div>\n\n\n<div data-sport-id=\"151\" data-date-type=\"oneyearbackfromtoday\" data-transfer-rule=\"all\" data-function-type-id=\"all\" data-from-date=\"\" data-to-date=\"\" class=\"wp-block-nbf-nif-webdeler-transfers\"><\/div>","protected":false},"excerpt":{"rendered":"<p>I forbindelse med endring av klubbtilh\u00f8righet, m\u00e5 det meldes overgang\/utl\u00e5n. Dette gjelder b\u00e5de nasjonalt og internasjonalt for spillere og dommere i alle aldersklasser. De siste godkjente bandyovergangene: (Av personvernhensyn vises det kun overganger ett \u00e5r tilbake i tid. Ta direkte kontakt med Norges Bandyforbund for tidligere nasjonale overganger.)<\/p>\n","protected":false},"author":10,"featured_media":0,"parent":1490,"menu_order":0,"comment_status":"closed","ping_status":"closed","template":"templates\/template-cover.php","meta":{"cover_meta":"{\"showBackgroundImage\":true,\"bgImage\":{\"image_id\":21,\"blog_id\":4,\"term_id\":102,\"selected_size\":\"full\"},\"showOverlay\":true,\"overlayColor\":\"#354776\",\"overlayOpacity\":0.8,\"showIntro\":true,\"introColor\":\"white\",\"intro\":\"Bandy\",\"title\":\"Overganger\",\"titleColor\":\"white\",\"showOutro\":true,\"outroColor\":\"white\",\"outro\":\"2025\/2026\"}","footnotes":""},"class_list":["post-1501","page","type-page","status-publish","hentry"],"_links":{"self":[{"href":"https:\/\/bandyforbundet.no\/bandy\/index.php?rest_route=\/wp\/v2\/pages\/1501","targetHints":{"allow":["GET"]}}],"collection":[{"href":"https:\/\/bandyforbundet.no\/bandy\/index.php?rest_route=\/wp\/v2\/pages"}],"about":[{"href":"https:\/\/bandyforbundet.no\/bandy\/index.php?rest_route=\/wp\/v2\/types\/page"}],"author":[{"embeddable":true,"href":"https:\/\/bandyforbundet.no\/bandy\/index.php?rest_route=\/wp\/v2\/users\/10"}],"replies":[{"embeddable":true,"href":"https:\/\/bandyforbundet.no\/bandy\/index.php?rest_route=%2Fwp%2Fv2%2Fcomments&post=1501"}],"version-history":[{"count":11,"href":"https:\/\/bandyforbundet.no\/bandy\/index.php?rest_route=\/wp\/v2\/pages\/1501\/revisions"}],"predecessor-version":[{"id":6707,"href":"https:\/\/bandyforbundet.no\/bandy\/index.php?rest_route=\/wp\/v2\/pages\/1501\/revisions\/6707"}],"up":[{"embeddable":true,"href":"https:\/\/bandyforbundet.no\/bandy\/index.php?rest_route=\/wp\/v2\/pages\/1490"}],"wp:attachment":[{"href":"https:\/\/bandyforbundet.no\/bandy\/index.php?rest_route=%2Fwp%2Fv2%2Fmedia&parent=1501"}],"curies":[{"name":"wp","href":"https:\/\/api.w.org\/{rel}","templated":true}]}}