{"id":321,"date":"2016-04-30T11:40:55","date_gmt":"2016-04-30T09:40:55","guid":{"rendered":"http:\/\/bandyforbundet.no\/forbundet\/?page_id=321"},"modified":"2021-10-19T12:51:39","modified_gmt":"2021-10-19T12:51:39","slug":"nifs-lov","status":"publish","type":"page","link":"https:\/\/bandyforbundet.no\/forbundet\/?page_id=321","title":{"rendered":"Norges idrettsforbunds lov og bestemmelser"},"content":{"rendered":"\n<div class=\"wp-block-msswb-spacer msswb-spacer-container\" style=\"height:37px\"><div class=\"line\" style=\"height:18px\"><\/div><div class=\"line-center-divider\"><\/div><\/div>\n\n\n<div class=\"msswb-display-internal-post-frontend-app-v2\" data-url-encoded-attrs=\"%7B%22displayInternalPost%22%3A%7B%22blog_id%22%3A2%2C%22ID%22%3A953%7D%7D\" data-dip-id=\"\" ><\/div>\n\n\n<p>Norges Idrettsforbunds lov er vedtatt av Idrettstinget og er overordnet alle underliggende organisasjonsledds lover, herunder lover for s\u00e6rforbund, kretser\/regioner og idrettslag. Loven inneholder bestemmelser om s\u00e5 vel NIFs egen virksomhet, men ogs\u00e5 bestemmelser som er gjeldende for alle andre organisasjonsledd i idretten. Den inneholder spesielt egne bestemmelser om alminnelige disiplin\u00e6rforf\u00f8yninger, hjemmel for at et s\u00e6rforbund skal kunne gi sanksjoner og straffebestemmelser som h\u00e5ndteres av doms- og appellutvalgene i NIF. Idrettens markeds- og rettighetsbestemmelser er ogs\u00e5 detaljert beskrevet her, i kapittel 14.<\/p>\n","protected":false},"excerpt":{"rendered":"<p>Norges Idrettsforbunds lov er vedtatt av Idrettstinget og er overordnet alle underliggende organisasjonsledds lover, herunder lover for s\u00e6rforbund, kretser\/regioner og idrettslag. Loven inneholder bestemmelser om s\u00e5 vel NIFs egen virksomhet, men ogs\u00e5 bestemmelser som er gjeldende for alle andre organisasjonsledd i idretten. Den inneholder spesielt egne bestemmelser om alminnelige disiplin\u00e6rforf\u00f8yninger, hjemmel for at et s\u00e6rforbund [&hellip;]<\/p>\n","protected":false},"author":25,"featured_media":0,"parent":318,"menu_order":0,"comment_status":"closed","ping_status":"closed","template":"","meta":{"cover_meta":"","footnotes":""},"class_list":["post-321","page","type-page","status-publish","hentry"],"_links":{"self":[{"href":"https:\/\/bandyforbundet.no\/forbundet\/index.php?rest_route=\/wp\/v2\/pages\/321","targetHints":{"allow":["GET"]}}],"collection":[{"href":"https:\/\/bandyforbundet.no\/forbundet\/index.php?rest_route=\/wp\/v2\/pages"}],"about":[{"href":"https:\/\/bandyforbundet.no\/forbundet\/index.php?rest_route=\/wp\/v2\/types\/page"}],"author":[{"embeddable":true,"href":"https:\/\/bandyforbundet.no\/forbundet\/index.php?rest_route=\/wp\/v2\/users\/25"}],"replies":[{"embeddable":true,"href":"https:\/\/bandyforbundet.no\/forbundet\/index.php?rest_route=%2Fwp%2Fv2%2Fcomments&post=321"}],"version-history":[{"count":4,"href":"https:\/\/bandyforbundet.no\/forbundet\/index.php?rest_route=\/wp\/v2\/pages\/321\/revisions"}],"predecessor-version":[{"id":2691,"href":"https:\/\/bandyforbundet.no\/forbundet\/index.php?rest_route=\/wp\/v2\/pages\/321\/revisions\/2691"}],"up":[{"embeddable":true,"href":"https:\/\/bandyforbundet.no\/forbundet\/index.php?rest_route=\/wp\/v2\/pages\/318"}],"wp:attachment":[{"href":"https:\/\/bandyforbundet.no\/forbundet\/index.php?rest_route=%2Fwp%2Fv2%2Fmedia&parent=321"}],"curies":[{"name":"wp","href":"https:\/\/api.w.org\/{rel}","templated":true}]}}