{"id":325,"date":"2017-11-10T13:25:55","date_gmt":"2017-11-10T12:25:55","guid":{"rendered":"http:\/\/bandyforbundet.no\/hordaland-bandykrets\/?page_id=325"},"modified":"2023-05-12T14:42:18","modified_gmt":"2023-05-12T14:42:18","slug":"overganger-7","status":"publish","type":"page","link":"https:\/\/bandyforbundet.no\/hordaland-bandykrets\/?page_id=325","title":{"rendered":"Overganger"},"content":{"rendered":"\n<div class=\"wp-block-msswb-spacer msswb-spacer-container\" style=\"height:22px\"><div class=\"line\" style=\"height:11px\"><\/div><div class=\"line-center-divider\"><\/div><\/div>\n\n\n\n<h2 class=\"wp-block-heading\">Overganger<\/h2>\n\n\n\n<p>I forbindelse med endring av klubbtilh\u00f8righet, m\u00e5 det meldes overgang\/utl\u00e5n. Dette gjelder b\u00e5de nasjonalt og internasjonalt for spillere og dommere i alle aldersklasser i alle Norges Bandyforbunds idretter. Det er forbundet sentralt som administrerer og kan svare p\u00e5 sp\u00f8rsm\u00e5l om overganger.<\/p>\n\n\n\n<p><strong>Velg idrett:<\/strong><br><a href=\"https:\/\/bandyforbundet.no\/innebandy\/?page_id=3805\">Innebandy<\/a><br><a href=\"https:\/\/bandyforbundet.no\/bandy\/?page_id=1501\">Bandy<\/a><br><a href=\"https:\/\/bandyforbundet.no\/landhockey\/?page_id=383\">Landhockey<\/a><\/p>\n","protected":false},"excerpt":{"rendered":"<p>Overganger I forbindelse med endring av klubbtilh\u00f8righet, m\u00e5 det meldes overgang\/utl\u00e5n. Dette gjelder b\u00e5de nasjonalt og internasjonalt for spillere og dommere i alle aldersklasser i alle Norges Bandyforbunds idretter. Det er forbundet sentralt som administrerer og kan svare p\u00e5 sp\u00f8rsm\u00e5l om overganger. Velg idrett:InnebandyBandyLandhockey<\/p>\n","protected":false},"author":11,"featured_media":0,"parent":304,"menu_order":0,"comment_status":"closed","ping_status":"closed","template":"","meta":{"cover_meta":"","footnotes":""},"class_list":["post-325","page","type-page","status-publish","hentry"],"_links":{"self":[{"href":"https:\/\/bandyforbundet.no\/hordaland-bandykrets\/index.php?rest_route=\/wp\/v2\/pages\/325","targetHints":{"allow":["GET"]}}],"collection":[{"href":"https:\/\/bandyforbundet.no\/hordaland-bandykrets\/index.php?rest_route=\/wp\/v2\/pages"}],"about":[{"href":"https:\/\/bandyforbundet.no\/hordaland-bandykrets\/index.php?rest_route=\/wp\/v2\/types\/page"}],"author":[{"embeddable":true,"href":"https:\/\/bandyforbundet.no\/hordaland-bandykrets\/index.php?rest_route=\/wp\/v2\/users\/11"}],"replies":[{"embeddable":true,"href":"https:\/\/bandyforbundet.no\/hordaland-bandykrets\/index.php?rest_route=%2Fwp%2Fv2%2Fcomments&post=325"}],"version-history":[{"count":4,"href":"https:\/\/bandyforbundet.no\/hordaland-bandykrets\/index.php?rest_route=\/wp\/v2\/pages\/325\/revisions"}],"predecessor-version":[{"id":2516,"href":"https:\/\/bandyforbundet.no\/hordaland-bandykrets\/index.php?rest_route=\/wp\/v2\/pages\/325\/revisions\/2516"}],"up":[{"embeddable":true,"href":"https:\/\/bandyforbundet.no\/hordaland-bandykrets\/index.php?rest_route=\/wp\/v2\/pages\/304"}],"wp:attachment":[{"href":"https:\/\/bandyforbundet.no\/hordaland-bandykrets\/index.php?rest_route=%2Fwp%2Fv2%2Fmedia&parent=325"}],"curies":[{"name":"wp","href":"https:\/\/api.w.org\/{rel}","templated":true}]}}