{"id":335,"date":"2016-06-17T12:47:44","date_gmt":"2016-06-17T10:47:44","guid":{"rendered":"http:\/\/bandyforbundet.no\/idrett-for-alle\/?page_id=335"},"modified":"2025-11-12T14:28:24","modified_gmt":"2025-11-12T14:28:24","slug":"idrett-for-alle","status":"publish","type":"page","link":"https:\/\/bandyforbundet.no\/idrett-for-alle\/","title":{"rendered":"Parainnebandy"},"content":{"rendered":"<div class=\"msswb-link-box-grid-frontend-app-v2\" data-url-encoded-attrs=\"%7B%22maxCols%22%3A2%2C%22showTitle%22%3Atrue%2C%22titleColor%22%3A%22%23ffffff%22%2C%22useColorBackground%22%3Atrue%2C%22bgColor%22%3A%22%231c3254%22%2C%22overlayColor%22%3A%7B%22r%22%3A69%2C%22g%22%3A126%2C%22b%22%3A191%2C%22a%22%3A0.1%7D%2C%22linkBoxes%22%3A%5B%7B%22link_type%22%3A%22page%22%2C%22blog_id%22%3A6%2C%22ID%22%3A336%2C%22link%22%3A%22https%3A%2F%2Fbandyforbundet.no%2Fidrett-for-alle%3Fpage_id%3D336%22%2C%22image%22%3A%7B%22image_id%22%3A324%2C%22blog_id%22%3A6%2C%22term_id%22%3A11%7D%2C%22featuredImage%22%3Afalse%2C%22showTitle%22%3Atrue%2C%22showAltTitle%22%3Atrue%2C%22altTitle%22%3A%22EL%20-%20innebandy%22%7D%2C%7B%22link_type%22%3A%22page%22%2C%22blog_id%22%3A6%2C%22ID%22%3A338%2C%22link%22%3A%22https%3A%2F%2Fbandyforbundet.no%2Fidrett-for-alle%3Fpage_id%3D338%22%2C%22image%22%3A%7B%22image_id%22%3A161%2C%22blog_id%22%3A6%2C%22term_id%22%3A14%7D%2C%22featuredImage%22%3Afalse%2C%22showTitle%22%3Atrue%2C%22showAltTitle%22%3Atrue%2C%22altTitle%22%3A%22Super%20-%20innebandy%22%7D%5D%7D\" ><\/div>\n\n\n<div class=\"wp-block-msswb-panel msswb-panel-container\"><div class=\"mwwsb-panel-header\"><div class=\"mwwsb-panel-title\">STRATEGI PARAINNEBANDY<\/div><div class=\"mwwsb-panel-icon\"><span class=\"dashicon dashicons dashicons-arrow-down-alt2\"><\/span><\/div><\/div><div class=\"msswb-panel-content\">\n<p>Parainnebandy er et prioritert omr\u00e5de i Norges Bandyforbund (NBF). Vi \u00f8nsker \u00e5 v\u00e6re et forbund som jobber systematisk og langsiktig med paraidrett, som bidrar til \u00e5 n\u00e5 Norges idrettsforbunds visjon om \u00abIdrettsglede for alle\u00bb, og arbeider for at alle mennesker skal gis mulighet til \u00e5 ut\u00f8ve idrett ut ifra sine \u00f8nsker og behov. Som en del av norsk idrett er vi sv\u00e6rt opptatt av \u00e5 etterleve satsningsomr\u00e5dene i <a href=\"https:\/\/www.paraidrett.no\/en-idrett---like-muligheter\/\">NIFs parastrategi 2022 -2027, \u00abEn idrett \u2013 like muligheter\u00bb.<\/a> Det er p\u00e5lagt at s\u00e6rforbund skal forankre arbeidet med paraidretten i egne planverk. &nbsp;&nbsp;<\/p>\n\n\n\n<p>NBF tar utgangspunkt i f\u00f8lgende satsningsomr\u00e5der i \u00abEn idrett \u2013 like muligheter\u00bb; bredde, kompetanse, kommunikasjon og samarbeid. Dette er omr\u00e5der som vi gjenkjenner, jobber godt med og som er viktige \u00e5 styrke og \u00e5 videreutvikle. Strategien viser hvilke ambisjoner vi \u00f8nsker \u00e5 arbeide mot, og skal v\u00e6re et styringsverkt\u00f8y for seksjoner, kretser\/regioner, administrasjon og utviklingsavdeling.<\/p>\n\n\n\n<p>Hovedm\u00e5let med strategien for parainnebandy er<\/p>\n\n\n\n<ul class=\"wp-block-list\">\n<li>at arbeidet skal forankres i planverk hos seksjoner, kretser\/regioner, administrasjon og utviklingsavdeling.<\/li>\n\n\n\n<li>at vi skal skape \u00f8kt bevissthet og konkrete tiltak som bidrar til utvikling<\/li>\n\n\n\n<li>\u00e5 \u00f8ke antallet paramedlemmer<\/li>\n<\/ul>\n\n\n\n<div class=\"wp-block-msswb-panel msswb-panel-container\"><div class=\"mwwsb-panel-header\"><div class=\"mwwsb-panel-title\">BREDDE<\/div><div class=\"mwwsb-panel-icon\"><span class=\"dashicon dashicons dashicons-arrow-down-alt2\"><\/span><\/div><\/div><div class=\"msswb-panel-content\">\n<p><strong>Ambisjoner: <\/strong><\/p>\n\n\n\n<ul class=\"wp-block-list\">\n<li>Engasjere og l\u00f8fte frem ambassad\u00f8rer<\/li>\n\n\n\n<li>Legge til rette for nye former for konkurranse<\/li>\n\n\n\n<li>Legge til rette for integrerte konkurranser, p\u00e5 \u00abordin\u00e6re\u00bb turneringer i alle regioner<\/li>\n\n\n\n<li>Legge til rette for lokale og regionale samlinger, rekrutteringsdager, klubbkvelder og temakvelder<\/li>\n\n\n\n<li>Bist\u00e5 klubber med \u00e5 opprette og videreutvikle El- og Super-innebandy<\/li>\n\n\n\n<li>Kartlegge og etablere nye milj\u00f8er<\/li>\n\n\n\n<li>Gi klubber som ligger i geografisk n\u00e6rhet til hverandre mulighet til \u00e5 treffes oftere<\/li>\n\n\n\n<li>NM-veka skal v\u00e6re et fast \u00e5rlig arrangement for El-innebandy<\/li>\n\n\n\n<li>Special Olympics skal v\u00e6re et fast arrangement for Super-innebandy<\/li>\n<\/ul>\n\n\n\n<p><\/p>\n<\/div><\/div>\n\n\n\n<div class=\"wp-block-msswb-panel msswb-panel-container\"><div class=\"mwwsb-panel-header\"><div class=\"mwwsb-panel-title\">KOMPETANSE<\/div><div class=\"mwwsb-panel-icon\"><span class=\"dashicon dashicons dashicons-arrow-down-alt2\"><\/span><\/div><\/div><div class=\"msswb-panel-content\">\n<p><strong>Ambisjoner<\/strong>: <\/p>\n\n\n\n<ul class=\"wp-block-list\">\n<li>Kunnskap om El- og Super-innebandy skal v\u00e6re en obligatorisk del av all utdanning.<\/li>\n\n\n\n<li>Videreutvikle, forenkle og digitalisere trener- og dommerkurs<\/li>\n\n\n\n<li>Internasjonalt samarbeid og forankring<\/li>\n<\/ul>\n<\/div><\/div>\n\n\n\n<div class=\"wp-block-msswb-panel msswb-panel-container\"><div class=\"mwwsb-panel-header\"><div class=\"mwwsb-panel-title\">KOMMUNIKASJON<\/div><div class=\"mwwsb-panel-icon\"><span class=\"dashicon dashicons dashicons-arrow-down-alt2\"><\/span><\/div><\/div><div class=\"msswb-panel-content\">\n<p><strong>Ambisjoner:<\/strong><\/p>\n\n\n\n<ul class=\"wp-block-list\">\n<li>Informasjon om El- og Super-innebandy skal v\u00e6re lett tilgjengelig p\u00e5 nettsider til forbund, kretser\/regioner og klubber<\/li>\n\n\n\n<li>Legge til rette for kompetanseheving innenfor kommunikasjon og bruk av sosiale medier<\/li>\n\n\n\n<li>Jevnlig synliggj\u00f8ring av aktiviteten ved \u00e5 lage nyheter og reportasjer, og aktivt bruke sosiale medier<\/li>\n\n\n\n<li>El- og Super-innebandy skal v\u00e6re likestilt med v\u00e5re \u00f8vrige idretter i alle kanaler<\/li>\n<\/ul>\n<\/div><\/div>\n\n\n\n<div class=\"wp-block-msswb-panel msswb-panel-container\"><div class=\"mwwsb-panel-header\"><div class=\"mwwsb-panel-title\">SAMMARBEID<\/div><div class=\"mwwsb-panel-icon\"><span class=\"dashicon dashicons dashicons-arrow-down-alt2\"><\/span><\/div><\/div><div class=\"msswb-panel-content\">\n<p><strong>Ambisjoner:<\/strong><\/p>\n\n\n\n<ul class=\"wp-block-list\">\n<li>Samarbeide med partnere som kan fremme v\u00e5r aktivitet<\/li>\n\n\n\n<li>Opps\u00f8ke virksomhet i kommune, skoler, attf\u00f8ringsbedrifter og instanser der nye spillere kan rekrutteres<\/li>\n\n\n\n<li>Samarbeide med andre idretter om felles rekrutteringstiltak og arrangementer<\/li>\n\n\n\n<li>Arbeide for \u00e5 v\u00e6re synlige i Norges idrettsforbund<\/li>\n\n\n\n<li>Samarbeide med h\u00f8yskoler og universiteter som er relevante for paraidrett<\/li>\n\n\n\n<li>V\u00e6re aktive p\u00e5 sentrale arenaer der paraidrett diskuteres<\/li>\n<\/ul>\n<\/div><\/div>\n<\/div><\/div>\n\n\n<div class=\"msswb-display-posts-frontend-app-v2\" data-url-encoded-attrs=\"%7B%22mode%22%3A%22grid%22%2C%22carouselHeight%22%3A500%2C%22carouselMax%22%3A10%2C%22startAnimation%22%3A%22start%22%2C%22design%22%3A%22msswbcard%22%2C%22hideExcerpt%22%3Afalse%2C%22filterDate%22%3A%22from2yearago%22%2C%22dateObj%22%3A%7B%22fromDate%22%3A%222%20year%20ago%22%2C%22toDate%22%3A%22%22%7D%2C%22scrollDirection%22%3A%22vertical%22%2C%22displayPostsFromCategories%22%3A%5B%7B%22blog_id%22%3A6%2C%22included%22%3A%5B2%5D%2C%22excluded%22%3A%5B%5D%7D%5D%2C%22displayPostsFromSharedCategories%22%3A%5B%7B%22blog_id%22%3A2%2C%22included%22%3A%5B138%5D%2C%22excluded%22%3A%5B%5D%7D%2C%7B%22blog_id%22%3A3%2C%22included%22%3A%5B260%5D%2C%22excluded%22%3A%5B%5D%7D%5D%2C%22maxCols%22%3A3%7D\" ><\/div>\n\n\n<p>\n<!-- Bandy 4:1 (000000000015edab) -->\n\n<\/p>\n\n\n\n<div class=\"wp-block-msswb-spacer msswb-spacer-container show-line\" style=\"height:17px\"><div class=\"line\" style=\"border-bottom-width:1px;border-bottom-color:#0a0c8c;height:8px\"><\/div><div class=\"line-center-divider\"><\/div><\/div>\n\n\n<div class=\"msswb-image-frontend-app\"data-href-target=\"false\" data-href=\"%22https%3A%5C%2F%5C%2Fbandyforbundet.no%5C%2Fbandy%5C%2F%3Fmsswb-post%3Dbokverket-nbf-100-ar-presenteres-over-592-sider%26amp%3Bfbclid%3DIwAR3aUtE-bbsrMQLOWZOQf6mZUW5tWQmU-3AXTqCZ64GCvJ-N39CRpOdvhCc%22\" data-use-link=\"true\" data-screen-width=\"false\" data-alignment=\"%22full%22\" data-url=\"%22%5C%2Fwp-content%5C%2Fuploads%5C%2Fsites%5C%2F2%5C%2F2023%5C%2F09%5C%2FYellow-and-Purple-Modern-Electronic-Special-Promo-Outdoor-Banner.png%22\" data-is-background-image=\"false\" data-border-radius=\"0\" data-image-width=\"11520\" data-image-height=\"3456\" data-selected-image=\"%7B%22image_id%22%3A3910%2C%22blog_id%22%3A2%2C%22term_id%22%3A-1%2C%22selected_size%22%3A%22full%22%7D\" data-image-aspect-ratio=\"0.3\" data-alt-text=\"%22%22\" data-caption=\"%22%22\" data-width=\"400\" data-height=\"120\" data-focal-point=\"\" data-show-light-box=\"false\" >\n<div class=\"msswb-image-block msswbfull\"><a href=\"https:\/\/bandyforbundet.no\/bandy\/?msswb-post=bokverket-nbf-100-ar-presenteres-over-592-sider&amp;fbclid=IwAR3aUtE-bbsrMQLOWZOQf6mZUW5tWQmU-3AXTqCZ64GCvJ-N39CRpOdvhCc\"><div class=\"msswb-image \"><div class=\"image-container fullwidth\" style=\"width:100%;height:100%\"><img decoding=\"async\" style=\"width:100%\" src=\"\/wp-content\/uploads\/sites\/2\/2023\/09\/Yellow-and-Purple-Modern-Electronic-Special-Promo-Outdoor-Banner.png\" \/><\/div><\/div><\/a><div class=\"msswb-image-caption-container\"><div class=\"msswb-image-caption\"><\/div><\/div><\/div>\n<\/div>\n\n\n<div class=\"wp-block-msswb-spacer msswb-spacer-container show-line\" style=\"height:17px\"><div class=\"line\" style=\"border-bottom-width:1px;border-bottom-color:#0a0c8c;height:8px\"><\/div><div class=\"line-center-divider\"><\/div><\/div>\n\n\n\n<p class=\"has-small-font-size\"><span style=\"color: #808080\"><em>V\u00e5re samarbeidspartnere:<\/em><\/span><\/p>\n\n\n<div class=\"msswb-link-box-grid-frontend-app-v2\" data-url-encoded-attrs=\"%7B%22maxCols%22%3A4%2C%22showTitle%22%3Afalse%2C%22titleColor%22%3A%22%23ffffff%22%2C%22useColorBackground%22%3Afalse%2C%22bgColor%22%3A%22%23d45c5c%22%2C%22overlayColor%22%3A%7B%22r%22%3A69%2C%22g%22%3A126%2C%22b%22%3A191%2C%22a%22%3A0.1%7D%2C%22linkBoxes%22%3A%5B%7B%22link_type%22%3A%22url%22%2C%22blog_id%22%3Afalse%2C%22ID%22%3Afalse%2C%22link%22%3A%22https%3A%2F%2Fpureplay.no%22%2C%22image%22%3A%7B%22image_id%22%3A8096%2C%22blog_id%22%3A3%2C%22term_id%22%3A252%2C%22selected_size%22%3A%22full%22%7D%2C%22featuredImage%22%3Afalse%2C%22from_shared%22%3Atrue%2C%22showAltTitle%22%3Atrue%2C%22altTitle%22%3A%22%22%7D%2C%7B%22link_type%22%3A%22url%22%2C%22blog_id%22%3Afalse%2C%22ID%22%3Afalse%2C%22link%22%3A%22https%3A%2F%2Fwww.stiftelsenvi.no%22%2C%22image%22%3A%7B%22image_id%22%3A15191%2C%22blog_id%22%3A3%2C%22term_id%22%3A-1%2C%22selected_size%22%3A%22full%22%7D%2C%22featuredImage%22%3Afalse%2C%22from_shared%22%3Atrue%2C%22showAltTitle%22%3Atrue%2C%22altTitle%22%3A%22%22%7D%2C%7B%22link_type%22%3A%22url%22%2C%22blog_id%22%3Afalse%2C%22ID%22%3Afalse%2C%22link%22%3A%22https%3A%2F%2Fpureplay.no%2F%22%2C%22image%22%3A%7B%22image_id%22%3A8087%2C%22blog_id%22%3A3%2C%22term_id%22%3A252%2C%22selected_size%22%3A%22full%22%7D%2C%22featuredImage%22%3Afalse%2C%22showTitle%22%3Afalse%2C%22showAltTitle%22%3Atrue%2C%22altTitle%22%3A%22%22%7D%2C%7B%22link_type%22%3A%22url%22%2C%22blog_id%22%3Afalse%2C%22ID%22%3Afalse%2C%22link%22%3A%22https%3A%2F%2Fpureplay.no%22%2C%22image%22%3A%7B%22image_id%22%3A8103%2C%22blog_id%22%3A3%2C%22term_id%22%3A252%2C%22selected_size%22%3A%22full%22%7D%2C%22featuredImage%22%3Afalse%2C%22from_shared%22%3Atrue%2C%22showAltTitle%22%3Atrue%2C%22altTitle%22%3A%22%22%7D%2C%7B%22link_type%22%3A%22url%22%2C%22blog_id%22%3Afalse%2C%22ID%22%3Afalse%2C%22link%22%3A%22https%3A%2F%2Fpureplay.no%22%2C%22image%22%3A%7B%22image_id%22%3A108%2C%22blog_id%22%3A3%2C%22term_id%22%3A174%2C%22selected_size%22%3A%22full%22%7D%2C%22featuredImage%22%3Afalse%2C%22from_shared%22%3Atrue%2C%22showAltTitle%22%3Atrue%2C%22altTitle%22%3A%22%22%7D%2C%7B%22link_type%22%3A%22url%22%2C%22blog_id%22%3Afalse%2C%22ID%22%3Afalse%2C%22link%22%3A%22https%3A%2F%2Fwww.sparebankstiftelsen.no%2Fno%22%2C%22image%22%3A%7B%22image_id%22%3A8130%2C%22blog_id%22%3A3%2C%22term_id%22%3A252%2C%22selected_size%22%3A%22full%22%7D%2C%22featuredImage%22%3Afalse%2C%22from_shared%22%3Atrue%2C%22showAltTitle%22%3Atrue%2C%22altTitle%22%3A%22%22%7D%2C%7B%22link_type%22%3A%22url%22%2C%22blog_id%22%3Afalse%2C%22ID%22%3Afalse%2C%22link%22%3A%22https%3A%2F%2Fwww.thonhotels.no%2F%3Ffirma%3DTH87825%22%2C%22image%22%3A%7B%22image_id%22%3A8135%2C%22blog_id%22%3A3%2C%22term_id%22%3A252%2C%22selected_size%22%3A%22full%22%7D%2C%22featuredImage%22%3Afalse%2C%22showTitle%22%3Afalse%2C%22showAltTitle%22%3Atrue%2C%22altTitle%22%3A%22%22%7D%2C%7B%22link_type%22%3A%22url%22%2C%22blog_id%22%3Afalse%2C%22ID%22%3Afalse%2C%22link%22%3A%22https%3A%2F%2Fwww.antidoping.no%22%2C%22image%22%3A%7B%22image_id%22%3A8132%2C%22blog_id%22%3A3%2C%22term_id%22%3A252%2C%22selected_size%22%3A%22full%22%7D%2C%22featuredImage%22%3Afalse%2C%22from_shared%22%3Atrue%2C%22showAltTitle%22%3Atrue%2C%22altTitle%22%3A%22%22%7D%5D%7D\" ><\/div>","protected":false},"excerpt":{"rendered":"<p>V\u00e5re samarbeidspartnere:<\/p>\n","protected":false},"author":16,"featured_media":0,"parent":0,"menu_order":0,"comment_status":"closed","ping_status":"closed","template":"templates\/template-cover.php","meta":{"cover_meta":"{\"showBackgroundImage\":true,\"bgImage\":{\"image_id\":873,\"blog_id\":6,\"term_id\":21,\"selected_size\":\"full\"},\"showOverlay\":true,\"overlayColor\":\"#003161\",\"overlayOpacity\":0.4,\"showIntro\":true,\"introColor\":\"white\",\"intro\":\"P\u00e5 egne premisser og uten barrierer\",\"title\":\"Parainnebandy\",\"titleColor\":\"white\",\"showOutro\":true,\"outroColor\":\"white\",\"outro\":\"Den virkelige bredden\"}","footnotes":""},"class_list":["post-335","page","type-page","status-publish","hentry"],"_links":{"self":[{"href":"https:\/\/bandyforbundet.no\/idrett-for-alle\/index.php?rest_route=\/wp\/v2\/pages\/335","targetHints":{"allow":["GET"]}}],"collection":[{"href":"https:\/\/bandyforbundet.no\/idrett-for-alle\/index.php?rest_route=\/wp\/v2\/pages"}],"about":[{"href":"https:\/\/bandyforbundet.no\/idrett-for-alle\/index.php?rest_route=\/wp\/v2\/types\/page"}],"author":[{"embeddable":true,"href":"https:\/\/bandyforbundet.no\/idrett-for-alle\/index.php?rest_route=\/wp\/v2\/users\/16"}],"replies":[{"embeddable":true,"href":"https:\/\/bandyforbundet.no\/idrett-for-alle\/index.php?rest_route=%2Fwp%2Fv2%2Fcomments&post=335"}],"version-history":[{"count":41,"href":"https:\/\/bandyforbundet.no\/idrett-for-alle\/index.php?rest_route=\/wp\/v2\/pages\/335\/revisions"}],"predecessor-version":[{"id":3157,"href":"https:\/\/bandyforbundet.no\/idrett-for-alle\/index.php?rest_route=\/wp\/v2\/pages\/335\/revisions\/3157"}],"wp:attachment":[{"href":"https:\/\/bandyforbundet.no\/idrett-for-alle\/index.php?rest_route=%2Fwp%2Fv2%2Fmedia&parent=335"}],"curies":[{"name":"wp","href":"https:\/\/api.w.org\/{rel}","templated":true}]}}