{"id":338,"date":"2016-06-22T14:48:01","date_gmt":"2016-06-22T12:48:01","guid":{"rendered":"http:\/\/bandyforbundet.no\/idrett-for-alle\/?page_id=338"},"modified":"2025-11-12T14:28:44","modified_gmt":"2025-11-12T14:28:44","slug":"utviklingshemmede","status":"publish","type":"page","link":"https:\/\/bandyforbundet.no\/idrett-for-alle\/?page_id=338","title":{"rendered":"Super-innebandy"},"content":{"rendered":"<div class=\"msswb-link-box-grid-frontend-app-v2\" data-url-encoded-attrs=\"%7B%22maxCols%22%3A4%2C%22showTitle%22%3Atrue%2C%22titleColor%22%3A%22%23ffffff%22%2C%22useColorBackground%22%3Atrue%2C%22bgColor%22%3A%22%231c3254%22%2C%22overlayColor%22%3A%7B%22r%22%3A69%2C%22g%22%3A126%2C%22b%22%3A191%2C%22a%22%3A0.1%7D%2C%22linkBoxes%22%3A%5B%7B%22link_type%22%3A%22post%22%2C%22blog_id%22%3A%226%22%2C%22ID%22%3A468%2C%22link%22%3A%22https%3A%2F%2Fbandyforbundet.no%2Fidrett-for-alle%3Fp%3D468%22%2C%22image%22%3A%7B%22image_id%22%3A159%2C%22blog_id%22%3A6%2C%22term_id%22%3A14%7D%2C%22featuredImage%22%3A%7B%22image_id%22%3A159%2C%22blog_id%22%3A6%2C%22term_id%22%3A14%7D%2C%22showTitle%22%3Atrue%2C%22showAltTitle%22%3Atrue%2C%22altTitle%22%3A%22Klubber%20med%20Super%20-%20innebandy%22%7D%2C%7B%22link_type%22%3A%22page%22%2C%22blog_id%22%3A6%2C%22ID%22%3A339%2C%22link%22%3A%22http%3A%2F%2Fbandyforbundet.no%2Fidrett-for-alle%2F%3Fpage_id%3D339%22%2C%22image%22%3Afalse%2C%22featuredImage%22%3Afalse%2C%22from_shared%22%3Atrue%2C%22showAltTitle%22%3Afalse%2C%22altTitle%22%3A%22%22%7D%2C%7B%22link_type%22%3A%22page%22%2C%22blog_id%22%3A6%2C%22ID%22%3A929%2C%22link%22%3A%22https%3A%2F%2Fbandyforbundet.no%2Fidrett-for-alle%2F%3Fpage_id%3D929%22%2C%22image%22%3Afalse%2C%22featuredImage%22%3Afalse%2C%22from_shared%22%3Atrue%2C%22showAltTitle%22%3Atrue%2C%22altTitle%22%3A%22Turneringer%22%7D%2C%7B%22link_type%22%3A%22page%22%2C%22blog_id%22%3A6%2C%22ID%22%3A937%2C%22link%22%3A%22https%3A%2F%2Fbandyforbundet.no%2Fidrett-for-alle%2F%3Fpage_id%3D937%22%2C%22image%22%3Afalse%2C%22featuredImage%22%3Afalse%2C%22from_shared%22%3Atrue%2C%22showAltTitle%22%3Atrue%2C%22altTitle%22%3A%22Kompetanse%22%7D%5D%7D\" ><\/div>\n\n\n<div style=\"height:50px\" aria-hidden=\"true\" class=\"wp-block-spacer\"><\/div>\n\n\n\n<div class=\"wp-block-msswb-panel msswb-panel-container\"><div class=\"mwwsb-panel-header\"><div class=\"mwwsb-panel-title\">Kort om Super-innebandy<\/div><div class=\"mwwsb-panel-icon\"><span class=\"dashicon dashicons dashicons-arrow-down-alt2\"><\/span><\/div><\/div><div class=\"msswb-panel-content\">\n<p>Super-innebandy er tilrettelagt for mennesker med spesielle behov<\/p>\n\n\n\n<p>Super-innebandy, er \u00abvanlig\u00bb innebandy for de som kan l\u00f8pe eller g\u00e5, men for mennesker som trenger litt ekstra tilrettelegging. Det kan v\u00e6re mennesker som har en nedsatt kognitiv eller fysisk funksjons men som fremdeles kan oppleve mestringsglede med k\u00f8lle og ball. Majoriteten av spillerne har en form for utviklingshemming. Super-innebandy er lavterskel og krever ingen fysiske tekniske eller taktiske ferdigheter for at spillet skal fungere og man opplever mestring. Innebandy egner seg sv\u00e6rt bra for utviklingshemmede. Super-innebandy er den tredje st\u00f8rste lagidretten for \u00abutviklingshemmede\u00bb<\/p>\n\n\n\n<p>I 2017 deltok Norge for f\u00f8rste gang med et innebandylag i Special Olympics World Winter Games (SOWWG). Vi fikk enorm publisitet for laget, og synliggjorde innebandy som en aktivitet for alle. Det var en fantastisk opplevelse \u00e5 f\u00f8lge laget. De gjorde en ubeskrivelig innsats under lekene og endte opp med \u00e5 ta gullmedalje. Siden deltakelsen i SOWWG 2017 har vi rekruttert n\u00e6rmere 300 spillere. Super-lag har f\u00e5tt en naturlig plass p\u00e5 \u00abordin\u00e6re\u00bb innebandyturneringer, med en egen klasse.&nbsp;<\/p>\n\n\n\n<p>NBF har \u00f8remerkede midler til \u00e5 utvikle Super-innebandy. Kretser og klubber kan s\u00f8ke om midler fra NBF sentralt. Klubber\/kretser kan f\u00e5 st\u00f8tte til startpakker best\u00e5ende av utstyr, fri midler og Trener1 kurs.<\/p>\n\n\n\n<p>Kontakt:<br>Ann Katrin Eriksson \/ 928 44 111 \/ annkatrin.eriksson@bandyforbundet.no<\/p>\n<\/div><\/div>\n\n\n\n<figure class=\"wp-block-embed is-type-video is-provider-youtube wp-block-embed-youtube wp-embed-aspect-16-9 wp-has-aspect-ratio\"><div class=\"wp-block-embed__wrapper\">\n<iframe loading=\"lazy\" title=\"Norgesleker 2024\" width=\"580\" height=\"326\" src=\"https:\/\/www.youtube.com\/embed\/5hUugQ78Drc?feature=oembed\" frameborder=\"0\" allow=\"accelerometer; autoplay; clipboard-write; encrypted-media; gyroscope; picture-in-picture; web-share\" referrerpolicy=\"strict-origin-when-cross-origin\" allowfullscreen><\/iframe>\n<\/div><\/figure>\n\n\n<div class=\"msswb-display-posts-frontend-app-v2\" data-url-encoded-attrs=\"%7B%22mode%22%3A%22grid%22%2C%22carouselHeight%22%3A500%2C%22carouselMax%22%3A10%2C%22startAnimation%22%3A%22start%22%2C%22design%22%3A%22msswbcard%22%2C%22hideExcerpt%22%3Afalse%2C%22filterDate%22%3A%22from2yearago%22%2C%22dateObj%22%3A%7B%22fromDate%22%3A%222%20year%20ago%22%2C%22toDate%22%3A%22%22%7D%2C%22scrollDirection%22%3A%22vertical%22%2C%22displayPostsFromCategories%22%3A%5B%7B%22blog_id%22%3A6%2C%22included%22%3A%5B6%5D%2C%22excluded%22%3A%5B%5D%2C%22filterDate%22%3A%22from1yearago%22%2C%22dateObj%22%3A%7B%22fromDate%22%3A%221%20year%20ago%22%2C%22toDate%22%3A%22%22%7D%7D%5D%2C%22displayPostsFromSharedCategories%22%3A%5B%5D%2C%22maxCols%22%3A3%7D\" ><\/div>\n\n\n<div class=\"wp-block-msswb-spacer msswb-spacer-container\" style=\"height:50px\"><div class=\"line\" style=\"height:25px\"><\/div><div class=\"line-center-divider\"><\/div><\/div>\n\n\n<div class=\"msswb-link-box-grid-frontend-app-v2\" data-url-encoded-attrs=\"%7B%22maxCols%22%3A3%2C%22showTitle%22%3Atrue%2C%22titleColor%22%3A%22%23ffffff%22%2C%22useColorBackground%22%3Afalse%2C%22bgColor%22%3A%22%23d45c5c%22%2C%22overlayColor%22%3A%7B%22r%22%3A69%2C%22g%22%3A126%2C%22b%22%3A191%2C%22a%22%3A0.1%7D%2C%22linkBoxes%22%3A%5B%5D%7D\" ><\/div>","protected":false},"excerpt":{"rendered":"","protected":false},"author":16,"featured_media":0,"parent":335,"menu_order":0,"comment_status":"closed","ping_status":"closed","template":"templates\/template-cover.php","meta":{"cover_meta":"{\"showBackgroundImage\":true,\"bgImage\":{\"image_id\":174,\"blog_id\":6,\"term_id\":14,\"selected_size\":\"full\"},\"showOverlay\":true,\"overlayColor\":\"#007cba\",\"overlayOpacity\":0.2,\"showIntro\":true,\"introColor\":\"white\",\"intro\":\"Tilrettelagt for mennesker med spesielle behov\",\"title\":\"SUPER-INNEBANDY\",\"titleColor\":\"white\",\"showOutro\":false,\"outroColor\":\"white\",\"outro\":\"\"}","footnotes":""},"class_list":["post-338","page","type-page","status-publish","hentry"],"_links":{"self":[{"href":"https:\/\/bandyforbundet.no\/idrett-for-alle\/index.php?rest_route=\/wp\/v2\/pages\/338","targetHints":{"allow":["GET"]}}],"collection":[{"href":"https:\/\/bandyforbundet.no\/idrett-for-alle\/index.php?rest_route=\/wp\/v2\/pages"}],"about":[{"href":"https:\/\/bandyforbundet.no\/idrett-for-alle\/index.php?rest_route=\/wp\/v2\/types\/page"}],"author":[{"embeddable":true,"href":"https:\/\/bandyforbundet.no\/idrett-for-alle\/index.php?rest_route=\/wp\/v2\/users\/16"}],"replies":[{"embeddable":true,"href":"https:\/\/bandyforbundet.no\/idrett-for-alle\/index.php?rest_route=%2Fwp%2Fv2%2Fcomments&post=338"}],"version-history":[{"count":25,"href":"https:\/\/bandyforbundet.no\/idrett-for-alle\/index.php?rest_route=\/wp\/v2\/pages\/338\/revisions"}],"predecessor-version":[{"id":3159,"href":"https:\/\/bandyforbundet.no\/idrett-for-alle\/index.php?rest_route=\/wp\/v2\/pages\/338\/revisions\/3159"}],"up":[{"embeddable":true,"href":"https:\/\/bandyforbundet.no\/idrett-for-alle\/index.php?rest_route=\/wp\/v2\/pages\/335"}],"wp:attachment":[{"href":"https:\/\/bandyforbundet.no\/idrett-for-alle\/index.php?rest_route=%2Fwp%2Fv2%2Fmedia&parent=338"}],"curies":[{"name":"wp","href":"https:\/\/api.w.org\/{rel}","templated":true}]}}