{"id":16374,"date":"2024-04-03T15:29:10","date_gmt":"2024-04-03T15:29:10","guid":{"rendered":"https:\/\/bandyforbundet.no\/innebandy\/?page_id=16374"},"modified":"2025-04-08T21:40:59","modified_gmt":"2025-04-08T21:40:59","slug":"spiller-og-trenerutviklingscamp","status":"publish","type":"page","link":"https:\/\/bandyforbundet.no\/innebandy\/?page_id=16374","title":{"rendered":"Spiller- og trenerutviklingscamp &#8211; STU24"},"content":{"rendered":"<div class=\"msswb-image-frontend-app\"data-href-target=\"false\" data-href=\"%22%22\" data-use-link=\"false\" data-screen-width=\"false\" data-alignment=\"%22full%22\" data-url=\"%22%5C%2Fwp-content%5C%2Fuploads%5C%2Fsites%5C%2F2%5C%2F2024%5C%2F04%5C%2FCOMIC-2000-x-700-px.png%22\" data-is-background-image=\"false\" data-border-radius=\"0\" data-image-width=\"2000\" data-image-height=\"700\" data-selected-image=\"%7B%22image_id%22%3A4298%2C%22blog_id%22%3A2%2C%22term_id%22%3A122%2C%22selected_size%22%3A%22full%22%7D\" data-image-aspect-ratio=\"0.35\" data-alt-text=\"%22%22\" data-caption=\"%22%22\" data-width=\"400\" data-height=\"140\" data-focal-point=\"\" data-show-light-box=\"false\" >\n<div class=\"msswb-image-block msswbfull\"><div class=\"msswb-image \"><div class=\"image-container fullwidth\" style=\"width:100%;height:100%\"><img decoding=\"async\" style=\"width:100%\" src=\"\/wp-content\/uploads\/sites\/2\/2024\/04\/COMIC-2000-x-700-px.png\" \/><\/div><\/div><div class=\"msswb-image-caption-container\"><div class=\"msswb-image-caption\"><\/div><\/div><\/div>\n<\/div>\n\n\n<p class=\"has-large-font-size\"><strong>Spiller- og trenerutviklingscamp 2024<\/strong><\/p>\n\n\n\n<p>Norges Bandyforbund lanserer i 2024 et nytt utviklingstiltak for spillere og trenere, Spiller- og trenerutviklingscamp, <strong>STU24<\/strong>. Tiltaket er rettet prim\u00e6rt mot spillere og trenere p\u00e5 \u00f8vet niv\u00e5, men ogs\u00e5 mulighet for mindre \u00f8vet. Deltakerne velger selv niv\u00e5 ved p\u00e5melding, men det kan endres underveis i samlingen.<\/p>\n\n\n\n<p><strong>STU24 <\/strong>gjennomf\u00f8rer f\u00f8rste fysiske samling i Skien Fritidspark 23.-26.mai og gjelder prim\u00e6rt gutter og jenter f\u00f8dt i 2007, 2008 og 2009, men det er \u00e5pent for n\u00e6rliggende \u00e5rskull ved plass (ta kontakt med ansvarlige).<\/p>\n\n\n\n<p>F\u00f8r samling i Skien vil deltakerne bli kontaktet for enkle korte forberedelser til samling og etter samling vil deltakerne f\u00f8lges opp i sin treningshverdag. <\/p>\n\n\n\n<p>Forslag dagsplan:<\/p>\n\n\n\n<ul class=\"wp-block-list\">\n<li>to-tre \u00f8kter med trening\/kamp (fysisk, teknisk\/taktisk)<\/li>\n\n\n\n<li>fire m\u00e5ltider (frokost, lunch, middag og kveldsmat)<\/li>\n\n\n\n<li>sosiale aktiviteter (videoanalyse, utviklingssamtaler, leker og samarbeids\u00f8velser osv).<br><\/li>\n<\/ul>\n\n\n\n<p>Eksempel p\u00e5 utviklingssamtale fra STU24:<\/p>\n\n\n\n<figure class=\"wp-block-embed is-type-video is-provider-vimeo wp-block-embed-vimeo wp-embed-aspect-16-9 wp-has-aspect-ratio\"><div class=\"wp-block-embed__wrapper\">\n<iframe loading=\"lazy\" title=\"STU24_Utviklingssamtale_Erik\" src=\"https:\/\/player.vimeo.com\/video\/1026804521?dnt=1&amp;app_id=122963\" width=\"580\" height=\"326\" frameborder=\"0\" allow=\"autoplay; fullscreen; picture-in-picture; clipboard-write; encrypted-media; web-share\" referrerpolicy=\"strict-origin-when-cross-origin\"><\/iframe>\n<\/div><\/figure>\n\n\n\n<p>Gjennom STU24 videofilmet vi mye som dokumentasjon p\u00e5 samlingen. Her kommer eksempel p\u00e5 tre kamper som ble videofilmet hvor b\u00e5de spillere og trenere var i fokus. <\/p>\n\n\n\n<ul class=\"wp-block-list\">\n<li><strong><em>Kamp 1 (Trener p\u00e5 hvert sitt lag &#8211; Magnus Skulstad og Tomas Andersson) Lenker: <a href=\"https:\/\/vimeo.com\/1026808183\" target=\"_blank\" rel=\"noreferrer noopener\">Periode 1<\/a> &#8211; <a href=\"https:\/\/vimeo.com\/1026808502\" target=\"_blank\" rel=\"noreferrer noopener\">Periode 2<\/a> &#8211; Pauseprat (<a href=\"https:\/\/vimeo.com\/1026807593\" target=\"_blank\" rel=\"noreferrer noopener\">Tomas<\/a>)<\/em><\/strong><\/li>\n<\/ul>\n\n\n\n<ul class=\"wp-block-list\">\n<li><strong><em>Kamp 2 (Trener p\u00e5 hvert sitt lag &#8211; Nikolai Omdahl og Magnus Skulstad) Lenker: <a href=\"https:\/\/vimeo.com\/1026808617\" target=\"_blank\" rel=\"noreferrer noopener\">Periode 1<\/a> &#8211; <a href=\"https:\/\/vimeo.com\/1026808841\" target=\"_blank\" rel=\"noreferrer noopener\">Periode 2<\/a><\/em><\/strong><\/li>\n<\/ul>\n\n\n\n<ul class=\"wp-block-list\">\n<li><strong><em>Kamp 3 (Trener p\u00e5 hvert sitt lag &#8211; Tomas Andersson og Nikolai Omdahl) Lenker: <a href=\"https:\/\/vimeo.com\/1026808965\" target=\"_blank\" rel=\"noreferrer noopener\">Periode 1<\/a> &#8211; <a href=\"https:\/\/vimeo.com\/1026809050\" target=\"_blank\" rel=\"noreferrer noopener\">Periode 2<\/a> &#8211; Pauseprat (<a rel=\"noreferrer noopener\" href=\"https:\/\/vimeo.com\/1026804135\/ca1858df4f\" target=\"_blank\">Nikolai<\/a>)<\/em><\/strong><br><\/li>\n<\/ul>\n\n\n\n<p>Som en oppf\u00f8lging har hver spiller f\u00e5tt oppgave \u00e5 &laquo;grave etter gull&raquo; p\u00e5 seg selv. M\u00e5let er \u00e5 utvikle <strong>innebandyferdigheten<\/strong> hos hver enkelt spiller:<\/p>\n\n\n\n<p><em><strong>\u00abHensiktsmessige handlingsvalg og handlinger for \u00e5 skape og utnytte spillsituasjoner til fordel for eget lag\u00bb.<\/strong><\/em> <\/p>\n\n\n\n<p>Spillet handler om score m\u00e5l eller hindre m\u00e5l. N\u00e5r laget er i angrep og har ballen i laget handler dette om \u00e5 skyte, hvis det er smart, sentre til medspiller i best posisjon og holde ballen, hvis vi ikke f\u00e5r til en av de andre to. N\u00e5r laget er i forsvar, ikke har ballen, handler dette om \u00e5 ta ballen, hvis mulig, eller s\u00f8rge for at en annen i v\u00e5rt lag tar ballen. <br><br>Her kommer to eksempel p\u00e5 sekvenser som spillere\/ledere har plukket ut.<\/p>\n\n\n\n<p>Eksempel 1 &#8211; Loke<\/p>\n\n\n\n<figure class=\"wp-block-embed is-type-video is-provider-vimeo wp-block-embed-vimeo wp-embed-aspect-16-9 wp-has-aspect-ratio\"><div class=\"wp-block-embed__wrapper\">\n<iframe loading=\"lazy\" title=\"STU24_Grave_Etter_Gull_Loke\" src=\"https:\/\/player.vimeo.com\/video\/1026810298?dnt=1&amp;app_id=122963\" width=\"580\" height=\"326\" frameborder=\"0\" allow=\"autoplay; fullscreen; picture-in-picture; clipboard-write; encrypted-media; web-share\" referrerpolicy=\"strict-origin-when-cross-origin\"><\/iframe>\n<\/div><\/figure>\n\n\n\n<p> Eksempel 2 &#8211; Vetle<\/p>\n\n\n\n<figure class=\"wp-block-embed is-type-video is-provider-vimeo wp-block-embed-vimeo wp-embed-aspect-16-9 wp-has-aspect-ratio\"><div class=\"wp-block-embed__wrapper\">\n<iframe loading=\"lazy\" title=\"STU24_Grave_Etter_Gull_Vetle\" src=\"https:\/\/player.vimeo.com\/video\/1026810815?dnt=1&amp;app_id=122963\" width=\"580\" height=\"326\" frameborder=\"0\" allow=\"autoplay; fullscreen; picture-in-picture; clipboard-write; encrypted-media; web-share\" referrerpolicy=\"strict-origin-when-cross-origin\"><\/iframe>\n<\/div><\/figure>\n\n\n\n<p><strong>Foredrag tilknyttet STU24<\/strong><\/p>\n\n\n\n<p>NBF \u00f8nsker ogs\u00e5 \u00e5 bruke tid p\u00e5 \u00e5 prate om \u00abrespekt for spillet\u00bb. Vi planlegger et lite \u00abforedrag\u00bb hvor det prates om v\u00e6rem\u00e5te i og rundt kamp. Her vier vi tid til adferd i og rundt kamp, knyttet til regler, dommere, motstander, medspillere og ikke minst oss selv.<\/p>\n\n\n\n<p>NBF \u00f8nsker i tillegg \u00e5 f\u00e5 til et foredrag for foreldre med Johan Fallby\/Marcus Nilsson som handler om hvordan man kan st\u00f8tte og veilede barna i deres idrettshverdag.&nbsp;<\/p>\n\n\n\n<p><strong>Pris per deltaker: 4000 kr<\/strong><br>Prisen inkluderer Kost og losji knyttet til Hotell Fritidsparken, treningst\u00f8y, inspirasjon, oppf\u00f8lging.<\/p>\n\n\n\n<p><strong>Linker til <a rel=\"noreferrer noopener\" href=\"https:\/\/app.checkin.no\/event\/68137\/trener-og-spillerutviklingssamling-2024-tsu24\" target=\"_blank\">p\u00e5melding<\/a><\/strong><br><br>Siden oppdateres fortl\u00f8pende med ny informasjon.<\/p>\n\n\n\n<p><strong>Kontaktinformasjon<\/strong>:<\/p>\n\n\n\n<p>Nikolai Omdahl: e-post: nikolai.omdahl@bandyforbundet.no <\/p>\n\n\n\n<p>Marcus Nilsson: e-post: marcus.nilsson@bandyforbundet.no \/ sms 93009040<\/p>\n\n\n<div class=\"msswb-display-posts-frontend-app-v2\" data-url-encoded-attrs=\"%7B%22mode%22%3A%22grid%22%2C%22carouselHeight%22%3A500%2C%22carouselMax%22%3A10%2C%22startAnimation%22%3A%22start%22%2C%22design%22%3A%22msswbcard%22%2C%22hideExcerpt%22%3Afalse%2C%22filterDate%22%3A%22from1yearago%22%2C%22dateObj%22%3A%7B%7D%2C%22scrollDirection%22%3A%22vertical%22%2C%22displayPostsFromCategories%22%3A%5B%7B%22blog_id%22%3A3%2C%22included%22%3A%5B271%5D%2C%22excluded%22%3A%5B%5D%7D%5D%2C%22displayPostsFromSharedCategories%22%3A%5B%5D%2C%22maxCols%22%3A3%7D\" ><\/div>","protected":false},"excerpt":{"rendered":"<p>Spiller- og trenerutviklingscamp 2024 Norges Bandyforbund lanserer i 2024 et nytt utviklingstiltak for spillere og trenere, Spiller- og trenerutviklingscamp, STU24. Tiltaket er rettet prim\u00e6rt mot spillere og trenere p\u00e5 \u00f8vet niv\u00e5, men ogs\u00e5 mulighet for mindre \u00f8vet. Deltakerne velger selv niv\u00e5 ved p\u00e5melding, men det kan endres underveis i samlingen. STU24 gjennomf\u00f8rer f\u00f8rste fysiske samling [&hellip;]<\/p>\n","protected":false},"author":66,"featured_media":0,"parent":0,"menu_order":0,"comment_status":"closed","ping_status":"closed","template":"","meta":{"cover_meta":"","footnotes":""},"class_list":["post-16374","page","type-page","status-publish","hentry"],"_links":{"self":[{"href":"https:\/\/bandyforbundet.no\/innebandy\/index.php?rest_route=\/wp\/v2\/pages\/16374","targetHints":{"allow":["GET"]}}],"collection":[{"href":"https:\/\/bandyforbundet.no\/innebandy\/index.php?rest_route=\/wp\/v2\/pages"}],"about":[{"href":"https:\/\/bandyforbundet.no\/innebandy\/index.php?rest_route=\/wp\/v2\/types\/page"}],"author":[{"embeddable":true,"href":"https:\/\/bandyforbundet.no\/innebandy\/index.php?rest_route=\/wp\/v2\/users\/66"}],"replies":[{"embeddable":true,"href":"https:\/\/bandyforbundet.no\/innebandy\/index.php?rest_route=%2Fwp%2Fv2%2Fcomments&post=16374"}],"version-history":[{"count":11,"href":"https:\/\/bandyforbundet.no\/innebandy\/index.php?rest_route=\/wp\/v2\/pages\/16374\/revisions"}],"predecessor-version":[{"id":20083,"href":"https:\/\/bandyforbundet.no\/innebandy\/index.php?rest_route=\/wp\/v2\/pages\/16374\/revisions\/20083"}],"wp:attachment":[{"href":"https:\/\/bandyforbundet.no\/innebandy\/index.php?rest_route=%2Fwp%2Fv2%2Fmedia&parent=16374"}],"curies":[{"name":"wp","href":"https:\/\/api.w.org\/{rel}","templated":true}]}}