{"id":18681,"date":"2024-11-05T11:44:03","date_gmt":"2024-11-05T11:44:03","guid":{"rendered":"https:\/\/bandyforbundet.no\/innebandy\/?page_id=18681"},"modified":"2025-01-10T16:58:56","modified_gmt":"2025-01-10T16:58:56","slug":"spiller-og-trenerutviklingscamp-stu25","status":"publish","type":"page","link":"https:\/\/bandyforbundet.no\/innebandy\/?page_id=18681","title":{"rendered":"Spiller- og trenerutviklingscamp &#8211; STU25"},"content":{"rendered":"<div class=\"msswb-image-frontend-app\"data-href-target=\"false\" data-href=\"%22%22\" data-use-link=\"false\" data-screen-width=\"false\" data-alignment=\"%22full%22\" data-url=\"%22%5C%2Fwp-content%5C%2Fuploads%5C%2Fsites%5C%2F3%5C%2F2024%5C%2F12%5C%2FCOMIC-2000-x-700-px-1.png%22\" data-is-background-image=\"false\" data-border-radius=\"0\" data-image-width=\"3000\" data-image-height=\"1050\" data-selected-image=\"%7B%22image_id%22%3A18894%2C%22blog_id%22%3A3%2C%22term_id%22%3A176%2C%22selected_size%22%3A%22full%22%7D\" data-image-aspect-ratio=\"0.35\" data-alt-text=\"%22%22\" data-caption=\"%22%22\" data-width=\"400\" data-height=\"140\" data-focal-point=\"\" data-show-light-box=\"false\" >\n<div class=\"msswb-image-block msswbfull\"><div class=\"msswb-image \"><div class=\"image-container fullwidth\" style=\"width:100%;height:100%\"><img decoding=\"async\" style=\"width:100%\" src=\"\/wp-content\/uploads\/sites\/3\/2024\/12\/COMIC-2000-x-700-px-1.png\" \/><\/div><\/div><div class=\"msswb-image-caption-container\"><div class=\"msswb-image-caption\"><\/div><\/div><\/div>\n<\/div>\n\n\n<p class=\"has-large-font-size\"><strong>Spiller- og trenerutviklingscamp 2025<\/strong><\/p>\n\n\n\n<p>Norges Bandyforbund lanserte i 2024 et nytt utviklingstiltak for spillere og trenere, Spiller- og trenerutviklingscamp STU24. Tiltaket g\u00e5r n\u00e5 inn i pr\u00f8ve\u00e5r to og allerede f\u00f8r offisiell \u00e5pning har halvparten av deltakerne p\u00e5 STU24 meldt seg p\u00e5 <strong>STU25<\/strong>. Tiltaket er rettet prim\u00e6rt mot spillere og trenere p\u00e5 \u00f8vet niv\u00e5, men ogs\u00e5 mulighet for mindre \u00f8vet. Deltakerne velger selv niv\u00e5 ved p\u00e5melding, men det kan endres underveis i samlingen.<\/p>\n\n\n\n<p><strong>STU25 <\/strong>gjennomf\u00f8rer andre fysiske samling i Skien Fritidspark 8.-11.mai 2025 og gjelder prim\u00e6rt gutter og jenter f\u00f8dt i 2007, 2008, 2009 og 2010 men det er \u00e5pent for n\u00e6rliggende \u00e5rskull ved plass (ta kontakt med ansvarlige).<\/p>\n\n\n\n<p>F\u00f8r samling i Skien vil deltakerne bli kontaktet for enkle korte forberedelser til samling og etter samling vil deltakerne f\u00f8lges opp i sin treningshverdag. <\/p>\n\n\n\n<p>Forslag dagsplan:<\/p>\n\n\n\n<ul class=\"wp-block-list\">\n<li>en-tre trenings\u00f8kter og kamp\u00f8kt(er) daglig (teknisk\/taktisk (spilleforst\u00e5else\/innebandyferdighet), atletisk, sosialt og mentalt)<\/li>\n\n\n\n<li>fire m\u00e5ltider (frokost, lunch, middag og kveldsmat)<\/li>\n\n\n\n<li>sosiale aktiviteter (videoanalyse, utviklingssamtaler, sv\u00f8mming, padel og samarbeids\u00f8velser osv).<br><\/li>\n<\/ul>\n\n\n\n<figure class=\"wp-block-embed is-type-video is-provider-vimeo wp-block-embed-vimeo wp-embed-aspect-16-9 wp-has-aspect-ratio\"><div class=\"wp-block-embed__wrapper\">\n<iframe loading=\"lazy\" title=\"STU25_Promo_m_tekst\" src=\"https:\/\/player.vimeo.com\/video\/1027717699?dnt=1&amp;app_id=122963\" width=\"580\" height=\"326\" frameborder=\"0\" allow=\"autoplay; fullscreen; picture-in-picture; clipboard-write; encrypted-media; web-share\" referrerpolicy=\"strict-origin-when-cross-origin\"><\/iframe>\n<\/div><\/figure>\n\n\n\n<p><strong>Foredrag tilknyttet STU25<\/strong><\/p>\n\n\n\n<p>NBF \u00f8nsker ogs\u00e5 \u00e5 bruke tid p\u00e5 \u00e5 prate om \u00abrespekt for spillet\u00bb. Vi planlegger et lite \u00abforedrag\u00bb hvor det prates om v\u00e6rem\u00e5te i kamp. Her vier vi tid til adferd i og rundt kamp, knyttet til regler, dommere, motstander, medspillere og ikke minst oss selv.<\/p>\n\n\n\n<p>NBF \u00f8nsker i tillegg \u00e5 f\u00e5 til et foredrag for foreldre med Marcus Nilsson som handler om hvordan man kan st\u00f8tte og veilede ungdommene i deres idrettshverdag.&nbsp;<\/p>\n\n\n\n<p><strong>Pris per deltaker: 5500 kr<\/strong><br>Prisen inkluderer Kost og losji knyttet til Hotell Fritidsparken, treningst\u00f8y til utl\u00e5n, inspirasjon og oppf\u00f8lging.<\/p>\n\n\n\n<p><strong>Linker til <a href=\"https:\/\/event.checkin.no\/74551\/spiller-og-trenerutviklingssamling-2025-stu25\" data-type=\"URL\" data-id=\"https:\/\/event.checkin.no\/74551\/spiller-og-trenerutviklingssamling-2025-stu25\" target=\"_blank\" rel=\"noreferrer noopener\">p\u00e5melding<\/a><\/strong><br><br>Siden oppdateres fortl\u00f8pende med ny informasjon.<\/p>\n\n\n\n<p><strong>Kontaktinformasjon<\/strong> <strong>STU25<\/strong> :<\/p>\n\n\n\n<p>Marcus Nilsson: e-post: marcus.nilsson@bandyforbundet.no \/ sms 93009040 (Hovedansvarlig og forbundets kontaktperson)<br>Birgitte Lersbryggen: (Sportslig ansvarlig)<br>Johnny Wallenius: (Atletisk og m\u00e5lvaktsansvarlig)<br>Klaus R\u00f8dahl: (Administrativ ressurs og bilde- og videoansvarlig)<\/p>\n\n\n<div class=\"msswb-display-posts-frontend-app-v2\" data-url-encoded-attrs=\"%7B%22mode%22%3A%22grid%22%2C%22carouselHeight%22%3A500%2C%22carouselMax%22%3A10%2C%22startAnimation%22%3A%22start%22%2C%22design%22%3A%22msswbcard%22%2C%22hideExcerpt%22%3Afalse%2C%22filterDate%22%3A%22custom%22%2C%22dateObj%22%3A%7B%22fromDate%22%3A%222024-11-01%22%2C%22toDate%22%3A%222024-11-15%22%7D%2C%22scrollDirection%22%3A%22vertical%22%2C%22displayPostsFromCategories%22%3A%5B%7B%22blog_id%22%3A3%2C%22included%22%3A%5B266%5D%2C%22excluded%22%3A%5B%5D%7D%5D%2C%22displayPostsFromSharedCategories%22%3A%5B%5D%2C%22maxCols%22%3A3%7D\" ><\/div>","protected":false},"excerpt":{"rendered":"<p>Spiller- og trenerutviklingscamp 2025 Norges Bandyforbund lanserte i 2024 et nytt utviklingstiltak for spillere og trenere, Spiller- og trenerutviklingscamp STU24. Tiltaket g\u00e5r n\u00e5 inn i pr\u00f8ve\u00e5r to og allerede f\u00f8r offisiell \u00e5pning har halvparten av deltakerne p\u00e5 STU24 meldt seg p\u00e5 STU25. Tiltaket er rettet prim\u00e6rt mot spillere og trenere p\u00e5 \u00f8vet niv\u00e5, men ogs\u00e5 [&hellip;]<\/p>\n","protected":false},"author":30,"featured_media":0,"parent":0,"menu_order":0,"comment_status":"closed","ping_status":"closed","template":"","meta":{"cover_meta":"","footnotes":""},"class_list":["post-18681","page","type-page","status-publish","hentry"],"_links":{"self":[{"href":"https:\/\/bandyforbundet.no\/innebandy\/index.php?rest_route=\/wp\/v2\/pages\/18681","targetHints":{"allow":["GET"]}}],"collection":[{"href":"https:\/\/bandyforbundet.no\/innebandy\/index.php?rest_route=\/wp\/v2\/pages"}],"about":[{"href":"https:\/\/bandyforbundet.no\/innebandy\/index.php?rest_route=\/wp\/v2\/types\/page"}],"author":[{"embeddable":true,"href":"https:\/\/bandyforbundet.no\/innebandy\/index.php?rest_route=\/wp\/v2\/users\/30"}],"replies":[{"embeddable":true,"href":"https:\/\/bandyforbundet.no\/innebandy\/index.php?rest_route=%2Fwp%2Fv2%2Fcomments&post=18681"}],"version-history":[{"count":17,"href":"https:\/\/bandyforbundet.no\/innebandy\/index.php?rest_route=\/wp\/v2\/pages\/18681\/revisions"}],"predecessor-version":[{"id":19377,"href":"https:\/\/bandyforbundet.no\/innebandy\/index.php?rest_route=\/wp\/v2\/pages\/18681\/revisions\/19377"}],"wp:attachment":[{"href":"https:\/\/bandyforbundet.no\/innebandy\/index.php?rest_route=%2Fwp%2Fv2%2Fmedia&parent=18681"}],"curies":[{"name":"wp","href":"https:\/\/api.w.org\/{rel}","templated":true}]}}