{"id":3803,"date":"2016-05-02T12:02:23","date_gmt":"2016-05-02T10:02:23","guid":{"rendered":"http:\/\/bandyforbundet.no\/innebandy\/?page_id=3803"},"modified":"2021-10-21T13:51:46","modified_gmt":"2021-10-21T13:51:46","slug":"minirunder","status":"publish","type":"page","link":"https:\/\/bandyforbundet.no\/innebandy\/?page_id=3803","title":{"rendered":"Minirunder"},"content":{"rendered":"\n<h2 class=\"wp-block-heading\">Minirunder<\/h2>\n\n\n\n<p>Minirunder er innebandy i forenklet form spesielt tilpasset de yngste spillerne.<\/p>\n\n\n\n<p>Minirunder er for gutter og jenter fra det \u00e5ret de fyller 6 \u00e5r til det \u00e5ret de fyller 11 \u00e5r. For barn fra og med det \u00e5ret de fyller 6 \u00e5r til og med det \u00e5ret de fyller 8 \u00e5r kan man kun delta i lokale minirunder. Barn kan, fra og med det \u00e5ret de fyller 9 \u00e5r til og med det \u00e5ret de fyller 11 \u00e5r, delta i Minirunder i egen region.<\/p>\n\n\n\n<p>Minirunder spilles p\u00e5 baner som er 20x10m, og det spilles med fire utespillere og m\u00e5lvakt p\u00e5 hvert av lagene om gangen.<\/p>\n\n\n\n<p>Mer om Minirunder finner du ved \u00e5 klikke deg inn p\u00e5 brosjyren nedenfor.<\/p>\n\n\n\n<div class=\"msswb-file\"><a href=\"https:\/\/bandyforbundet.no\/innebandy\/wp-content\/uploads\/2016\/05\/nbf_minirunde_brosjyre2017_Aweb-2.pdf\" class=\"file-button\" download><span class=\"dashicon dashicons dashicons-download\"><\/span><\/a><a class=\"file-link\" href=\"https:\/\/bandyforbundet.no\/innebandy\/wp-content\/uploads\/2016\/05\/nbf_minirunde_brosjyre2017_Aweb-2.pdf\">Brosjyre minirunde (pdf)<\/a><\/div>\n\n\n\n<div class=\"wp-block-msswb-spacer msswb-spacer-container show-line\" style=\"height:13px\"><div class=\"line\" style=\"height:6px\"><\/div><div class=\"line-center-divider\"><\/div><\/div>\n\n\n\n<h6 class=\"wp-block-heading\">Les mer om minirunder i de ulike regionene:<\/h6>\n\n\n\n<p><a href=\"https:\/\/bandyforbundet.no\/hordaland-bandykrets\/?page_id=294\">Hordaland Bandykrets<\/a><br><a href=\"https:\/\/bandyforbundet.no\/innlandet-bandyregion\/\">Innlandet Bandyregion<\/a><br><a href=\"https:\/\/bandyforbundet.no\/midt-norge-bandyregion\/?page_id=886\">Midt-Norge Bandyregion<\/a><br><a href=\"https:\/\/bandyforbundet.no\/nord-norge-bandyregion\/?page_id=238\">Nord-Norge Bandyregion<\/a><br><a href=\"https:\/\/bandyforbundet.no\/sogn-og-fjordane-bandykrins\/\">Sogn og Fjordane Bandykrins<\/a><br><a href=\"https:\/\/bandyforbundet.no\/oslo-og-akershus\/?page_id=618\">Oslo og Akershus Bandyregion<\/a><br><a href=\"https:\/\/bandyforbundet.no\/sorvest-bandyregion\/?page_id=1454\">S\u00f8rvest Bandyregion<\/a><br><a href=\"https:\/\/bandyforbundet.no\/sorost-bandyregion\/?page_id=1016\">S\u00f8r\u00f8st Bandyregion<\/a><\/p>\n","protected":false},"excerpt":{"rendered":"<p>Minirunder Minirunder er innebandy i forenklet form spesielt tilpasset de yngste spillerne. Minirunder er for gutter og jenter fra det \u00e5ret de fyller 6 \u00e5r til det \u00e5ret de fyller 11 \u00e5r. For barn fra og med det \u00e5ret de fyller 6 \u00e5r til og med det \u00e5ret de fyller 8 \u00e5r kan man kun [&hellip;]<\/p>\n","protected":false},"author":16,"featured_media":0,"parent":3795,"menu_order":0,"comment_status":"closed","ping_status":"closed","template":"templates\/template-cover.php","meta":{"cover_meta":"{\"showBackgroundImage\":true,\"bgImage\":{\"image_id\":8852,\"blog_id\":3,\"term_id\":195,\"selected_size\":\"full\"},\"showOverlay\":true,\"overlayColor\":\"#472b69\",\"overlayOpacity\":0.8,\"showIntro\":false,\"introColor\":\"white\",\"intro\":\"\",\"title\":\"Minirunder\",\"titleColor\":\"white\",\"showOutro\":true,\"outroColor\":\"white\",\"outro\":\"Innebandy\"}","footnotes":""},"class_list":["post-3803","page","type-page","status-publish","hentry"],"_links":{"self":[{"href":"https:\/\/bandyforbundet.no\/innebandy\/index.php?rest_route=\/wp\/v2\/pages\/3803","targetHints":{"allow":["GET"]}}],"collection":[{"href":"https:\/\/bandyforbundet.no\/innebandy\/index.php?rest_route=\/wp\/v2\/pages"}],"about":[{"href":"https:\/\/bandyforbundet.no\/innebandy\/index.php?rest_route=\/wp\/v2\/types\/page"}],"author":[{"embeddable":true,"href":"https:\/\/bandyforbundet.no\/innebandy\/index.php?rest_route=\/wp\/v2\/users\/16"}],"replies":[{"embeddable":true,"href":"https:\/\/bandyforbundet.no\/innebandy\/index.php?rest_route=%2Fwp%2Fv2%2Fcomments&post=3803"}],"version-history":[{"count":12,"href":"https:\/\/bandyforbundet.no\/innebandy\/index.php?rest_route=\/wp\/v2\/pages\/3803\/revisions"}],"predecessor-version":[{"id":8856,"href":"https:\/\/bandyforbundet.no\/innebandy\/index.php?rest_route=\/wp\/v2\/pages\/3803\/revisions\/8856"}],"up":[{"embeddable":true,"href":"https:\/\/bandyforbundet.no\/innebandy\/index.php?rest_route=\/wp\/v2\/pages\/3795"}],"wp:attachment":[{"href":"https:\/\/bandyforbundet.no\/innebandy\/index.php?rest_route=%2Fwp%2Fv2%2Fmedia&parent=3803"}],"curies":[{"name":"wp","href":"https:\/\/api.w.org\/{rel}","templated":true}]}}