{"id":400,"date":"2021-03-29T08:04:59","date_gmt":"2021-03-29T06:04:59","guid":{"rendered":"http:\/\/bandyforbundet.no\/innlandet-bandyregion\/?page_id=400"},"modified":"2022-08-24T06:33:08","modified_gmt":"2022-08-24T06:33:08","slug":"podcast","status":"publish","type":"page","link":"https:\/\/bandyforbundet.no\/innlandet-bandyregion\/?page_id=400","title":{"rendered":"Podcast"},"content":{"rendered":"<div class=\"msswb-image-frontend-app\"data-href-target=\"false\" data-href=\"%22%22\" data-use-link=\"false\" data-screen-width=\"false\" data-alignment=\"%22right%22\" data-url=\"%22https%3A%5C%2F%5C%2Fbandyforbundet.no%5C%2Finnlandet-bandyregion%5C%2Fwp-content%5C%2Fuploads%5C%2Fsites%5C%2F15%5C%2F2021%5C%2F01%5C%2FKretslaget-ny-e1622117925859-300x169.jpg%22\" data-is-background-image=\"false\" data-border-radius=\"0\" data-image-width=\"300\" data-image-height=\"169\" data-selected-image=\"%7B%22image_id%22%3A65%2C%22blog_id%22%3A%2215%22%2C%22term_id%22%3A-1%2C%22selected_size%22%3A%22full%22%7D\" data-image-aspect-ratio=\"0.56\" data-alt-text=\"%22Foto%20av%3A%20Magnus%20Skulstad%22\" data-caption=\"%22En%20podcast%20fra%20Innlandet%20Bandyregion%22\" data-width=\"400\" data-height=\"224\" data-focal-point=\"\" data-show-light-box=\"false\" >\n<div class=\"msswb-image-block msswbright\" style=\"width:400px\"><div class=\"msswb-image \"><div class=\"image-container\" style=\"width:400px;height:224px\"><img decoding=\"async\" style=\"width:400px;height:224px\" src=\"https:\/\/bandyforbundet.no\/innlandet-bandyregion\/wp-content\/uploads\/sites\/15\/2021\/01\/Kretslaget-ny-e1622117925859-300x169.jpg\" \/><\/div><\/div><div class=\"msswb-image-caption-container\"><div class=\"msswb-image-caption\">En podcast fra Innlandet Bandyregion<\/div><div class=\"msswb-image-attribution\">Foto av: Magnus Skulstad<\/div><\/div><\/div>\n<\/div>\n\n\n<h1 class=\"wp-block-heading\"><strong>\u201cKretslaget\u201d <em>&#8211; en podcast fra Innlandet Bandyregion<\/em><\/strong><\/h1>\n\n\n\n<p>En podcast hvor vi tar opp dagsaktuelle ting innenfor v\u00e5r aktivitet, Innlandsidretten og annen generell og viktig informasjon til v\u00e5re klubber og medlemmer.&nbsp;<\/p>\n\n\n\n<p>Vi kommer med ny episode s\u00e5 ofte vi kan. Podcasten ledes av Magnus Skulstad, som har med seg sitt faste panel; Styreleder Christian Andersen og daglig leder Ruben Kristiansen. I tillegg inviterer vi med oss aktuelle gjester i studio.\u00a0<\/p>\n\n\n\n<p>Podcasten finner du p\u00e5 <a href=\"https:\/\/open.spotify.com\/show\/7pBBAOi2gkP10x6SiJEjl5\">Spotify<\/a> og i <a href=\"https:\/\/podcasts.apple.com\/no\/podcast\/kretslaget-innlandet-bandyregion\/id1550670620?fbclid=IwAR38c_oCoXDjhO1pKv53s423M0ntvM2XjnSFSKjZMayHQBFDynuWeZpfwII\">Podkaster<\/a>-appen ved \u00e5 s\u00f8ke p\u00e5 \u201cKretslaget\u201d, du finner den ogs\u00e5 ved \u00e5 <a href=\"https:\/\/rss.com\/podcasts\/innlandetbandyregion\/\" target=\"_blank\" rel=\"noopener\">KLIKKE HER!<\/a>&nbsp;&nbsp;<\/p>\n\n\n\n<p><strong>Vi h\u00e5per du koser deg med v\u00e5r podcast. Har du innspill til tema eller forslag p\u00e5 gjester, ta kontakt! <\/strong><\/p>\n\n\n\n<div class=\"wp-block-columns\">\n<div class=\"wp-block-column\">\n<h3 class=\"has-text-align-center wp-block-heading\"><\/h3>\n\n\n<div class=\"msswb-display-posts-frontend-app-v2\" data-url-encoded-attrs=\"%7B%22mode%22%3A%22list%22%2C%22scrollDirection%22%3A%22vertical%22%2C%22displayPostsFromCategories%22%3A%5B%7B%22blog_id%22%3A15%2C%22included%22%3A%5B76%5D%2C%22excluded%22%3A%5B%5D%7D%5D%2C%22displayPostsFromSharedCategories%22%3A%5B%5D%2C%22maxCols%22%3A4%7D\" ><\/div><\/div>\n<\/div>\n","protected":false},"excerpt":{"rendered":"<p>\u201cKretslaget\u201d &#8211; en podcast fra Innlandet Bandyregion En podcast hvor vi tar opp dagsaktuelle ting innenfor v\u00e5r aktivitet, Innlandsidretten og annen generell og viktig informasjon til v\u00e5re klubber og medlemmer.&nbsp; Vi kommer med ny episode s\u00e5 ofte vi kan. Podcasten ledes av Magnus Skulstad, som har med seg sitt faste panel; Styreleder Christian Andersen og [&hellip;]<\/p>\n","protected":false},"author":39,"featured_media":0,"parent":399,"menu_order":0,"comment_status":"closed","ping_status":"closed","template":"","meta":{"cover_meta":"","footnotes":""},"class_list":["post-400","page","type-page","status-publish","hentry"],"_links":{"self":[{"href":"https:\/\/bandyforbundet.no\/innlandet-bandyregion\/index.php?rest_route=\/wp\/v2\/pages\/400","targetHints":{"allow":["GET"]}}],"collection":[{"href":"https:\/\/bandyforbundet.no\/innlandet-bandyregion\/index.php?rest_route=\/wp\/v2\/pages"}],"about":[{"href":"https:\/\/bandyforbundet.no\/innlandet-bandyregion\/index.php?rest_route=\/wp\/v2\/types\/page"}],"author":[{"embeddable":true,"href":"https:\/\/bandyforbundet.no\/innlandet-bandyregion\/index.php?rest_route=\/wp\/v2\/users\/39"}],"replies":[{"embeddable":true,"href":"https:\/\/bandyforbundet.no\/innlandet-bandyregion\/index.php?rest_route=%2Fwp%2Fv2%2Fcomments&post=400"}],"version-history":[{"count":4,"href":"https:\/\/bandyforbundet.no\/innlandet-bandyregion\/index.php?rest_route=\/wp\/v2\/pages\/400\/revisions"}],"predecessor-version":[{"id":2936,"href":"https:\/\/bandyforbundet.no\/innlandet-bandyregion\/index.php?rest_route=\/wp\/v2\/pages\/400\/revisions\/2936"}],"up":[{"embeddable":true,"href":"https:\/\/bandyforbundet.no\/innlandet-bandyregion\/index.php?rest_route=\/wp\/v2\/pages\/399"}],"wp:attachment":[{"href":"https:\/\/bandyforbundet.no\/innlandet-bandyregion\/index.php?rest_route=%2Fwp%2Fv2%2Fmedia&parent=400"}],"curies":[{"name":"wp","href":"https:\/\/api.w.org\/{rel}","templated":true}]}}