{"id":876,"date":"2017-11-28T11:16:37","date_gmt":"2017-11-28T10:16:37","guid":{"rendered":"http:\/\/bandyforbundet.no\/midt-norge-bandyregion\/?page_id=876"},"modified":"2022-08-09T10:40:37","modified_gmt":"2022-08-09T10:40:37","slug":"aktivitetstilbud-3","status":"publish","type":"page","link":"https:\/\/bandyforbundet.no\/midt-norge-bandyregion\/?page_id=876","title":{"rendered":"Aktivitetstilbud"},"content":{"rendered":"\n<div class=\"wp-block-msswb-spacer msswb-spacer-container\" style=\"height:27px\"><div class=\"line\" style=\"height:13px\"><\/div><div class=\"line-center-divider\"><\/div><\/div>\n\n\n\n<h1 class=\"alignwide has-text-align-center wp-block-heading\">V\u00c5RT AKTIVITETSTILBUD<\/h1>\n\n\n\n<p class=\"has-text-align-center has-white-normal-color has-black-normal-background-color has-text-color has-background\">Det er viktig med gode aktivitetstilbud som er utformet slik at alle som vil spille innebandy finner \u201csin\u201d arena. I Midt-Norge er vi stolte av \u00e5 ha et bredt tilbud \u2013 uavhengig av alder og ferdigheter. Ved siden av det ordin\u00e6re seriespillet har vi flere lavterskeltilbud, og vi har et tilpasset tilbud for ungdom. Vi jobber kontinuerlig for \u00e5 utvikle v\u00e5rt aktivitetstilbud slik at enda flere kan oppleve mestring og idrettsglede i v\u00e5re idretter. I menyen til h\u00f8yre finner man en oversikt over v\u00e5re ulike aktivitetstilbud.<\/p>\n\n\n<div class=\"msswb-link-box-grid-frontend-app-v2\" data-url-encoded-attrs=\"%7B%22maxCols%22%3A5%2C%22linkBoxes%22%3A%5B%7B%22link_type%22%3A%22page%22%2C%22blog_id%22%3A9%2C%22ID%22%3A885%2C%22link%22%3A%22https%3A%5C%2F%5C%2Fbandyforbundet.no%5C%2Fmidt-norge-bandyregion%3Fpage_id%3D885%22%2C%22image%22%3A%7B%22image_id%22%3A873%2C%22blog_id%22%3A9%2C%22term_id%22%3A-1%7D%2C%22featuredImage%22%3Afalse%2C%22showTitle%22%3Afalse%2C%22showAltTitle%22%3Afalse%2C%22altTitle%22%3A%22%22%7D%2C%7B%22link_type%22%3A%22page%22%2C%22blog_id%22%3A9%2C%22ID%22%3A895%2C%22link%22%3A%22https%3A%5C%2F%5C%2Fbandyforbundet.no%5C%2Fmidt-norge-bandyregion%3Fpage_id%3D895%22%2C%22image%22%3A%7B%22image_id%22%3A872%2C%22blog_id%22%3A9%2C%22term_id%22%3A-1%7D%2C%22featuredImage%22%3Afalse%2C%22showTitle%22%3Afalse%2C%22showAltTitle%22%3Afalse%2C%22altTitle%22%3A%22%22%7D%2C%7B%22link_type%22%3A%22page%22%2C%22blog_id%22%3A9%2C%22ID%22%3A890%2C%22link%22%3A%22https%3A%5C%2F%5C%2Fbandyforbundet.no%5C%2Fmidt-norge-bandyregion%3Fpage_id%3D890%22%2C%22image%22%3A%7B%22image_id%22%3A871%2C%22blog_id%22%3A9%2C%22term_id%22%3A-1%7D%2C%22featuredImage%22%3Afalse%2C%22showTitle%22%3Afalse%2C%22showAltTitle%22%3Afalse%2C%22altTitle%22%3A%22%22%7D%2C%7B%22link_type%22%3A%22page%22%2C%22blog_id%22%3A9%2C%22ID%22%3A880%2C%22link%22%3A%22https%3A%5C%2F%5C%2Fbandyforbundet.no%5C%2Fmidt-norge-bandyregion%3Fpage_id%3D880%22%2C%22image%22%3A%7B%22image_id%22%3A869%2C%22blog_id%22%3A9%2C%22term_id%22%3A-1%7D%2C%22featuredImage%22%3Afalse%2C%22showTitle%22%3Afalse%2C%22showAltTitle%22%3Afalse%2C%22altTitle%22%3A%22%22%7D%2C%7B%22link_type%22%3A%22page%22%2C%22blog_id%22%3A9%2C%22ID%22%3A893%2C%22link%22%3A%22https%3A%5C%2F%5C%2Fbandyforbundet.no%5C%2Fmidt-norge-bandyregion%3Fpage_id%3D893%22%2C%22image%22%3A%7B%22image_id%22%3A870%2C%22blog_id%22%3A9%2C%22term_id%22%3A-1%7D%2C%22featuredImage%22%3Afalse%2C%22showTitle%22%3Afalse%2C%22showAltTitle%22%3Afalse%2C%22altTitle%22%3A%22%22%7D%5D%2C%22showTitle%22%3Afalse%7D\" ><\/div>","protected":false},"excerpt":{"rendered":"<p>V\u00c5RT AKTIVITETSTILBUD Det er viktig med gode aktivitetstilbud som er utformet slik at alle som vil spille innebandy finner \u201csin\u201d arena. I Midt-Norge er vi stolte av \u00e5 ha et bredt tilbud \u2013 uavhengig av alder og ferdigheter. Ved siden av det ordin\u00e6re seriespillet har vi flere lavterskeltilbud, og vi har et tilpasset tilbud for [&hellip;]<\/p>\n","protected":false},"author":33,"featured_media":0,"parent":875,"menu_order":0,"comment_status":"closed","ping_status":"closed","template":"","meta":{"cover_meta":"","footnotes":""},"class_list":["post-876","page","type-page","status-publish","hentry"],"_links":{"self":[{"href":"https:\/\/bandyforbundet.no\/midt-norge-bandyregion\/index.php?rest_route=\/wp\/v2\/pages\/876","targetHints":{"allow":["GET"]}}],"collection":[{"href":"https:\/\/bandyforbundet.no\/midt-norge-bandyregion\/index.php?rest_route=\/wp\/v2\/pages"}],"about":[{"href":"https:\/\/bandyforbundet.no\/midt-norge-bandyregion\/index.php?rest_route=\/wp\/v2\/types\/page"}],"author":[{"embeddable":true,"href":"https:\/\/bandyforbundet.no\/midt-norge-bandyregion\/index.php?rest_route=\/wp\/v2\/users\/33"}],"replies":[{"embeddable":true,"href":"https:\/\/bandyforbundet.no\/midt-norge-bandyregion\/index.php?rest_route=%2Fwp%2Fv2%2Fcomments&post=876"}],"version-history":[{"count":9,"href":"https:\/\/bandyforbundet.no\/midt-norge-bandyregion\/index.php?rest_route=\/wp\/v2\/pages\/876\/revisions"}],"predecessor-version":[{"id":5251,"href":"https:\/\/bandyforbundet.no\/midt-norge-bandyregion\/index.php?rest_route=\/wp\/v2\/pages\/876\/revisions\/5251"}],"up":[{"embeddable":true,"href":"https:\/\/bandyforbundet.no\/midt-norge-bandyregion\/index.php?rest_route=\/wp\/v2\/pages\/875"}],"wp:attachment":[{"href":"https:\/\/bandyforbundet.no\/midt-norge-bandyregion\/index.php?rest_route=%2Fwp%2Fv2%2Fmedia&parent=876"}],"curies":[{"name":"wp","href":"https:\/\/api.w.org\/{rel}","templated":true}]}}