{"id":880,"date":"2017-11-28T15:20:13","date_gmt":"2017-11-28T14:20:13","guid":{"rendered":"http:\/\/bandyforbundet.no\/midt-norge-bandyregion\/?page_id=880"},"modified":"2026-04-17T22:04:56","modified_gmt":"2026-04-17T22:04:56","slug":"lokkebandy","status":"publish","type":"page","link":"https:\/\/bandyforbundet.no\/midt-norge-bandyregion\/?page_id=880","title":{"rendered":"L\u00f8kkebandy"},"content":{"rendered":"\n<div class=\"wp-block-msswb-spacer msswb-spacer-container\" style=\"height:27px\"><div class=\"line\" style=\"height:13px\"><\/div><div class=\"line-center-divider\"><\/div><\/div>\n\n\n\n<h1 class=\"wp-block-heading\">L\u00d8KKEBANDY<\/h1>\n\n\n\n<p class=\"has-white-normal-color has-black-normal-background-color has-text-color has-background\">200.000 nordmenn uttaler at de spiller innebandy ukentlig. Dette til tross s\u00e5 er det antall lisensierte spillere\u00a0bare rundt 10.000. Det er med andre ord mange uorganiserte vennegjenger der ute som spiller innebandy jevnlig. Vi antar at disse ikke \u00f8nsker \u00e5 delta i organisert aktivitet fordi man antar at dette er for \u201cseri\u00f8st\u201d, for h\u00f8yt niv\u00e5 og for krevende \u00e5 delta. For \u00e5 im\u00f8tekomme slike behov har etablerte regionen konseptet L\u00f8kkebandy i 2011. N\u00e5 driftes kamptilbudet av Trondheim innebandyklubb.<\/p>\n\n\n<div class=\"msswb-image-frontend-app\"data-href-target=\"false\" data-href=\"%22%22\" data-use-link=\"false\" data-screen-width=\"false\" data-alignment=\"%22right%22\" data-url=\"%22%5C%2Fwp-content%5C%2Fuploads%5C%2Fsites%5C%2F9%5C%2F2017%5C%2F11%5C%2FL%5Cu00f8kkebandy-3-scaled.jpg%22\" data-is-background-image=\"false\" data-border-radius=\"27\" data-image-width=\"2560\" data-image-height=\"1349\" data-selected-image=\"%7B%22image_id%22%3A811%2C%22blog_id%22%3A9%2C%22term_id%22%3A-1%2C%22selected_size%22%3A%22full%22%7D\" data-image-aspect-ratio=\"0.53\" data-alt-text=\"%22Foto%20av%3A%20%22\" data-caption=\"%22%22\" data-width=\"365\" data-height=\"193\" data-focal-point=\"\" data-show-light-box=\"false\" >\n<div class=\"msswb-image-block msswbright\" style=\"width:365px\"><div class=\"msswb-image \"><div class=\"image-container\" style=\"width:365px;height:193px\"><img decoding=\"async\" style=\"width:365px;height:193px;border-radius:27px\" src=\"\/wp-content\/uploads\/sites\/9\/2017\/11\/L\u00f8kkebandy-3-scaled.jpg\" \/><\/div><\/div><div class=\"msswb-image-caption-container\"><div class=\"msswb-image-caption\"><\/div><div class=\"msswb-image-attribution\">Foto av: <\/div><\/div><\/div>\n<\/div>\n\n\n<p><strong>Derfor:<\/strong> \u00f8nsker du&nbsp;\u00e5 spille innebandy kun for mosjonens og trivselens skyld? Men likevel vil du\/dere f\u00f8lge reelle regler i kampene&nbsp;og ha utdannede innebandydommere som kampledere?&nbsp;Da er L\u00f8kkebandy noe for deg og ditt lag. Dette er en uformell serie for voksne spillere. Den perfekte arena for vennelag og kompisgjenger som \u00f8nsker \u00e5 spille i en innebandyserie hvor trivselen er viktigst. Her m\u00f8ter man lag som er p\u00e5 sitt eget niv\u00e5, og spillere fra det ordin\u00e6re seriespillet ikke tillates \u00e5 delta. I tillegg vil det v\u00e6re muligheter for lagene som melder seg p\u00e5, til \u00e5 f\u00e5 tilgang p\u00e5 gratis treningstid.&nbsp;Lagene plasseres i&nbsp;flere divisjoner som sikrer flest mulig jevne kamper for alle. S\u00e5 justeres divisjonene med opprykk\/nedrykk etter halvspilt serie. Det er de jevne kampene som er artigst!! I tillegg vil vi arrangere en cup for lagene som avslutning p\u00e5 sesongen. Det er i L\u00f8kkebandyserien innebandy for \u201coss vanlige\u201d er artigst ?<\/p>\n\n\n\n<p>Vi har hatt over 30 deltakende lag fordelt p\u00e5 4 divisjoner i L\u00f8kkebandyen i Trondheim. Vi gleder oss allerede til neste sesong. \u00d8nsker du\/ditt lag \u00e5 delta? Eller har dere sp\u00f8rsm\u00e5l omkring serien? <span style=\"color: #ff0000\">Kontakt<\/span> aktivitetskonsulent <a href=\"johanneshoon.lovas@nif.idrett.no\">Johannes Hoon L\u00f8v\u00e5s<\/a>.<br><br><strong>PS!<\/strong> <em>I august hvert eneste \u00e5r sender NBF ut en automatisk lisensutsendelse til alle som var lisensiert sist sesong. L\u00f8kkebandyspillere kan se bort i fra denne. Vi registrerer alle deltakerne i L\u00f8kkebandyen gjennom egen ordning etter p\u00e5melding fra tilh\u00f8rende lag.<\/em><\/p>\n\n\n\n<div class=\"wp-block-msswb-spacer msswb-spacer-container show-line\" style=\"height:2px\"><div class=\"line\" style=\"border-bottom-width:2px;border-bottom-color:#444444;height:1px\"><\/div><div class=\"line-center-divider\"><\/div><\/div>\n\n\n\n<div class=\"wp-block-columns\">\n<div class=\"wp-block-column\" style=\"flex-basis:33%\">\n<h6 class=\"wp-block-heading has-text-align-center\">P\u00e5meldingsliste 25\/26<\/h6>\n\n\n\n<figure class=\"wp-block-table is-style-stripes\"><table><thead><tr><th>Lag<\/th><th>Draktfarge<\/th><\/tr><\/thead><tbody><tr><td>SALT IF<\/td><td>Oransje\/R\u00f8d<\/td><\/tr><tr><td>Sjetne Maddogs<\/td><td>Burgunder<\/td><\/tr><tr><td>Sm\u00f8reguttene<\/td><td>R\u00f8d\/Gul<\/td><\/tr><tr><td>Kl\u00e6bukameratene<\/td><td>R\u00f8d<\/td><\/tr><tr><td>NTNU<\/td><td>Gul<\/td><\/tr><tr><td>Bouvet Penguins<\/td><td>M\u00f8rk bl\u00e5<\/td><\/tr><tr><td>Malvik IL<\/td><td>R\u00f8d<\/td><\/tr><tr><td>TK BIL<\/td><td>Svart\/Rosa<\/td><\/tr><tr><td>Bandy Bastards<\/td><td>Hvit<\/td><\/tr><tr><td>K\u00f8llecom IL<\/td><td>R\u00f8d\/Gul<\/td><\/tr><tr><td>Nidaros Blues<\/td><td>Bl\u00e5<\/td><\/tr><tr><td>B\u00e6ndygirls x Nidaros<\/td><td>Svart<\/td><\/tr><tr><td>Utleira Tigers <\/td><td>Oransje<\/td><\/tr><tr><td>Utleirs Tigers 2<\/td><td>Oransje<\/td><\/tr><tr><td>IBL\/Nidelv<\/td><td>M\u00f8rk bl\u00e5<\/td><\/tr><tr><td>Bambi Bandy<\/td><td>Gul<\/td><\/tr><\/tbody><\/table><figcaption class=\"wp-element-caption\"><em>Oppdate<\/em>rt<em> 01.<\/em>09.25<\/figcaption><\/figure>\n<\/div>\n\n\n\n<div class=\"wp-block-column\" style=\"flex-basis:33.33%\">\n<h6 class=\"wp-block-heading has-text-align-center\">Spillerregistrering<\/h6>\n\n\n\n<p>Alle spillere som deltar i mosjonsinnebandyen p\u00e5 registreres hos oss som arrangerer tilbudet. Dette gis det informasjon om til alle deltakende lag i god tid f\u00f8r sesongstart.<br><br><strong>PS!<\/strong> <em>Alle som mottar info om lisensinnbetaling direkte fra Norges Bandyforbund p\u00e5 mail kan se bort i fra denne<\/em>.<\/p>\n<\/div>\n\n\n\n<div class=\"wp-block-column\" style=\"flex-basis:40%\">\n<h6 class=\"wp-block-heading has-text-align-center\">Sesongen 2025\/26<\/h6>\n\n\n\n<div class=\"msswb-file\"><a href=\"https:\/\/bandyforbundet.no\/midt-norge-bandyregion\/wp-content\/uploads\/sites\/9\/2026\/02\/Invitasjon-til-Utleira-Tigers-Lokkecup-2026.pdf\" class=\"file-button\" download><span class=\"dashicon dashicons dashicons-download\"><\/span><\/a><a class=\"file-link\" href=\"https:\/\/bandyforbundet.no\/midt-norge-bandyregion\/wp-content\/uploads\/sites\/9\/2026\/02\/Invitasjon-til-Utleira-Tigers-Lokkecup-2026.pdf\">Invitasjon til Utleira Tigers L\u00f8kkecup 2026<\/a><\/div>\n<\/div>\n<\/div>\n","protected":false},"excerpt":{"rendered":"<p>L\u00d8KKEBANDY 200.000 nordmenn uttaler at de spiller innebandy ukentlig. Dette til tross s\u00e5 er det antall lisensierte spillere\u00a0bare rundt 10.000. Det er med andre ord mange uorganiserte vennegjenger der ute som spiller innebandy jevnlig. Vi antar at disse ikke \u00f8nsker \u00e5 delta i organisert aktivitet fordi man antar at dette er for \u201cseri\u00f8st\u201d, for h\u00f8yt [&hellip;]<\/p>\n","protected":false},"author":12,"featured_media":0,"parent":876,"menu_order":0,"comment_status":"closed","ping_status":"closed","template":"templates\/template-cover.php","meta":{"cover_meta":"{\"showBackgroundImage\":true,\"bgImage\":{\"image_id\":810,\"blog_id\":9,\"term_id\":-1,\"selected_size\":\"full\"},\"showOverlay\":true,\"overlayColor\":\"#000000\",\"overlayOpacity\":0.6,\"showIntro\":true,\"introColor\":\"white\",\"intro\":\"Ny sesong n\u00e6rmer seg...\",\"title\":\"L\u00f8kkebandy\",\"titleColor\":\"white\",\"showOutro\":true,\"outroColor\":\"white\",\"outro\":\"V\u00e5rt lavterskel innebandytilbud for voksne\"}","footnotes":""},"class_list":["post-880","page","type-page","status-publish","hentry"],"_links":{"self":[{"href":"https:\/\/bandyforbundet.no\/midt-norge-bandyregion\/index.php?rest_route=\/wp\/v2\/pages\/880","targetHints":{"allow":["GET"]}}],"collection":[{"href":"https:\/\/bandyforbundet.no\/midt-norge-bandyregion\/index.php?rest_route=\/wp\/v2\/pages"}],"about":[{"href":"https:\/\/bandyforbundet.no\/midt-norge-bandyregion\/index.php?rest_route=\/wp\/v2\/types\/page"}],"author":[{"embeddable":true,"href":"https:\/\/bandyforbundet.no\/midt-norge-bandyregion\/index.php?rest_route=\/wp\/v2\/users\/12"}],"replies":[{"embeddable":true,"href":"https:\/\/bandyforbundet.no\/midt-norge-bandyregion\/index.php?rest_route=%2Fwp%2Fv2%2Fcomments&post=880"}],"version-history":[{"count":125,"href":"https:\/\/bandyforbundet.no\/midt-norge-bandyregion\/index.php?rest_route=\/wp\/v2\/pages\/880\/revisions"}],"predecessor-version":[{"id":9122,"href":"https:\/\/bandyforbundet.no\/midt-norge-bandyregion\/index.php?rest_route=\/wp\/v2\/pages\/880\/revisions\/9122"}],"up":[{"embeddable":true,"href":"https:\/\/bandyforbundet.no\/midt-norge-bandyregion\/index.php?rest_route=\/wp\/v2\/pages\/876"}],"wp:attachment":[{"href":"https:\/\/bandyforbundet.no\/midt-norge-bandyregion\/index.php?rest_route=%2Fwp%2Fv2%2Fmedia&parent=880"}],"curies":[{"name":"wp","href":"https:\/\/api.w.org\/{rel}","templated":true}]}}