{"id":894,"date":"2018-07-03T16:14:42","date_gmt":"2018-07-03T14:14:42","guid":{"rendered":"http:\/\/bandyforbundet.no\/midt-norge-bandyregion\/?page_id=894"},"modified":"2021-09-20T15:25:56","modified_gmt":"2021-09-20T15:25:56","slug":"kampoppsett-201819","status":"publish","type":"page","link":"https:\/\/bandyforbundet.no\/midt-norge-bandyregion\/?page_id=894","title":{"rendered":"Kampoppsett 2021\/22"},"content":{"rendered":"\n<div class=\"wp-block-msswb-spacer msswb-spacer-container\" style=\"height:27px\"><div class=\"line\" style=\"height:13px\"><\/div><div class=\"line-center-divider\"><\/div><\/div>\n\n\n\n<h1 class=\"wp-block-heading\">Informasjon om kampene<\/h1>\n\n\n\n<p>Kampsenteret for Tr\u00f8nderserien ligger p\u00e5 et eget system p\u00e5 en egen nettside. Her finnes ogs\u00e5 L\u00f8kkebandyoppsettet. Vi har valgt \u00e5 beholde det slik inntil videre av hensyn til deltakerne.<\/p>\n\n\n\n<p class=\"has-background has-small-font-size\" style=\"background-color:#b9ccb1\">Kampoppsettet kan finnes <a rel=\"noopener\" href=\"http:\/\/www.mnbr.no\/sesongen\/oppsett.asp\" target=\"_blank\">her<\/a>.<\/p>\n\n\n\n<p class=\"has-background has-small-font-size\" style=\"background-color:#b9ccb1\">Tabeller finnes <a href=\"http:\/\/www.mnbr.no\/sesongen\/tabeller.asp\" target=\"_blank\" rel=\"noopener\">her<\/a>.<\/p>\n\n\n\n<p class=\"has-background has-small-font-size\" style=\"background-color:#b9ccb1\">Statistikk finnes <a href=\"http:\/\/www.mnbr.no\/stat\/default.asp\" target=\"_blank\" rel=\"noopener\">her<\/a>.<\/p>\n","protected":false},"excerpt":{"rendered":"<p>Informasjon om kampene Kampsenteret for Tr\u00f8nderserien ligger p\u00e5 et eget system p\u00e5 en egen nettside. Her finnes ogs\u00e5 L\u00f8kkebandyoppsettet. Vi har valgt \u00e5 beholde det slik inntil videre av hensyn til deltakerne. Kampoppsettet kan finnes her. Tabeller finnes her. Statistikk finnes her.<\/p>\n","protected":false},"author":12,"featured_media":0,"parent":893,"menu_order":0,"comment_status":"closed","ping_status":"closed","template":"","meta":{"cover_meta":"","footnotes":""},"class_list":["post-894","page","type-page","status-publish","hentry"],"_links":{"self":[{"href":"https:\/\/bandyforbundet.no\/midt-norge-bandyregion\/index.php?rest_route=\/wp\/v2\/pages\/894","targetHints":{"allow":["GET"]}}],"collection":[{"href":"https:\/\/bandyforbundet.no\/midt-norge-bandyregion\/index.php?rest_route=\/wp\/v2\/pages"}],"about":[{"href":"https:\/\/bandyforbundet.no\/midt-norge-bandyregion\/index.php?rest_route=\/wp\/v2\/types\/page"}],"author":[{"embeddable":true,"href":"https:\/\/bandyforbundet.no\/midt-norge-bandyregion\/index.php?rest_route=\/wp\/v2\/users\/12"}],"replies":[{"embeddable":true,"href":"https:\/\/bandyforbundet.no\/midt-norge-bandyregion\/index.php?rest_route=%2Fwp%2Fv2%2Fcomments&post=894"}],"version-history":[{"count":6,"href":"https:\/\/bandyforbundet.no\/midt-norge-bandyregion\/index.php?rest_route=\/wp\/v2\/pages\/894\/revisions"}],"predecessor-version":[{"id":3245,"href":"https:\/\/bandyforbundet.no\/midt-norge-bandyregion\/index.php?rest_route=\/wp\/v2\/pages\/894\/revisions\/3245"}],"up":[{"embeddable":true,"href":"https:\/\/bandyforbundet.no\/midt-norge-bandyregion\/index.php?rest_route=\/wp\/v2\/pages\/893"}],"wp:attachment":[{"href":"https:\/\/bandyforbundet.no\/midt-norge-bandyregion\/index.php?rest_route=%2Fwp%2Fv2%2Fmedia&parent=894"}],"curies":[{"name":"wp","href":"https:\/\/api.w.org\/{rel}","templated":true}]}}