{"id":918,"date":"2018-06-21T14:25:28","date_gmt":"2018-06-21T12:25:28","guid":{"rendered":"http:\/\/bandyforbundet.no\/midt-norge-bandyregion\/?page_id=918"},"modified":"2026-02-27T20:44:56","modified_gmt":"2026-02-27T20:44:56","slug":"more-og-romsdal","status":"publish","type":"page","link":"https:\/\/bandyforbundet.no\/midt-norge-bandyregion\/?page_id=918","title":{"rendered":"M\u00f8re og Romsdal"},"content":{"rendered":"\n<div class=\"wp-block-msswb-spacer msswb-spacer-container\" style=\"height:27px\"><div class=\"line\" style=\"height:13px\"><\/div><div class=\"line-center-divider\"><\/div><\/div>\n\n\n\n<h1 class=\"wp-block-heading\">M\u00d8RE OG ROMSDAL<\/h1>\n\n\n\n<div class=\"wp-block-msswb-spacer msswb-spacer-container\" style=\"height:23px\"><div class=\"line\" style=\"height:11px\"><\/div><div class=\"line-center-divider\"><\/div><\/div>\n\n\n<div class=\"msswb-image-frontend-app\"data-href-target=\"false\" data-href=\"%22%22\" data-use-link=\"false\" data-screen-width=\"false\" data-alignment=\"%22right%22\" data-url=\"%22%5C%2Fwp-content%5C%2Fuploads%5C%2Fsites%5C%2F9%5C%2F2018%5C%2F06%5C%2FSykkylven-IBK.jpg%22\" data-is-background-image=\"false\" data-border-radius=\"11\" data-image-width=\"960\" data-image-height=\"720\" data-selected-image=\"%7B%22image_id%22%3A793%2C%22blog_id%22%3A9%2C%22term_id%22%3A-1%2C%22selected_size%22%3A%22full%22%7D\" data-image-aspect-ratio=\"0.75\" data-alt-text=\"%22Foto%20av%3A%20Sykkylven%20IBK%22\" data-caption=\"%22%22\" data-width=\"269\" data-height=\"201\" data-focal-point=\"\" data-show-light-box=\"false\" >\n<div class=\"msswb-image-block msswbright\" style=\"width:269px\"><div class=\"msswb-image \"><div class=\"image-container\" style=\"width:269px;height:201px\"><img decoding=\"async\" style=\"width:269px;height:201px;border-radius:11px\" src=\"\/wp-content\/uploads\/sites\/9\/2018\/06\/Sykkylven-IBK.jpg\" \/><\/div><\/div><div class=\"msswb-image-caption-container\"><div class=\"msswb-image-caption\"><\/div><div class=\"msswb-image-attribution\">Foto av: Sykkylven IBK<\/div><\/div><\/div>\n<\/div>\n\n\n<p>Grunnet store geografiske avstander spiller innebandyklubbene i M\u00f8re og Romsdal i en egen aktivitetstilbud &#8211; adskilt fra Tr\u00f8ndelag. Rett og slett for \u00e5 bruke minst mulig tid p\u00e5 reisevirksomhet &#8211; og mest mulig tid p\u00e5 selve aktiviteten. Selv om det ikke er like stor aktivitet som i Tr\u00f8ndelagsfylket, s\u00e5 har man de siste \u00e5rene opplevd en betydelig \u00f8kende vekst og interesse for innebandy i fylket som kanskje er best kjent som \u201cfotball-fylket\u201d. Spesielt p\u00e5 Sunnm\u00f8re har det v\u00e6rt en oppblomstring i antall milj\u00f8er. Det arrangeres seriespill i seniorklassen, samt at det ogs\u00e5 gjennomf\u00f8res turneringer for ungdomslag og avholdes minirunder for de yngste. Vi anbefaler alle interesserte \u00e5 g\u00e5 til for \u00e5 finne <a href=\"https:\/\/bandyforbundet.no\/midt-norge-bandyregion\/?page_id=932\">sin klubb<\/a> i n\u00e6romr\u00e5det.<\/p>\n\n\n\n<p>Vi har ogs\u00e5 en egen utviklingskonsulent i M\u00f8re og Romsdal som er behjelpelig med \u00e5 komme i gang med aktivitet, stifte klubb, avholde kurs etcetc. Kontaktinfo til v\u00e5r ansatte i M\u00f8re og Romsdal &#8211; Tomas Trogstad &#8211; finnes i panelet lengre ned p\u00e5 siden.<\/p>\n\n\n\n<div class=\"wp-block-msswb-spacer msswb-spacer-container show-line\" style=\"height:15px\"><div class=\"line\" style=\"height:7px\"><\/div><div class=\"line-center-divider\"><\/div><\/div>\n\n\n\n<h5 class=\"wp-block-heading\">Aktivitetstilbud i M\u00f8re og Romsdal<\/h5>\n\n\n\n<p>Vi har et aktivitetstilbud som dekker de fleste aldersgrupper. Samtidig har vi ogs\u00e5 plass til flere. Det viktigste for oss er at v\u00e5rt kamptilbud er enkelt og artig \u00e5 komme inn i for v\u00e5re klubber &#8211; ogs\u00e5 de helt nye. Terskelen for \u00e5 delta b\u00e5de for barn, unge og voksne skal v\u00e6re lav. Sesongen 2024\/25 tilbyr vi mininrunde, rundespill for ungdom, 3 mot 3-innebandy for b\u00e5de ungdom og voksne og den vanlige L\u00f8kkebandyserien for senior. Har du sp\u00f8rsm\u00e5l s\u00e5 ikke n\u00f8l med \u00e5 ta kontakt.<\/p>\n\n\n\n<div class=\"msswb-file\"><a href=\"https:\/\/bandyforbundet.no\/midt-norge-bandyregion\/wp-content\/uploads\/sites\/9\/2026\/02\/informasjon-aktivitet-25_26.pdf\" class=\"file-button\" download><span class=\"dashicon dashicons dashicons-download\"><\/span><\/a><a class=\"file-link\" href=\"https:\/\/bandyforbundet.no\/midt-norge-bandyregion\/wp-content\/uploads\/sites\/9\/2026\/02\/informasjon-aktivitet-25_26.pdf\">Informasjon aktivitet 25_26<\/a><\/div>\n\n\n<div class=\"msswb-link-box-grid-frontend-app-v2\" data-url-encoded-attrs=\"%7B%22maxCols%22%3A3%2C%22showTitle%22%3Atrue%2C%22titleColor%22%3A%22%2385a89b%22%2C%22useColorBackground%22%3Atrue%2C%22bgColor%22%3A%22%235a5454%22%2C%22overlayColor%22%3A%7B%22r%22%3A69%2C%22g%22%3A126%2C%22b%22%3A191%2C%22a%22%3A0.1%7D%2C%22linkBoxes%22%3A%5B%7B%22link_type%22%3A%22page%22%2C%22blog_id%22%3A9%2C%22ID%22%3A4975%2C%22link%22%3A%22https%3A%2F%2Fbandyforbundet.no%2Fmidt-norge-bandyregion%2F%3Fpage_id%3D4975%22%2C%22image%22%3Afalse%2C%22featuredImage%22%3Afalse%2C%22from_shared%22%3Atrue%2C%22showAltTitle%22%3Atrue%2C%22altTitle%22%3A%22Minirunde%20for%20barn%22%7D%2C%7B%22link_type%22%3A%22page%22%2C%22blog_id%22%3A9%2C%22ID%22%3A4982%2C%22link%22%3A%22https%3A%2F%2Fbandyforbundet.no%2Fmidt-norge-bandyregion%2F%3Fpage_id%3D4982%22%2C%22image%22%3Afalse%2C%22featuredImage%22%3Afalse%2C%22from_shared%22%3Atrue%2C%22showAltTitle%22%3Atrue%2C%22altTitle%22%3A%22Kamptilbud%20for%20ungdom%22%7D%2C%7B%22link_type%22%3A%22page%22%2C%22blog_id%22%3A9%2C%22ID%22%3A898%2C%22link%22%3A%22http%3A%2F%2Fbandyforbundet.no%2Fmidt-norge-bandyregion%2F%3Fpage_id%3D898%22%2C%22image%22%3Afalse%2C%22featuredImage%22%3Afalse%2C%22from_shared%22%3Atrue%2C%22showAltTitle%22%3Atrue%2C%22altTitle%22%3A%22Kamptilbud%20voksne%22%7D%5D%7D\" ><\/div>\n\n\n<div class=\"wp-block-msswb-spacer msswb-spacer-container show-line\" style=\"height:20px\"><div class=\"line\" style=\"border-bottom-width:2px;border-bottom-color:#444444;height:10px\"><\/div><div class=\"line-center-divider\"><\/div><\/div>\n\n\n\n<div class=\"wp-block-columns\">\n<div class=\"wp-block-column\">\n<h4 class=\"wp-block-heading has-text-align-center has-white-normal-color has-black-normal-background-color has-text-color has-background\">Vi bist\u00e5r deg\/din klubb!<\/h4>\n\n\n\n<div class=\"wp-block-msswb-panel msswb-panel-container\"><div class=\"mwwsb-panel-header\"><div class=\"mwwsb-panel-title\">Stifte klubb, rekruttering og klubbdrift<\/div><div class=\"mwwsb-panel-icon\"><span class=\"dashicon dashicons dashicons-arrow-down-alt2\"><\/span><\/div><\/div><div class=\"msswb-panel-content\"><div class=\"msswb-display-internal-post-frontend-app-v2\" data-url-encoded-attrs=\"%7B%22displayInternalPost%22%3A%7B%22blog_id%22%3A9%2C%22ID%22%3A1225%7D%7D\" data-dip-id=\"\" ><\/div><\/div><\/div>\n<\/div>\n\n\n\n<div class=\"wp-block-column\" style=\"flex-basis:46%\">\n<h4 class=\"wp-block-heading has-text-align-center has-white-normal-color has-black-normal-background-color has-text-color has-background\">Vi forteller&#8230;<\/h4>\n\n\n\n<div class=\"wp-block-msswb-panel msswb-panel-container\"><div class=\"mwwsb-panel-header\"><div class=\"mwwsb-panel-title\">Utviklingskonsulentens m\u00e5nedsbrev<\/div><div class=\"mwwsb-panel-icon\"><span class=\"dashicon dashicons dashicons-arrow-down-alt2\"><\/span><\/div><\/div><div class=\"msswb-panel-content\"><div class=\"msswb-display-posts-frontend-app-v2\" data-url-encoded-attrs=\"%7B%22mode%22%3A%22carousel%22%2C%22carouselHeight%22%3A500%2C%22carouselMax%22%3A10%2C%22startAnimation%22%3A%22start%22%2C%22design%22%3A%22msswbcard%22%2C%22hideExcerpt%22%3Afalse%2C%22filterDate%22%3A%22from2yearago%22%2C%22dateObj%22%3A%7B%22fromDate%22%3A%222%20year%20ago%22%2C%22toDate%22%3A%22%22%7D%2C%22scrollDirection%22%3A%22vertical%22%2C%22displayPostsFromCategories%22%3A%5B%7B%22blog_id%22%3A9%2C%22included%22%3A%5B95%5D%2C%22excluded%22%3A%5B%5D%7D%5D%2C%22displayPostsFromSharedCategories%22%3A%5B%5D%2C%22maxCols%22%3A3%7D\" ><\/div><\/div><\/div>\n<\/div>\n<\/div>\n\n\n\n<div class=\"wp-block-msswb-spacer msswb-spacer-container\" style=\"height:50px\"><div class=\"line\" style=\"height:25px\"><\/div><div class=\"line-center-divider\"><\/div><\/div>\n\n\n<div class=\"msswb-display-posts-frontend-app-v2\" data-url-encoded-attrs=\"%7B%22mode%22%3A%22grid%22%2C%22scrollDirection%22%3A%22vertical%22%2C%22displayPostsFromCategories%22%3A%5B%7B%22blog_id%22%3A9%2C%22included%22%3A%5B50%2C82%2C79%2C81%2C80%2C71%2C84%2C94%2C95%2C97%2C93%2C91%5D%2C%22excluded%22%3A%5B%5D%2C%22filterDate%22%3A%22from1yearago%22%2C%22dateObj%22%3A%7B%22fromDate%22%3A%221%20year%20ago%22%2C%22toDate%22%3A%22%22%7D%7D%5D%2C%22displayPostsFromSharedCategories%22%3A%5B%7B%22blog_id%22%3A2%2C%22included%22%3A%5B98%5D%2C%22excluded%22%3A%5B%5D%7D%5D%2C%22maxCols%22%3A3%7D\" ><\/div>","protected":false},"excerpt":{"rendered":"<p>M\u00d8RE OG ROMSDAL Grunnet store geografiske avstander spiller innebandyklubbene i M\u00f8re og Romsdal i en egen aktivitetstilbud &#8211; adskilt fra Tr\u00f8ndelag. Rett og slett for \u00e5 bruke minst mulig tid p\u00e5 reisevirksomhet &#8211; og mest mulig tid p\u00e5 selve aktiviteten. Selv om det ikke er like stor aktivitet som i Tr\u00f8ndelagsfylket, s\u00e5 har man de [&hellip;]<\/p>\n","protected":false},"author":12,"featured_media":0,"parent":875,"menu_order":0,"comment_status":"closed","ping_status":"closed","template":"","meta":{"cover_meta":"","footnotes":""},"class_list":["post-918","page","type-page","status-publish","hentry"],"_links":{"self":[{"href":"https:\/\/bandyforbundet.no\/midt-norge-bandyregion\/index.php?rest_route=\/wp\/v2\/pages\/918","targetHints":{"allow":["GET"]}}],"collection":[{"href":"https:\/\/bandyforbundet.no\/midt-norge-bandyregion\/index.php?rest_route=\/wp\/v2\/pages"}],"about":[{"href":"https:\/\/bandyforbundet.no\/midt-norge-bandyregion\/index.php?rest_route=\/wp\/v2\/types\/page"}],"author":[{"embeddable":true,"href":"https:\/\/bandyforbundet.no\/midt-norge-bandyregion\/index.php?rest_route=\/wp\/v2\/users\/12"}],"replies":[{"embeddable":true,"href":"https:\/\/bandyforbundet.no\/midt-norge-bandyregion\/index.php?rest_route=%2Fwp%2Fv2%2Fcomments&post=918"}],"version-history":[{"count":56,"href":"https:\/\/bandyforbundet.no\/midt-norge-bandyregion\/index.php?rest_route=\/wp\/v2\/pages\/918\/revisions"}],"predecessor-version":[{"id":9019,"href":"https:\/\/bandyforbundet.no\/midt-norge-bandyregion\/index.php?rest_route=\/wp\/v2\/pages\/918\/revisions\/9019"}],"up":[{"embeddable":true,"href":"https:\/\/bandyforbundet.no\/midt-norge-bandyregion\/index.php?rest_route=\/wp\/v2\/pages\/875"}],"wp:attachment":[{"href":"https:\/\/bandyforbundet.no\/midt-norge-bandyregion\/index.php?rest_route=%2Fwp%2Fv2%2Fmedia&parent=918"}],"curies":[{"name":"wp","href":"https:\/\/api.w.org\/{rel}","templated":true}]}}