{"id":943,"date":"2018-07-26T14:09:52","date_gmt":"2018-07-26T12:09:52","guid":{"rendered":"http:\/\/bandyforbundet.no\/midt-norge-bandyregion\/?page_id=943"},"modified":"2021-09-17T12:22:52","modified_gmt":"2021-09-17T12:22:52","slug":"topp-vs-bredde","status":"publish","type":"page","link":"https:\/\/bandyforbundet.no\/midt-norge-bandyregion\/?page_id=943","title":{"rendered":"Prioriteringer: Topp vs. bredde"},"content":{"rendered":"\n<div class=\"wp-block-msswb-spacer msswb-spacer-container\" style=\"height:27px\"><div class=\"line\" style=\"height:13px\"><\/div><div class=\"line-center-divider\"><\/div><\/div>\n\n\n\n<h1 class=\"wp-block-heading\">Prioriteringer: Topp vs. bredde<\/h1>\n\n\n\n<p class=\"has-text-align-center\"><em>Midt-Norge Bandyregion (MNBR) er en av Norges Bandyforbund (NBF) sine regioner. Regionen er underlagt forbundets overordnede m\u00e5lsetninger og vedtak, og opptrer som administrerende myndighet for forbundet i Tr\u00f8ndelag og M\u00f8re og Romsdal. Det diskuteres ofte hvorfor regionen prioriterer \u201cdet og det\u201d og ikke gj\u00f8r \u201cs\u00e5nn og s\u00e5nn\u201d. MNBR sine prioriteringer er fastlagt i NBF sine m\u00e5lsetninger og i regionens egne styringsverkt\u00f8y. Vedlagt presenterer vi bakgrunnen for v\u00e5re prioriteringer.<\/em><\/p>\n\n\n\n<p class=\"has-white-normal-color has-black-normal-background-color has-text-color has-background\">En av idrettens st\u00f8rste myter er toppidrettens viktighet for st\u00f8rre utbredelse og vekst. Det argumenteres for at toppidrett og store mesterskap er viktig for \u00e5 f\u00e5 rekruttert flere barn og unge til \u00e5 starte med idrett. Gjennom mange ti\u00e5r har denne p\u00e5standen blitt etablert som en sannhet innen idretten. De gangene p\u00e5standen har blitt utfordret av vitenskapen har det dog vist seg at p\u00e5standen ikke holder vann. Rasmus Storm (2011) ved Idr\u00e6ttens Analyseinstitut i K\u00f8benhavn&nbsp;tilbakeviste p\u00e5standen ved \u00e5 g\u00e5 gjennom det som finnes av empiri omkring temaet i <a href=\"https:\/\/www.idrottsforum.org\/articles\/storm\/storm111123.html\">denne artikkelen<\/a>. Vi registrerer dog at slik forskning er viet lite oppmerksomhet i den norske idrettsorganisasjonen, til tross for at ogs\u00e5 forskningsmilj\u00f8et ved <a rel=\"noopener\" href=\"https:\/\/www.nih.no\/om-nih\/aktuelt\/nih-bloggen\/dag-vidar-hanstad\/skaper-toppidrett-bredde\/\" target=\"_blank\">Idrettsh\u00f8yskolen<\/a> anerkjenner at topp <strong>ikke<\/strong> skaper bredde. <br><br>Norges Bandyforbund sitt hovedm\u00e5l er \u00f8kt medlemsvekst. Det betyr at innen alle NBF sine idretter&nbsp;skal man etterstrebe aktivitetstilbud som fenger alle. Eliteserieaktivitet og landslagsvirksomhet utgj\u00f8r bare noen f\u00e5 prosent av forbundets aktive, og m\u00e5 ses p\u00e5 som et konstant tall. Derimot viser en levek\u00e5rsunders\u00f8kelse at over 200.000 nordmenn \u00e5rlig spiller innebandy. Dette rimer ikke med innebandyens lisenstall \u2013 som ligger i overkant av 20.000 personer. Dermed kan det konstateres at innebandyen har et enormt potensial til medlemsvekst dersom man treffer med innretningen av tilpassede aktivitetstilbud \u2013 b\u00e5de til barn og voksne. Det er dette potensialet NBF daglig arbeider for \u00e5 n\u00e5. <br><br>Norges Bandyforbund har selv erfart hvordan <a href=\"https:\/\/www.nrk.no\/livsstil\/--toppidrett-skaper-ikke-bredde-1.6675335\">toppidretten kan gi en reduksjon i antall ut\u00f8vere<\/a>. B\u00e5de etter \u00e5 ha v\u00e6rt&nbsp;vertsland for VM i Bandy i 1993 og VM i innebandy i 2000 opplevde man dette. Med st\u00f8tte fra forskning og erfaringer fra andre idretter og land, har man derfor valgt \u00e5 innrette sine ressurser p\u00e5 en helt annen m\u00e5te. Det kan fint argumenteres for at toppidretten har en egenverdi, men \u00e5&nbsp;argumentere for at toppidretten bidrar til \u00f8kt rekruttering har Norges Bandyforbund for lengst g\u00e5tt bort i fra. Det stemmer rett og slett ikke med virkeligheten &#8211; til tross for at mange organisasjonsledd i idretten selv hevder s\u00e5. Dessverre har denne illusjonen festet seg som en gjengs virkelighetsoppfatning i samfunnet.<\/p>\n\n\n\n<div class=\"wp-block-msswb-spacer msswb-spacer-container\" style=\"height:32px\"><div class=\"line\" style=\"height:16px\"><\/div><div class=\"line-center-divider\"><\/div><\/div>\n\n\n\n<div class=\"wp-block-columns\">\n<div class=\"wp-block-column\">\n<p>Vi mener idrett har en langt st\u00f8rre verdi enn landslag, OL-medaljer og VM-gull. F\u00f8rst og fremst skal idretten v\u00e6re en arena hvor barn og unge blir invitert inn til fysisk aktivitet p\u00e5 en s\u00e5 lystbetont m\u00e5te at man blir motivert til \u00e5 v\u00e6re i aktivitet gjennom hele livet. Vi \u00f8nsker ikke at man i tidlig alder skal bli selektert bort eller plassert \u201cp\u00e5 benken\u201d fordi man ikke blir ansett til \u00e5 v\u00e6re \u201cgod nok\u201d. Aktiviteten skal jo v\u00e6re g\u00f8y! Hvilken plass man havner p\u00e5 tabellen \u2013 eller om man vant eller tapte en kamp \u2013 er i det store og hele totalt uviktig. Det viktigste er at alle f\u00e5r v\u00e6re med, bli sett og derigjennom f\u00f8le idrettsglede og mestring. Nettopp derfor har NBF for eksempel \u2013 i samr\u00e5d med de fleste regionene \u2013 vedtatt \u00e5 fjerne kretslag for ungdom. Ei heller \u00f8nsker vi landsdekkende serier for spillere under senioralder. Slike tilbud er gjerne b\u00e5de selekterende og \u00f8konomisk kostbare. Og; flere spillere gir det hvertfall ikke \u2013 snarere tvert om. Da legger vi heller ressursene i tilbud&nbsp;hvor alle kan delta \u2013 helt uavhengig av ambisjoner og ferdigheter (som ofte henger sammen med om man sent eller tidlig fysisk utviklet).&nbsp;<\/p>\n<\/div>\n\n\n\n<div class=\"wp-block-column\">\n<figure class=\"wp-block-embed is-type-video is-provider-youtube wp-block-embed-youtube wp-embed-aspect-16-9 wp-has-aspect-ratio\"><div class=\"wp-block-embed__wrapper\">\n<iframe loading=\"lazy\" title=\"Christer Malm - Elitidrott, f\u00f6r barn eller f\u00f6r\u00e4ldrar?\" width=\"580\" height=\"326\" src=\"https:\/\/www.youtube.com\/embed\/ZjiJev129c4?feature=oembed\" frameborder=\"0\" allow=\"accelerometer; autoplay; clipboard-write; encrypted-media; gyroscope; picture-in-picture; web-share\" referrerpolicy=\"strict-origin-when-cross-origin\" allowfullscreen><\/iframe>\n<\/div><\/figure>\n\n\n\n<p class=\"has-small-font-size\"><em>Talang, tr\u00e4ning, och elitidrott och dess myter<\/em>. <br>Christer Malm, professor i idrottsmedicin, Ume\u00e5 universitet.<\/p>\n<\/div>\n<\/div>\n\n\n\n<div class=\"wp-block-msswb-spacer msswb-spacer-container show-line\" style=\"height:20px\"><div class=\"line\" style=\"height:10px\"><\/div><div class=\"line-center-divider\"><\/div><\/div>\n\n\n\n<div class=\"wp-block-columns\">\n<div class=\"wp-block-column\">\n<div class=\"wp-block-msswb-panel msswb-panel-container\"><div class=\"mwwsb-panel-header\"><div class=\"mwwsb-panel-title\">Utvikling i Midt-Norge 2007-2017<\/div><div class=\"mwwsb-panel-icon\"><span class=\"dashicon dashicons dashicons-arrow-down-alt2\"><\/span><\/div><\/div><div class=\"msswb-panel-content\"><div class=\"msswb-display-internal-post-frontend-app-v2\" data-url-encoded-attrs=\"%7B%22displayInternalPost%22%3A%7B%22blog_id%22%3A9%2C%22ID%22%3A1213%7D%7D\" data-dip-id=\"\" ><\/div><\/div><\/div>\n<\/div>\n\n\n\n<div class=\"wp-block-column\">\n<div class=\"wp-block-msswb-panel msswb-panel-container\"><div class=\"mwwsb-panel-header\"><div class=\"mwwsb-panel-title\">Utvikling i \u00d8stfold 2007-2017<\/div><div class=\"mwwsb-panel-icon\"><span class=\"dashicon dashicons dashicons-arrow-down-alt2\"><\/span><\/div><\/div><div class=\"msswb-panel-content\"><div class=\"msswb-display-internal-post-frontend-app-v2\" data-url-encoded-attrs=\"%7B%22displayInternalPost%22%3A%7B%22blog_id%22%3A9%2C%22ID%22%3A1212%7D%7D\" data-dip-id=\"\" ><\/div><\/div><\/div>\n<\/div>\n<\/div>\n\n\n\n<div class=\"wp-block-msswb-spacer msswb-spacer-container show-line\" style=\"height:53px\"><div class=\"line\" style=\"height:26px\"><\/div><div class=\"line-center-divider\"><\/div><\/div>\n\n\n\n<div class=\"wp-block-columns\">\n<div class=\"wp-block-column\" style=\"flex-basis:66.66%\">\n<p>Det&nbsp;har ogs\u00e5 v\u00e6rt klubber med eliteserielag i innebandy fra Midt-Norge de siste 10-15 \u00e5rene. Fellestrekkene her er at ingen av disse&nbsp;klubbene har hatt noen aktivitets\u00f8kning etter eliteseriedeltakelsen. Det er med andre ord ingenting som tilsier at eliteaktivitet gir \u00f8kt rekruttering \u2013 ei heller i Midt-Norge. Snarere ser man at det er helt andre elementer som gir vekst. S\u00e5 vil det kanskje hos enkelte v\u00e6re en oppfatning at det er ikke lov \u00e5 bli god i innebandy. Det er selvf\u00f8lgelig helt feil. Spillere som \u00f8nsker \u00e5 bli ut\u00f8vere p\u00e5 et h\u00f8yt niv\u00e5 vil selvf\u00f8lgelig f\u00e5 mulighet til dette. Det viser seg at for \u00e5 n\u00e5 landslagsniv\u00e5 m\u00e5 man ha en veldig sterk indre drivkraft \u2013 denne drivkraften vil medf\u00f8re at spillere som \u00f8nsker \u00e5 n\u00e5 et eliteniv\u00e5 vil iverksette de tiltak som trengs for \u00e5 n\u00e5 sine m\u00e5l helt uavhengig av hvordan tilbudet i egen klubb og egen region er p\u00e5 ungdomssiden generelt. NBF kan ikke forsvare \u00e5 utforme sitt aktivitetstilbud for barn og unge etter den prosenten som gjerne vil bli best \u2013 og den promillen som til slutt viser seg \u00e5 bli det. NBF og regionene&nbsp;m\u00e5 tilrettelegge for alle \u2013 husk at det dermed ogs\u00e5 inkluderer&nbsp;de 99 % som ikke ender p\u00e5 landslagene. Det er kun gjennom en slik prioritering at vi sammen vil n\u00e5 m\u00e5let om \u00f8kt aktivitetsvekst, og at alle som \u00f8nsker \u00e5 spille innebandy faktisk skal ha et tilbud om \u00e5 gj\u00f8re det i sitt n\u00e6rmilj\u00f8. I Midt-Norge er det fortsatt mange kommuner som ikke har et innebandytilbud. \u00c5 f\u00e5 etablert innebandyklubber i alle kommunene i Midt-Norge er en naturlig, langsiktig m\u00e5lsetning for oss. Det er langt viktigere for innebandyens utvikling i&nbsp;Midt-Norge enn \u00e5 ha lag i eliteserien.<\/p>\n<\/div>\n\n\n\n<div class=\"wp-block-column\" style=\"flex-basis:33.33%\">\n<figure class=\"wp-block-embed is-type-video is-provider-youtube wp-block-embed-youtube wp-embed-aspect-16-9 wp-has-aspect-ratio\"><div class=\"wp-block-embed__wrapper\">\n<iframe loading=\"lazy\" title=\"\u00c4r idrotten anpassad efter barnens behov?\" width=\"580\" height=\"326\" src=\"https:\/\/www.youtube.com\/embed\/XvUCFo4OMWw?feature=oembed\" frameborder=\"0\" allow=\"accelerometer; autoplay; clipboard-write; encrypted-media; gyroscope; picture-in-picture; web-share\" referrerpolicy=\"strict-origin-when-cross-origin\" allowfullscreen><\/iframe>\n<\/div><\/figure>\n\n\n\n<p class=\"has-small-font-size\"><em>\u00c4r idrotten anpassad efter barnens behov? <\/em><br>Emil Risberg &#8211; utvecklingschef f\u00f6r Svensk innebandy. <\/p>\n<\/div>\n<\/div>\n\n\n\n<div class=\"wp-block-msswb-spacer msswb-spacer-container show-line\" style=\"height:25px\"><div class=\"line\" style=\"border-bottom-width:3px;border-bottom-color:#444444;height:12px\"><\/div><div class=\"line-center-divider\"><\/div><\/div>\n\n\n<div class=\"msswb-image-frontend-app\"data-href-target=\"true\" data-href=\"%22http%3A%5C%2F%5C%2Fbobkast.bjonnes.net%5C%2F%22\" data-use-link=\"false\" data-screen-width=\"false\" data-alignment=\"%22left%22\" data-url=\"%22%5C%2Fwp-content%5C%2Fuploads%5C%2Fsites%5C%2F9%5C%2F2021%5C%2F07%5C%2FBOBKAST-1.jpg%22\" data-is-background-image=\"true\" data-border-radius=\"44\" data-image-width=\"1024\" data-image-height=\"683\" data-selected-image=\"%7B%22image_id%22%3A1952%2C%22blog_id%22%3A9%2C%22term_id%22%3A-1%2C%22selected_size%22%3A%22full%22%7D\" data-image-aspect-ratio=\"0.67\" data-alt-text=\"%22%22\" data-caption=\"%22%22\" data-width=\"240\" data-height=\"156\" data-focal-point=\"%7B%22x%22%3A%220.51%22%2C%22y%22%3A%220.53%22%7D\" data-show-light-box=\"false\" >\n<div class=\"msswb-image-block msswbleft\" style=\"width:240px\"><a href=\"http:\/\/bobkast.bjonnes.net\/\" target=\"_blank\" rel=\"noreferrer noopener\"><div class=\"msswb-image\"><div class=\"image-container is-background-image\" style=\"border-radius:44px;background-image:url(\/wp-content\/uploads\/sites\/9\/2021\/07\/BOBKAST-1.jpg);background-position:51% 53%;background-size:cover;background-repeat:no-repeat;width:100%;height:156px\"><\/div><\/div><\/a><div class=\"msswb-image-attribution\"><\/div><div class=\"msswb-image-caption\"><\/div><\/div>\n<\/div>\n\n\n<p>Det er mange meninger omkring hva som er viktig med idrett, og hva som b\u00f8r prioriteres. Like mange meninger er det nok ogs\u00e5 om hvorfor man egentlig holder p\u00e5 med idrett, hvorfor s\u00e5 mange slutter og hvorfor noen fortsetter. Den Kl\u00e6bubaserte podcasten <a rel=\"noreferrer noopener\" href=\"http:\/\/bobkast.bjonnes.net\/\" target=\"_blank\">Bobkast<\/a> tok for seg flere av utfordringene man st\u00f8ter p\u00e5 i idrettshverdagen i en av sine episoder, og for de som \u00f8nsker \u00e5 h\u00f8re p\u00e5 samtalen fire &laquo;idrettsinteresserte&raquo; f\u00f8rte om tematikken kan lydfilen nedenfor anbefales. Her st\u00e5r b\u00e5de alvor, fakta og glimt i \u00f8yet sentralt.<\/p>\n\n\n\n<figure class=\"wp-block-audio\"><audio controls src=\"https:\/\/bandyforbundet.no\/midt-norge-bandyregion\/wp-content\/uploads\/sites\/9\/2021\/07\/ep-68-idrettspodden-edit_master-MP3.mp3\"><\/audio><\/figure>\n\n\n\n<div class=\"wp-block-msswb-spacer msswb-spacer-container show-line\" style=\"height:2px\"><div class=\"line\" style=\"height:1px\"><\/div><div class=\"line-center-divider\"><\/div><\/div>\n","protected":false},"excerpt":{"rendered":"<p>Prioriteringer: Topp vs. bredde Midt-Norge Bandyregion (MNBR) er en av Norges Bandyforbund (NBF) sine regioner. Regionen er underlagt forbundets overordnede m\u00e5lsetninger og vedtak, og opptrer som administrerende myndighet for forbundet i Tr\u00f8ndelag og M\u00f8re og Romsdal. Det diskuteres ofte hvorfor regionen prioriterer \u201cdet og det\u201d og ikke gj\u00f8r \u201cs\u00e5nn og s\u00e5nn\u201d. MNBR sine prioriteringer er [&hellip;]<\/p>\n","protected":false},"author":12,"featured_media":0,"parent":919,"menu_order":0,"comment_status":"closed","ping_status":"closed","template":"","meta":{"cover_meta":"","footnotes":""},"class_list":["post-943","page","type-page","status-publish","hentry"],"_links":{"self":[{"href":"https:\/\/bandyforbundet.no\/midt-norge-bandyregion\/index.php?rest_route=\/wp\/v2\/pages\/943","targetHints":{"allow":["GET"]}}],"collection":[{"href":"https:\/\/bandyforbundet.no\/midt-norge-bandyregion\/index.php?rest_route=\/wp\/v2\/pages"}],"about":[{"href":"https:\/\/bandyforbundet.no\/midt-norge-bandyregion\/index.php?rest_route=\/wp\/v2\/types\/page"}],"author":[{"embeddable":true,"href":"https:\/\/bandyforbundet.no\/midt-norge-bandyregion\/index.php?rest_route=\/wp\/v2\/users\/12"}],"replies":[{"embeddable":true,"href":"https:\/\/bandyforbundet.no\/midt-norge-bandyregion\/index.php?rest_route=%2Fwp%2Fv2%2Fcomments&post=943"}],"version-history":[{"count":34,"href":"https:\/\/bandyforbundet.no\/midt-norge-bandyregion\/index.php?rest_route=\/wp\/v2\/pages\/943\/revisions"}],"predecessor-version":[{"id":3182,"href":"https:\/\/bandyforbundet.no\/midt-norge-bandyregion\/index.php?rest_route=\/wp\/v2\/pages\/943\/revisions\/3182"}],"up":[{"embeddable":true,"href":"https:\/\/bandyforbundet.no\/midt-norge-bandyregion\/index.php?rest_route=\/wp\/v2\/pages\/919"}],"wp:attachment":[{"href":"https:\/\/bandyforbundet.no\/midt-norge-bandyregion\/index.php?rest_route=%2Fwp%2Fv2%2Fmedia&parent=943"}],"curies":[{"name":"wp","href":"https:\/\/api.w.org\/{rel}","templated":true}]}}