{"id":1154,"date":"2022-08-31T12:14:51","date_gmt":"2022-08-31T12:14:51","guid":{"rendered":"https:\/\/bandyforbundet.no\/nord-norge-bandyregion\/?page_id=1154"},"modified":"2025-06-11T11:25:19","modified_gmt":"2025-06-11T11:25:19","slug":"klubboversikt","status":"publish","type":"page","link":"https:\/\/bandyforbundet.no\/nord-norge-bandyregion\/?page_id=1154","title":{"rendered":"Klubboversikt"},"content":{"rendered":"\n<div class=\"wp-block-msswb-spacer msswb-spacer-container\" style=\"height:50px\"><div class=\"line\" style=\"height:25px\"><\/div><div class=\"line-center-divider\"><\/div><\/div>\n\n\n\n<div class=\"wp-block-msswb-panel msswb-panel-container\"><div class=\"mwwsb-panel-header\"><div class=\"mwwsb-panel-title\">Oversikt klubber<\/div><div class=\"mwwsb-panel-icon\"><span class=\"dashicon dashicons dashicons-arrow-down-alt2\"><\/span><\/div><\/div><div class=\"msswb-panel-content\">\n<div class=\"wp-block-msswb-panel msswb-panel-container\"><div class=\"mwwsb-panel-header\"><div class=\"mwwsb-panel-title\">Billefjord IL<\/div><div class=\"mwwsb-panel-icon\"><span class=\"dashicon dashicons dashicons-arrow-down-alt2\"><\/span><\/div><\/div><div class=\"msswb-panel-content\">\n<ul class=\"wp-block-list\">\n<li>Mail: billefjordil@hotmail.com<\/li>\n\n\n\n<li>Hjemmedrakt: Bl\u00e5<\/li>\n<\/ul>\n\n\n\n<p><\/p>\n<\/div><\/div>\n\n\n\n<div class=\"wp-block-msswb-panel msswb-panel-container\"><div class=\"mwwsb-panel-header\"><div class=\"mwwsb-panel-title\">Bod\u00f8 IBK<\/div><div class=\"mwwsb-panel-icon\"><span class=\"dashicon dashicons dashicons-arrow-down-alt2\"><\/span><\/div><\/div><div class=\"msswb-panel-content\">\n<p>Leder: Nina Eivik Huge<br>Mail: Leder@bibk.no<br>Hjemmedrakt: Bl\u00e5 tr\u00f8ye, sorte shorts og str\u00f8mper<br>Bortedrakt: Rosa tr\u00f8ye, sorte shorts og str\u00f8mper<br>Hjemmeside: www.bibk.no<br>Facebook: https:\/\/www.facebook.com\/BodoIBK<br>Hjemmebane: Bankgata flerbrukshall<\/p>\n\n\n\n<p>Overnatting p\u00e5 skole: Bankgata Ungdomsskole &#8211; 755 56 620<\/p>\n<\/div><\/div>\n\n\n\n<div class=\"wp-block-msswb-panel msswb-panel-container\"><div class=\"mwwsb-panel-header\"><div class=\"mwwsb-panel-title\">D\u00f8nna IBK<\/div><div class=\"mwwsb-panel-icon\"><span class=\"dashicon dashicons dashicons-arrow-down-alt2\"><\/span><\/div><\/div><div class=\"msswb-panel-content\">\n<p>Leder: Ida Aaker<br>Mail: donnainnebandy@gmail.com<br>Hjemmedrakt: R\u00f8d<br>Bortedrakt:<br>Facebook: https:\/\/www.facebook.com\/DonnaInnebandy<br>Hjemmebane: D\u00f8nnahallen<\/p>\n\n\n\n<p>Overnatting p\u00e5 skole: D\u00f8nna barne- og ungdomsskole<\/p>\n<\/div><\/div>\n\n\n\n<div class=\"wp-block-msswb-panel msswb-panel-container\"><div class=\"mwwsb-panel-header\"><div class=\"mwwsb-panel-title\">Hamar\u00f8y IL \/Harstad IBK<\/div><div class=\"mwwsb-panel-icon\"><span class=\"dashicon dashicons dashicons-arrow-down-alt2\"><\/span><\/div><\/div><div class=\"msswb-panel-content\">\n<ul class=\"wp-block-list\">\n<li>Hjemmedrakt: Hvit og r\u00f8d, p\u00e5 b\u00e5de skjorte og shorts<\/li>\n<\/ul>\n<\/div><\/div>\n\n\n\n<div class=\"wp-block-msswb-panel msswb-panel-container\"><div class=\"mwwsb-panel-header\"><div class=\"mwwsb-panel-title\">Hammerfest &amp; Fors\u00f8l IBK<\/div><div class=\"mwwsb-panel-icon\"><span class=\"dashicon dashicons dashicons-arrow-down-alt2\"><\/span><\/div><\/div><div class=\"msswb-panel-content\">\n<ul class=\"wp-block-list\">\n<li>Hjemmedrakt: Svart og r\u00f8d overdel, svart shorts. Hvite detaljer<\/li>\n\n\n\n<li>3.Drakt: Helt r\u00f8d, med hvite detaljer<\/li>\n<\/ul>\n<\/div><\/div>\n\n\n\n<div class=\"wp-block-msswb-panel msswb-panel-container\"><div class=\"mwwsb-panel-header\"><div class=\"mwwsb-panel-title\">Harstad IBK<\/div><div class=\"mwwsb-panel-icon\"><span class=\"dashicon dashicons dashicons-arrow-down-alt2\"><\/span><\/div><\/div><div class=\"msswb-panel-content\">\n<p>Leder: Ellen Lind<br>Mail: Harstad.ibk@gmail.com<br>Hjemmedrakt: Bl\u00e5<br>Bortedrakt: Hvit<br>Hjemmebane: Harstadhallen<br>Hjemmeside: https:\/\/www.harstadibk.org\/<br>Facebook: https:\/\/www.facebook.com\/Harstadinnebandyklubb <\/p>\n\n\n\n<p>Overnatting p\u00e5 skole: Seljestad skole, hagebyen skole og Harstad skole &#8211; 770 26 380<\/p>\n<\/div><\/div>\n\n\n\n<div class=\"wp-block-msswb-panel msswb-panel-container\"><div class=\"mwwsb-panel-header\"><div class=\"mwwsb-panel-title\">Hav\u00f8ysund IL<\/div><div class=\"mwwsb-panel-icon\"><span class=\"dashicon dashicons dashicons-arrow-down-alt2\"><\/span><\/div><\/div><div class=\"msswb-panel-content\">\n<ul class=\"wp-block-list\">\n<li>Hjemmedrakt: Gr\u00f8nn drakt hvit shorts<\/li>\n<\/ul>\n<\/div><\/div>\n\n\n\n<div class=\"wp-block-msswb-panel msswb-panel-container\"><div class=\"mwwsb-panel-header\"><div class=\"mwwsb-panel-title\">HF Innebandy<\/div><div class=\"mwwsb-panel-icon\"><span class=\"dashicon dashicons dashicons-arrow-down-alt2\"><\/span><\/div><\/div><div class=\"msswb-panel-content\">\n<p>Leder og dagligleder: Even Enochsen<br>Mail: hfinnebandy@live.com<br>Hjemmedrakt: <br>Bortedrakt:<br>Hjemmebane: Hammerfest Flerbrukshall<br>Facebook: https:\/\/www.facebook.com\/hfinnebandy<br><\/p>\n\n\n\n<p>Overnatting p\u00e5 skole: Reindalen skole og Fuglenes skole<\/p>\n<\/div><\/div>\n\n\n\n<div class=\"wp-block-msswb-panel msswb-panel-container\"><div class=\"mwwsb-panel-header\"><div class=\"mwwsb-panel-title\">IL\/BL Unglyn &#8211; Innebandy<\/div><div class=\"mwwsb-panel-icon\"><span class=\"dashicon dashicons dashicons-arrow-down-alt2\"><\/span><\/div><\/div><div class=\"msswb-panel-content\">\n<p>Leder: Stig Normann<br>Mail: unglyn@mail.com<br>Hjemmedrakt: <br>Bortedrakt:<br>Hjemmeside: unglyn.no<br>Facebook:<br>Hjemmebane: S\u00f8rreisa idrettshall <\/p>\n\n\n\n<p>Overnatting p\u00e5 skole: S\u00f8rreisa barne- og ungdomsskole<\/p>\n<\/div><\/div>\n\n\n\n<div class=\"wp-block-msswb-panel msswb-panel-container\"><div class=\"mwwsb-panel-header\"><div class=\"mwwsb-panel-title\">Krokelvdalen IL<\/div><div class=\"mwwsb-panel-icon\"><span class=\"dashicon dashicons dashicons-arrow-down-alt2\"><\/span><\/div><\/div><div class=\"msswb-panel-content\">\n<ul class=\"wp-block-list\">\n<li>Hjemmedrakt: Vinr\u00f8d<\/li>\n\n\n\n<li>Bortedrakt: Lysebl\u00e5<\/li>\n<\/ul>\n<\/div><\/div>\n\n\n\n<div class=\"wp-block-msswb-panel msswb-panel-container\"><div class=\"mwwsb-panel-header\"><div class=\"mwwsb-panel-title\">Karasjok IBK<\/div><div class=\"mwwsb-panel-icon\"><span class=\"dashicon dashicons dashicons-arrow-down-alt2\"><\/span><\/div><\/div><div class=\"msswb-panel-content\"><\/div><\/div>\n\n\n\n<div class=\"wp-block-msswb-panel msswb-panel-container\"><div class=\"mwwsb-panel-header\"><div class=\"mwwsb-panel-title\">Kautokeino IL<\/div><div class=\"mwwsb-panel-icon\"><span class=\"dashicon dashicons dashicons-arrow-down-alt2\"><\/span><\/div><\/div><div class=\"msswb-panel-content\"><\/div><\/div>\n\n\n\n<div class=\"wp-block-msswb-panel msswb-panel-container\"><div class=\"mwwsb-panel-header\"><div class=\"mwwsb-panel-title\">Narvik Wizards IBK<\/div><div class=\"mwwsb-panel-icon\"><span class=\"dashicon dashicons dashicons-arrow-down-alt2\"><\/span><\/div><\/div><div class=\"msswb-panel-content\">\n<p>Overnatting p\u00e5 skole:<br>Kathrine Mcalister: 916 76 230<\/p>\n<\/div><\/div>\n\n\n\n<div class=\"wp-block-msswb-panel msswb-panel-container\"><div class=\"mwwsb-panel-header\"><div class=\"mwwsb-panel-title\">Sandnessj\u00f8en IBK<\/div><div class=\"mwwsb-panel-icon\"><span class=\"dashicon dashicons dashicons-arrow-down-alt2\"><\/span><\/div><\/div><div class=\"msswb-panel-content\">\n<p>Leder: Ann Rigmor Pettersen<br>Mail: Sandnessjoen.ibk@gmail.com<br>Hjemmedrakt: Sort tr\u00f8ye og sort shorts<br>Bortedrakt: Hvit tr\u00f8ye og sort shorts<br>Facebook: <a href=\"https:\/\/www.facebook.com\/share\/14fAadx42j\/\">www.facebook.com\/share\/14fAadx42j\/<\/a><br>Hjemmebane: Stamneshallen<\/p>\n\n\n\n<p>Overnatting p\u00e5 skole: Sandnessj\u00f8en ungdomsskole<\/p>\n<\/div><\/div>\n\n\n\n<div class=\"wp-block-msswb-panel msswb-panel-container\"><div class=\"mwwsb-panel-header\"><div class=\"mwwsb-panel-title\">Senja IBK<\/div><div class=\"mwwsb-panel-icon\"><span class=\"dashicon dashicons dashicons-arrow-down-alt2\"><\/span><\/div><\/div><div class=\"msswb-panel-content\">\n<ul class=\"wp-block-list\">\n<li>Hjemmedrakt: Gul<\/li>\n\n\n\n<li>Bortedrakt: Sort<\/li>\n\n\n\n<li>Hjemmebane: Silsandhallen<\/li>\n<\/ul>\n<\/div><\/div>\n\n\n\n<div class=\"wp-block-msswb-panel msswb-panel-container\"><div class=\"mwwsb-panel-header\"><div class=\"mwwsb-panel-title\">Skibotn IL<\/div><div class=\"mwwsb-panel-icon\"><span class=\"dashicon dashicons dashicons-arrow-down-alt2\"><\/span><\/div><\/div><div class=\"msswb-panel-content\"><\/div><\/div>\n\n\n\n<div class=\"wp-block-msswb-panel msswb-panel-container\"><div class=\"mwwsb-panel-header\"><div class=\"mwwsb-panel-title\">Troms\u00f8 IBK<\/div><div class=\"mwwsb-panel-icon\"><span class=\"dashicon dashicons dashicons-arrow-down-alt2\"><\/span><\/div><\/div><div class=\"msswb-panel-content\">\n<p>Leder: Jan Trondsen<br>Mail: tromsoibk@gmail.com<br>Hjemmedrakt: Burgunder tr\u00f8ye og str\u00f8mper\/sort shorts<br>Bortedrakt: Gul tr\u00f8ye, burgunder str\u00f8mper og sort shorts<br>Hjemmebane: Krokenhallen<br>Hjemmeside: www.tibk.no<\/p>\n<\/div><\/div>\n\n\n\n<div class=\"wp-block-msswb-panel msswb-panel-container\"><div class=\"mwwsb-panel-header\"><div class=\"mwwsb-panel-title\">Troms\u00f8studendenes Idrettslag<\/div><div class=\"mwwsb-panel-icon\"><span class=\"dashicon dashicons dashicons-arrow-down-alt2\"><\/span><\/div><\/div><div class=\"msswb-panel-content\">\n<p>Leder: Magnus Leivseth<br>Mail: Innebandy.tsi@gmail.com<br>Hjemmedrakt: Svart<br>Bortedrakt: Hvit<br>Facebook: www.facebook.com\/tsiinnebandy<br>Hjemmebane: Krafthallen &#8211; Troms\u00f8<\/p>\n\n\n\n<p>Overnatting p\u00e5 skole: Ishavsbyen skole<\/p>\n<\/div><\/div>\n\n\n\n<div class=\"wp-block-msswb-panel msswb-panel-container\"><div class=\"mwwsb-panel-header\"><div class=\"mwwsb-panel-title\">Tverlandet IL<\/div><div class=\"mwwsb-panel-icon\"><span class=\"dashicon dashicons dashicons-arrow-down-alt2\"><\/span><\/div><\/div><div class=\"msswb-panel-content\">\n<p>Leder: Hanne Kristoffersen<br>Hjemmedrakt: M\u00f8rk bl\u00e5<br>Bortedrakt: Sort med r\u00f8de detaljer<\/p>\n<\/div><\/div>\n<\/div><\/div>\n\n\n\n<p><\/p>\n","protected":false},"excerpt":{"rendered":"","protected":false},"author":55,"featured_media":0,"parent":244,"menu_order":0,"comment_status":"closed","ping_status":"closed","template":"","meta":{"cover_meta":"","footnotes":""},"class_list":["post-1154","page","type-page","status-publish","hentry"],"_links":{"self":[{"href":"https:\/\/bandyforbundet.no\/nord-norge-bandyregion\/index.php?rest_route=\/wp\/v2\/pages\/1154","targetHints":{"allow":["GET"]}}],"collection":[{"href":"https:\/\/bandyforbundet.no\/nord-norge-bandyregion\/index.php?rest_route=\/wp\/v2\/pages"}],"about":[{"href":"https:\/\/bandyforbundet.no\/nord-norge-bandyregion\/index.php?rest_route=\/wp\/v2\/types\/page"}],"author":[{"embeddable":true,"href":"https:\/\/bandyforbundet.no\/nord-norge-bandyregion\/index.php?rest_route=\/wp\/v2\/users\/55"}],"replies":[{"embeddable":true,"href":"https:\/\/bandyforbundet.no\/nord-norge-bandyregion\/index.php?rest_route=%2Fwp%2Fv2%2Fcomments&post=1154"}],"version-history":[{"count":8,"href":"https:\/\/bandyforbundet.no\/nord-norge-bandyregion\/index.php?rest_route=\/wp\/v2\/pages\/1154\/revisions"}],"predecessor-version":[{"id":1975,"href":"https:\/\/bandyforbundet.no\/nord-norge-bandyregion\/index.php?rest_route=\/wp\/v2\/pages\/1154\/revisions\/1975"}],"up":[{"embeddable":true,"href":"https:\/\/bandyforbundet.no\/nord-norge-bandyregion\/index.php?rest_route=\/wp\/v2\/pages\/244"}],"wp:attachment":[{"href":"https:\/\/bandyforbundet.no\/nord-norge-bandyregion\/index.php?rest_route=%2Fwp%2Fv2%2Fmedia&parent=1154"}],"curies":[{"name":"wp","href":"https:\/\/api.w.org\/{rel}","templated":true}]}}

<div class="wp-block-msswb-spacer msswb-spacer-container" style="height:50px"><div class="line" style="height:25px"></div><div class="line-center-divider"></div></div>



<div class="wp-block-msswb-panel msswb-panel-container"><div class="mwwsb-panel-header"><div class="mwwsb-panel-title">Oversikt klubber</div><div class="mwwsb-panel-icon"><span class="dashicon dashicons dashicons-arrow-down-alt2"></span></div></div><div class="msswb-panel-content">
<div class="wp-block-msswb-panel msswb-panel-container"><div class="mwwsb-panel-header"><div class="mwwsb-panel-title">Billefjord IL</div><div class="mwwsb-panel-icon"><span class="dashicon dashicons dashicons-arrow-down-alt2"></span></div></div><div class="msswb-panel-content">
<ul class="wp-block-list">
<li>Mail: billefjordil@hotmail.com</li>



<li>Hjemmedrakt: Blå</li>
</ul>



<p></p>
</div></div>



<div class="wp-block-msswb-panel msswb-panel-container"><div class="mwwsb-panel-header"><div class="mwwsb-panel-title">Bodø IBK</div><div class="mwwsb-panel-icon"><span class="dashicon dashicons dashicons-arrow-down-alt2"></span></div></div><div class="msswb-panel-content">
<p>Leder: Nina Eivik Huge<br>Mail: Leder@bibk.no<br>Hjemmedrakt: Blå trøye, sorte shorts og strømper<br>Bortedrakt: Rosa trøye, sorte shorts og strømper<br>Hjemmeside: www.bibk.no<br>Facebook: https://www.facebook.com/BodoIBK<br>Hjemmebane: Bankgata flerbrukshall</p>



<p>Overnatting på skole: Bankgata Ungdomsskole &#8211; 755 56 620</p>
</div></div>



<div class="wp-block-msswb-panel msswb-panel-container"><div class="mwwsb-panel-header"><div class="mwwsb-panel-title">Dønna IBK</div><div class="mwwsb-panel-icon"><span class="dashicon dashicons dashicons-arrow-down-alt2"></span></div></div><div class="msswb-panel-content">
<p>Leder: Ida Aaker<br>Mail: donnainnebandy@gmail.com<br>Hjemmedrakt: Rød<br>Bortedrakt:<br>Facebook: https://www.facebook.com/DonnaInnebandy<br>Hjemmebane: Dønnahallen</p>



<p>Overnatting på skole: Dønna barne- og ungdomsskole</p>
</div></div>



<div class="wp-block-msswb-panel msswb-panel-container"><div class="mwwsb-panel-header"><div class="mwwsb-panel-title">Hamarøy IL /Harstad IBK</div><div class="mwwsb-panel-icon"><span class="dashicon dashicons dashicons-arrow-down-alt2"></span></div></div><div class="msswb-panel-content">
<ul class="wp-block-list">
<li>Hjemmedrakt: Hvit og rød, på både skjorte og shorts</li>
</ul>
</div></div>



<div class="wp-block-msswb-panel msswb-panel-container"><div class="mwwsb-panel-header"><div class="mwwsb-panel-title">Hammerfest &amp; Forsøl IBK</div><div class="mwwsb-panel-icon"><span class="dashicon dashicons dashicons-arrow-down-alt2"></span></div></div><div class="msswb-panel-content">
<ul class="wp-block-list">
<li>Hjemmedrakt: Svart og rød overdel, svart shorts. Hvite detaljer</li>



<li>3.Drakt: Helt rød, med hvite detaljer</li>
</ul>
</div></div>



<div class="wp-block-msswb-panel msswb-panel-container"><div class="mwwsb-panel-header"><div class="mwwsb-panel-title">Harstad IBK</div><div class="mwwsb-panel-icon"><span class="dashicon dashicons dashicons-arrow-down-alt2"></span></div></div><div class="msswb-panel-content">
<p>Leder: Ellen Lind<br>Mail: Harstad.ibk@gmail.com<br>Hjemmedrakt: Blå<br>Bortedrakt: Hvit<br>Hjemmebane: Harstadhallen<br>Hjemmeside: https://www.harstadibk.org/<br>Facebook: https://www.facebook.com/Harstadinnebandyklubb </p>



<p>Overnatting på skole: Seljestad skole, hagebyen skole og Harstad skole &#8211; 770 26 380</p>
</div></div>



<div class="wp-block-msswb-panel msswb-panel-container"><div class="mwwsb-panel-header"><div class="mwwsb-panel-title">Havøysund IL</div><div class="mwwsb-panel-icon"><span class="dashicon dashicons dashicons-arrow-down-alt2"></span></div></div><div class="msswb-panel-content">
<ul class="wp-block-list">
<li>Hjemmedrakt: Grønn drakt hvit shorts</li>
</ul>
</div></div>



<div class="wp-block-msswb-panel msswb-panel-container"><div class="mwwsb-panel-header"><div class="mwwsb-panel-title">HF Innebandy</div><div class="mwwsb-panel-icon"><span class="dashicon dashicons dashicons-arrow-down-alt2"></span></div></div><div class="msswb-panel-content">
<p>Leder og dagligleder: Even Enochsen<br>Mail: hfinnebandy@live.com<br>Hjemmedrakt: <br>Bortedrakt:<br>Hjemmebane: Hammerfest Flerbrukshall<br>Facebook: https://www.facebook.com/hfinnebandy<br></p>



<p>Overnatting på skole: Reindalen skole og Fuglenes skole</p>
</div></div>



<div class="wp-block-msswb-panel msswb-panel-container"><div class="mwwsb-panel-header"><div class="mwwsb-panel-title">IL/BL Unglyn &#8211; Innebandy</div><div class="mwwsb-panel-icon"><span class="dashicon dashicons dashicons-arrow-down-alt2"></span></div></div><div class="msswb-panel-content">
<p>Leder: Stig Normann<br>Mail: unglyn@mail.com<br>Hjemmedrakt: <br>Bortedrakt:<br>Hjemmeside: unglyn.no<br>Facebook:<br>Hjemmebane: Sørreisa idrettshall </p>



<p>Overnatting på skole: Sørreisa barne- og ungdomsskole</p>
</div></div>



<div class="wp-block-msswb-panel msswb-panel-container"><div class="mwwsb-panel-header"><div class="mwwsb-panel-title">Krokelvdalen IL</div><div class="mwwsb-panel-icon"><span class="dashicon dashicons dashicons-arrow-down-alt2"></span></div></div><div class="msswb-panel-content">
<ul class="wp-block-list">
<li>Hjemmedrakt: Vinrød</li>



<li>Bortedrakt: Lyseblå</li>
</ul>
</div></div>



<div class="wp-block-msswb-panel msswb-panel-container"><div class="mwwsb-panel-header"><div class="mwwsb-panel-title">Karasjok IBK</div><div class="mwwsb-panel-icon"><span class="dashicon dashicons dashicons-arrow-down-alt2"></span></div></div><div class="msswb-panel-content"></div></div>



<div class="wp-block-msswb-panel msswb-panel-container"><div class="mwwsb-panel-header"><div class="mwwsb-panel-title">Kautokeino IL</div><div class="mwwsb-panel-icon"><span class="dashicon dashicons dashicons-arrow-down-alt2"></span></div></div><div class="msswb-panel-content"></div></div>



<div class="wp-block-msswb-panel msswb-panel-container"><div class="mwwsb-panel-header"><div class="mwwsb-panel-title">Narvik Wizards IBK</div><div class="mwwsb-panel-icon"><span class="dashicon dashicons dashicons-arrow-down-alt2"></span></div></div><div class="msswb-panel-content">
<p>Overnatting på skole:<br>Kathrine Mcalister: 916 76 230</p>
</div></div>



<div class="wp-block-msswb-panel msswb-panel-container"><div class="mwwsb-panel-header"><div class="mwwsb-panel-title">Sandnessjøen IBK</div><div class="mwwsb-panel-icon"><span class="dashicon dashicons dashicons-arrow-down-alt2"></span></div></div><div class="msswb-panel-content">
<p>Leder: Ann Rigmor Pettersen<br>Mail: Sandnessjoen.ibk@gmail.com<br>Hjemmedrakt: Sort trøye og sort shorts<br>Bortedrakt: Hvit trøye og sort shorts<br>Facebook: <a href="https://www.facebook.com/share/14fAadx42j/">www.facebook.com/share/14fAadx42j/</a><br>Hjemmebane: Stamneshallen</p>



<p>Overnatting på skole: Sandnessjøen ungdomsskole</p>
</div></div>



<div class="wp-block-msswb-panel msswb-panel-container"><div class="mwwsb-panel-header"><div class="mwwsb-panel-title">Senja IBK</div><div class="mwwsb-panel-icon"><span class="dashicon dashicons dashicons-arrow-down-alt2"></span></div></div><div class="msswb-panel-content">
<ul class="wp-block-list">
<li>Hjemmedrakt: Gul</li>



<li>Bortedrakt: Sort</li>



<li>Hjemmebane: Silsandhallen</li>
</ul>
</div></div>



<div class="wp-block-msswb-panel msswb-panel-container"><div class="mwwsb-panel-header"><div class="mwwsb-panel-title">Skibotn IL</div><div class="mwwsb-panel-icon"><span class="dashicon dashicons dashicons-arrow-down-alt2"></span></div></div><div class="msswb-panel-content"></div></div>



<div class="wp-block-msswb-panel msswb-panel-container"><div class="mwwsb-panel-header"><div class="mwwsb-panel-title">Tromsø IBK</div><div class="mwwsb-panel-icon"><span class="dashicon dashicons dashicons-arrow-down-alt2"></span></div></div><div class="msswb-panel-content">
<p>Leder: Jan Trondsen<br>Mail: tromsoibk@gmail.com<br>Hjemmedrakt: Burgunder trøye og strømper/sort shorts<br>Bortedrakt: Gul trøye, burgunder strømper og sort shorts<br>Hjemmebane: Krokenhallen<br>Hjemmeside: www.tibk.no</p>
</div></div>



<div class="wp-block-msswb-panel msswb-panel-container"><div class="mwwsb-panel-header"><div class="mwwsb-panel-title">Tromsøstudendenes Idrettslag</div><div class="mwwsb-panel-icon"><span class="dashicon dashicons dashicons-arrow-down-alt2"></span></div></div><div class="msswb-panel-content">
<p>Leder: Magnus Leivseth<br>Mail: Innebandy.tsi@gmail.com<br>Hjemmedrakt: Svart<br>Bortedrakt: Hvit<br>Facebook: www.facebook.com/tsiinnebandy<br>Hjemmebane: Krafthallen &#8211; Tromsø</p>



<p>Overnatting på skole: Ishavsbyen skole</p>
</div></div>



<div class="wp-block-msswb-panel msswb-panel-container"><div class="mwwsb-panel-header"><div class="mwwsb-panel-title">Tverlandet IL</div><div class="mwwsb-panel-icon"><span class="dashicon dashicons dashicons-arrow-down-alt2"></span></div></div><div class="msswb-panel-content">
<p>Leder: Hanne Kristoffersen<br>Hjemmedrakt: Mørk blå<br>Bortedrakt: Sort med røde detaljer</p>
</div></div>
</div></div>



<p></p>
