{"id":1685,"date":"2023-08-15T11:54:22","date_gmt":"2023-08-15T11:54:22","guid":{"rendered":"https:\/\/bandyforbundet.no\/nord-norge-bandyregion\/?page_id=1685"},"modified":"2025-09-01T13:09:24","modified_gmt":"2025-09-01T13:09:24","slug":"__trashed","status":"publish","type":"page","link":"https:\/\/bandyforbundet.no\/nord-norge-bandyregion\/?page_id=1685","title":{"rendered":"Lisens"},"content":{"rendered":"\n<div class=\"wp-block-columns\">\n<div class=\"wp-block-column\" style=\"flex-basis:100%\"><\/div>\n<\/div>\n\n\n\n<div class=\"wp-block-msswb-panel msswb-panel-container\"><div class=\"mwwsb-panel-header\"><div class=\"mwwsb-panel-title\">Hvilken lisens skal jeg l\u00f8se denne sesongen for spill i Nord-Norge denne sesongen?<\/div><div class=\"mwwsb-panel-icon\"><span class=\"dashicon dashicons dashicons-arrow-down-alt2\"><\/span><\/div><\/div><div class=\"msswb-panel-content\">\n<p><strong>1.divisjon menn<\/strong><br>Her l\u00f8ser man lisenstypen &laquo;\u00f8vrige seniorserier&raquo;.<br><br><strong>2.divisjon menn\/kvinner<\/strong><br>Her l\u00f8ser man lisenstypen &laquo;\u00f8vrige seniorserier&raquo;.<br><br><strong>Ungdomsserien<\/strong><br>Her l\u00f8ser man lisenstypen &laquo;ungdom.<br><br><strong>Minirunde<\/strong><br>\u00c5 l\u00f8se lisens n\u00e5r man er i minirundealder er frivillig. For de som \u00f8nsker kan man l\u00f8se lisensen &laquo;barn&raquo;.<br>For barn under 13 \u00e5r er man uansett forsikret gjennom <a rel=\"noreferrer noopener\" href=\"https:\/\/www.idrettsforbundet.no\/klubbguiden\/drifte-et-idrettslag\/okonomi\/forsikring\/\" target=\"_blank\">barneidrettsforsikringen til NIF<\/a> ved deltakelse p\u00e5 v\u00e5re minirunder.<br><br>*Personer som kun skal d\u00f8mme og ikke spille l\u00f8ser &laquo;dommerlisens&raquo;. <br><br>\u00d8vrig informasjon om lisensordningen til NBF finnes <a rel=\"noreferrer noopener\" href=\"https:\/\/bandyforbundet.no\/forbundet\/?msswb-post=avklaring-om-lisens-og-forsikring\" target=\"_blank\">he<\/a><a rel=\"noreferrer noopener\" href=\"https:\/\/bandyforbundet.no\/forbundet\/?page_id=301\" target=\"_blank\">r<\/a>.<\/p>\n<\/div><\/div>\n\n\n\n<div class=\"wp-block-msswb-panel msswb-panel-container\"><div class=\"mwwsb-panel-header\"><div class=\"mwwsb-panel-title\">Oppdaterte lisensvilk\u00e5r 2025\/26<\/div><div class=\"mwwsb-panel-icon\"><span class=\"dashicon dashicons dashicons-arrow-down-alt2\"><\/span><\/div><\/div><div class=\"msswb-panel-content\">\n<p>NBF har oppdatert sine lisensvilk\u00e5r for kommende sesong:<\/p>\n\n\n\n<div class=\"msswb-file\"><a href=\"https:\/\/bandyforbundet.no\/midt-norge-bandyregion\/wp-content\/uploads\/sites\/9\/2025\/08\/Lisensvilkar-NBF.pdf\" class=\"file-button\" download><span class=\"dashicon dashicons dashicons-download\"><\/span><\/a><a class=\"file-link\" href=\"https:\/\/bandyforbundet.no\/midt-norge-bandyregion\/wp-content\/uploads\/sites\/9\/2025\/08\/Lisensvilkar-NBF.pdf\">Lisensvilk\u00e5r NBF<\/a><\/div>\n\n\n\n<div class=\"msswb-file\"><a href=\"https:\/\/bandyforbundet.no\/midt-norge-bandyregion\/wp-content\/uploads\/sites\/9\/2025\/08\/Avklaring-om-lisens-og-forsikring_2025-2026_pdf.pdf\" class=\"file-button\" download><span class=\"dashicon dashicons dashicons-download\"><\/span><\/a><a class=\"file-link\" href=\"https:\/\/bandyforbundet.no\/midt-norge-bandyregion\/wp-content\/uploads\/sites\/9\/2025\/08\/Avklaring-om-lisens-og-forsikring_2025-2026_pdf.pdf\">Avklaring om lisens og forsikring_2025-2026_pdf<\/a><\/div>\n<\/div><\/div>\n\n\n\n<div class=\"wp-block-msswb-panel msswb-panel-container\"><div class=\"mwwsb-panel-header\"><div class=\"mwwsb-panel-title\">Lisenspriser 2025\/26<\/div><div class=\"mwwsb-panel-icon\"><span class=\"dashicon dashicons dashicons-arrow-down-alt2\"><\/span><\/div><\/div><div class=\"msswb-panel-content\">\n<figure class=\"wp-block-table\"><table><thead><tr><th>INNEBANDY<\/th><th>Grunnlisens<\/th><th>Utvidet lisens<\/th><\/tr><\/thead><tbody><tr><td>H\u00f8yeste niv\u00e5 (elite og 1. div \u00f8stland menn)<\/td><td>2625<\/td><td>3300<\/td><\/tr><tr><td>\u00d8vrige seniorserier<\/td><td>1365<\/td><td>1980<\/td><\/tr><tr><td>Ungdom f\u00f8dt 2013- 2006 (12 \u00e5r tom 19 \u00e5r)<\/td><td>735<\/td><td>1210<\/td><\/tr><tr><td>Barn f\u00f8dt 2021 &#8211; 2014 (under 12 \u00e5r)<\/td><td>55<\/td><td><\/td><\/tr><tr><td>Turneringslisens (gjelder for 4 konkurransedager)<\/td><td>265<\/td><td><\/td><\/tr><tr><td>Dommerlisens (alle serier)<\/td><td><\/td><td>870*<\/td><\/tr><tr><td>Frivillig lisens st\u00f8tteapparat (alle serier)<\/td><td>500<\/td><td><\/td><\/tr><tr><td>Mosjonslisens uten skadeforsikring<\/td><td>525<\/td><td><\/td><\/tr><tr><td>Spillerlisens for EL-innebandy<\/td><td>505<\/td><td>780<\/td><\/tr><tr><td>Engangslisens NM-Veka EL-innebandy<\/td><td>295<\/td><td><\/td><\/tr><tr><td>Lisens Superinnebandy<\/td><td>505<\/td><td>780<\/td><\/tr><tr><td>Engangslisens Norgeslekene Superinnebandy<\/td><td>270<\/td><td><\/td><\/tr><\/tbody><\/table><figcaption class=\"wp-element-caption\"><strong>* For spillere til og med 19 \u00e5r, som har l\u00f8st spillerlisens for ungdom, og som samtidig er dommer, trenger ikke \u00e5 l\u00f8se dommerlisens<\/strong><\/figcaption><\/figure>\n<\/div><\/div>\n\n\n\n<div class=\"wp-block-msswb-panel msswb-panel-container\"><div class=\"mwwsb-panel-header\"><div class=\"mwwsb-panel-title\">Regler for dobbel representasjonsrett for spillere mellom 16 og 22 \u00e5r<\/div><div class=\"mwwsb-panel-icon\"><span class=\"dashicon dashicons dashicons-arrow-down-alt2\"><\/span><\/div><\/div><div class=\"msswb-panel-content\">\n<p>Les mer p\u00e5&nbsp;<a href=\"https:\/\/bandyforbundet.no\/innebandy\/?msswb-post=dobbel-representasjonsrett-for-spillere-mellom-16-og-22-ar\">denne saken<\/a>.<\/p>\n<\/div><\/div>\n","protected":false},"excerpt":{"rendered":"","protected":false},"author":70,"featured_media":0,"parent":244,"menu_order":0,"comment_status":"closed","ping_status":"closed","template":"","meta":{"cover_meta":"","footnotes":""},"class_list":["post-1685","page","type-page","status-publish","hentry"],"_links":{"self":[{"href":"https:\/\/bandyforbundet.no\/nord-norge-bandyregion\/index.php?rest_route=\/wp\/v2\/pages\/1685","targetHints":{"allow":["GET"]}}],"collection":[{"href":"https:\/\/bandyforbundet.no\/nord-norge-bandyregion\/index.php?rest_route=\/wp\/v2\/pages"}],"about":[{"href":"https:\/\/bandyforbundet.no\/nord-norge-bandyregion\/index.php?rest_route=\/wp\/v2\/types\/page"}],"author":[{"embeddable":true,"href":"https:\/\/bandyforbundet.no\/nord-norge-bandyregion\/index.php?rest_route=\/wp\/v2\/users\/70"}],"replies":[{"embeddable":true,"href":"https:\/\/bandyforbundet.no\/nord-norge-bandyregion\/index.php?rest_route=%2Fwp%2Fv2%2Fcomments&post=1685"}],"version-history":[{"count":16,"href":"https:\/\/bandyforbundet.no\/nord-norge-bandyregion\/index.php?rest_route=\/wp\/v2\/pages\/1685\/revisions"}],"predecessor-version":[{"id":2043,"href":"https:\/\/bandyforbundet.no\/nord-norge-bandyregion\/index.php?rest_route=\/wp\/v2\/pages\/1685\/revisions\/2043"}],"up":[{"embeddable":true,"href":"https:\/\/bandyforbundet.no\/nord-norge-bandyregion\/index.php?rest_route=\/wp\/v2\/pages\/244"}],"wp:attachment":[{"href":"https:\/\/bandyforbundet.no\/nord-norge-bandyregion\/index.php?rest_route=%2Fwp%2Fv2%2Fmedia&parent=1685"}],"curies":[{"name":"wp","href":"https:\/\/api.w.org\/{rel}","templated":true}]}}