{"id":5492,"date":"2024-06-21T12:52:59","date_gmt":"2024-06-21T12:52:59","guid":{"rendered":"https:\/\/bandyforbundet.no\/oslo-og-akershus\/?page_id=5492"},"modified":"2024-12-17T07:56:05","modified_gmt":"2024-12-17T07:56:05","slug":"sonelag","status":"publish","type":"page","link":"https:\/\/bandyforbundet.no\/oslo-og-akershus\/?page_id=5492","title":{"rendered":"Sonelag"},"content":{"rendered":"<div class=\"msswb-image-frontend-app\"data-href-target=\"false\" data-href=\"%22%22\" data-use-link=\"false\" data-screen-width=\"false\" data-alignment=\"%22full%22\" data-url=\"%22%5C%2Fwp-content%5C%2Fuploads%5C%2Fsites%5C%2F7%5C%2F2024%5C%2F11%5C%2Fsonelag-bilde-scaled.jpg%22\" data-is-background-image=\"false\" data-border-radius=\"0\" data-image-width=\"2560\" data-image-height=\"1920\" data-selected-image=\"%7B%22image_id%22%3A6329%2C%22blog_id%22%3A7%2C%22term_id%22%3A94%2C%22selected_size%22%3A%22full%22%7D\" data-image-aspect-ratio=\"0.75\" data-alt-text=\"%22%22\" data-caption=\"%22Foto%3A%20Ronny%20Baltzersen%22\" data-width=\"400\" data-height=\"300\" data-focal-point=\"\" data-show-light-box=\"true\" >\n<div class=\"msswb-image-block msswbfull\"><div class=\"msswb-image show-lightbox\"><div class=\"image-container fullwidth\" style=\"width:100%;height:100%\"><img decoding=\"async\" style=\"width:100%\" src=\"\/wp-content\/uploads\/sites\/7\/2024\/11\/sonelag-bilde-scaled.jpg\" \/><\/div><\/div><div class=\"msswb-image-caption-container\"><div class=\"msswb-image-caption\">Foto: Ronny Baltzersen<\/div><\/div><\/div>\n<\/div>\n\n\n<p>Sonelag er OABRs tilbud til de som \u00f8nsker \u00e5 prestere p\u00e5 innebandybanen, utvikle ferdigheter og bygge relasjoner p\u00e5 tvers av klubber.<\/p>\n\n\n\n<p>M\u00e5lene for tiltaket er:<\/p>\n\n\n\n<ul class=\"wp-block-list\">\n<li>\u00c5 forberede potensielle landslagsspillere p\u00e5 et kommende U19-landslagsuttak<\/li>\n\n\n\n<li>\u00c5 lage et sikkerhetsnett\/arena for \u00abde nest beste\u00bb som ikke blir tatt ut p\u00e5 landslagene<\/li>\n\n\n\n<li>\u00c5 v\u00e6re en utviklingsarena b\u00e5de i treningssituasjon og i kampsituasjon<\/li>\n\n\n\n<li>\u00c5 skape en arena der individets mulighet for \u00e5 utvikle seg er viktigere enn \u00e5 vinne enkeltkamper<\/li>\n\n\n\n<li>Ikke v\u00e6re en arena for de som allerede er tatt ut til landslagene<\/li>\n<\/ul>\n\n\n\n<p>OABR sin sonelagsmodell baserer seg p\u00e5 et potensielt 4-\u00e5rig l\u00f8p p\u00e5 sonelag:<\/p>\n\n\n\n<ol class=\"wp-block-list\">\n<li>Den f\u00f8rste sesongen starter med en st\u00f8rre samling med inntil 50 deltagere. Deretter reduseres antallet spillere til 30 utespillere pluss 4 keepere.<\/li>\n\n\n\n<li>Den andre sesongen gjennomf\u00f8res etter mal fra den f\u00f8rste sesongen. En litt st\u00f8rre samling i desember, f\u00f8r antallet spillere igjen reduseres til 30+4.<\/li>\n\n\n\n<li>I sesong tre startes det opp U19-landslag og sonelag er ment \u00e5 v\u00e6re for de som ikke blir tatt ut p\u00e5 landslag. Her skal det tas ut 18+2 spillere.<\/li>\n\n\n\n<li>I sesong fire skal U19-landslaget spille VM og sonelag er fortsatt en arena for de som ikke blir tatt ut p\u00e5 landslag. Her skal det tas ut 18+2 spillere.<\/li>\n<\/ol>\n\n\n\n<p>NB: Sesongen 2024\/2025 gjennomf\u00f8res med noe avvikende opplegg. Les mer om <a rel=\"noreferrer noopener\" href=\"https:\/\/bandyforbundet.no\/oslo-og-akershus\/?msswb-post=sonelag-sesongen-2024-25\" target=\"_blank\">denne sesongens plan her<\/a>.<\/p>\n\n\n<div class=\"msswb-image-frontend-app\"data-href-target=\"false\" data-href=\"%22%22\" data-use-link=\"false\" data-screen-width=\"false\" data-alignment=\"%22center%22\" data-url=\"%22%5C%2Fwp-content%5C%2Fuploads%5C%2Fsites%5C%2F7%5C%2F2024%5C%2F11%5C%2Fsonelag-forlop.png%22\" data-is-background-image=\"false\" data-border-radius=\"0\" data-image-width=\"1183\" data-image-height=\"250\" data-selected-image=\"%7B%22image_id%22%3A6347%2C%22blog_id%22%3A7%2C%22term_id%22%3A-1%2C%22selected_size%22%3A%22full%22%7D\" data-image-aspect-ratio=\"0.21\" data-alt-text=\"%22%22\" data-caption=\"%22Forl%5Cu00f8p%20for%20et%20%5Cu00e5rskull%20%28f.eks.%20jenter%2020XX%29%22\" data-width=\"900\" data-height=\"189\" data-focal-point=\"\" data-show-light-box=\"true\" >\n<div class=\"msswb-image-block msswbcenter\" style=\"width:900px\"><div class=\"msswb-image show-lightbox\"><div class=\"image-container\" style=\"width:900px;height:189px\"><img decoding=\"async\" style=\"width:900px;height:189px\" src=\"\/wp-content\/uploads\/sites\/7\/2024\/11\/sonelag-forlop.png\" \/><\/div><\/div><div class=\"msswb-image-caption-container\"><div class=\"msswb-image-caption\">Forl\u00f8p for et \u00e5rskull (f.eks. jenter 20XX)<\/div><\/div><\/div>\n<\/div>\n\n\n<h6 class=\"wp-block-heading\">Plan for kommende sesonger<\/h6>\n\n\n\n<p><strong>Sesongen 24\/25<\/strong>\u00a0gjennomf\u00f8res med totalt 5 treningsgrupper (3 jenter og 2 gutter).<\/p>\n\n\n\n<ul class=\"wp-block-list\">\n<li>For gutter gjelder det spillere f\u00f8dt i 2008 og 2009.<\/li>\n\n\n\n<li>For jenter gjelder det spillere f\u00f8dt i 2007, 2008, 2009 og 2010.<\/li>\n<\/ul>\n\n\n\n<p><strong>Sesongen 25\/26<\/strong>\u00a0gjennomf\u00f8res med totalt 6 treningsgrupper (3 jenter og 3 gutter).<\/p>\n\n\n\n<ul class=\"wp-block-list\">\n<li>For gutter gjelder det spillere f\u00f8dt i 2008, 2009, 2010 og 2011.<\/li>\n\n\n\n<li>For jenter gjelder det spillere f\u00f8dt i 2007, 2008, 2009 og 2010.<\/li>\n<\/ul>\n\n\n\n<p>Deretter g\u00e5r tilbudet over i ordin\u00e6r syklus hvor to nye \u00e5rskull tas opp hver andre sesong, <\/p>\n\n\n\n<p>Det anbefales at spillere med ambisjoner om \u00e5 delta p\u00e5 sonelag ogs\u00e5 deltar p\u00e5 SPU i sesongene f\u00f8r f\u00f8rste uttak. Les mer om <a href=\"https:\/\/bandyforbundet.no\/oslo-og-akershus\/?page_id=649\" target=\"_blank\" rel=\"noreferrer noopener\">SPU her<\/a>.<\/p>\n\n\n<div class=\"msswb-image-frontend-app\"data-href-target=\"false\" data-href=\"%22%22\" data-use-link=\"false\" data-screen-width=\"false\" data-alignment=\"%22center%22\" data-url=\"%22%5C%2Fwp-content%5C%2Fuploads%5C%2Fsites%5C%2F7%5C%2F2024%5C%2F11%5C%2Fsonelag-kommende-sesonger.png%22\" data-is-background-image=\"false\" data-border-radius=\"0\" data-image-width=\"1602\" data-image-height=\"475\" data-selected-image=\"%7B%22image_id%22%3A6346%2C%22blog_id%22%3A7%2C%22term_id%22%3A-1%2C%22selected_size%22%3A%22full%22%7D\" data-image-aspect-ratio=\"0.3\" data-alt-text=\"%22%22\" data-caption=\"%22Plan%20for%20kommende%20sesonger%22\" data-width=\"900\" data-height=\"270\" data-focal-point=\"\" data-show-light-box=\"false\" >\n<div class=\"msswb-image-block msswbcenter\" style=\"width:900px\"><div class=\"msswb-image \"><div class=\"image-container\" style=\"width:900px;height:270px\"><img decoding=\"async\" style=\"width:900px;height:270px\" src=\"\/wp-content\/uploads\/sites\/7\/2024\/11\/sonelag-kommende-sesonger.png\" \/><\/div><\/div><div class=\"msswb-image-caption-container\"><div class=\"msswb-image-caption\">Plan for kommende sesonger<\/div><\/div><\/div>\n<\/div>\n\n\n<h6 class=\"wp-block-heading\">\u00d8konomi<\/h6>\n\n\n\n<p>Sonelagstilbudet er vedtatt \u00e5 v\u00e6re selvfinansierende og deltagerne\/deltagernes klubb m\u00e5 betale en egenandel. Denne blir fakturert den klubben hvor spilleren har spillertilh\u00f8righet.<\/p>\n","protected":false},"excerpt":{"rendered":"<p>Sonelag er OABRs tilbud til de som \u00f8nsker \u00e5 prestere p\u00e5 innebandybanen, utvikle ferdigheter og bygge relasjoner p\u00e5 tvers av klubber. M\u00e5lene for tiltaket er: OABR sin sonelagsmodell baserer seg p\u00e5 et potensielt 4-\u00e5rig l\u00f8p p\u00e5 sonelag: NB: Sesongen 2024\/2025 gjennomf\u00f8res med noe avvikende opplegg. Les mer om denne sesongens plan her. Plan for kommende [&hellip;]<\/p>\n","protected":false},"author":73,"featured_media":0,"parent":648,"menu_order":1,"comment_status":"closed","ping_status":"closed","template":"","meta":{"cover_meta":"","footnotes":""},"class_list":["post-5492","page","type-page","status-publish","hentry"],"_links":{"self":[{"href":"https:\/\/bandyforbundet.no\/oslo-og-akershus\/index.php?rest_route=\/wp\/v2\/pages\/5492","targetHints":{"allow":["GET"]}}],"collection":[{"href":"https:\/\/bandyforbundet.no\/oslo-og-akershus\/index.php?rest_route=\/wp\/v2\/pages"}],"about":[{"href":"https:\/\/bandyforbundet.no\/oslo-og-akershus\/index.php?rest_route=\/wp\/v2\/types\/page"}],"author":[{"embeddable":true,"href":"https:\/\/bandyforbundet.no\/oslo-og-akershus\/index.php?rest_route=\/wp\/v2\/users\/73"}],"replies":[{"embeddable":true,"href":"https:\/\/bandyforbundet.no\/oslo-og-akershus\/index.php?rest_route=%2Fwp%2Fv2%2Fcomments&post=5492"}],"version-history":[{"count":3,"href":"https:\/\/bandyforbundet.no\/oslo-og-akershus\/index.php?rest_route=\/wp\/v2\/pages\/5492\/revisions"}],"predecessor-version":[{"id":6443,"href":"https:\/\/bandyforbundet.no\/oslo-og-akershus\/index.php?rest_route=\/wp\/v2\/pages\/5492\/revisions\/6443"}],"up":[{"embeddable":true,"href":"https:\/\/bandyforbundet.no\/oslo-og-akershus\/index.php?rest_route=\/wp\/v2\/pages\/648"}],"wp:attachment":[{"href":"https:\/\/bandyforbundet.no\/oslo-og-akershus\/index.php?rest_route=%2Fwp%2Fv2%2Fmedia&parent=5492"}],"curies":[{"name":"wp","href":"https:\/\/api.w.org\/{rel}","templated":true}]}}