{"id":5668,"date":"2024-08-14T10:24:09","date_gmt":"2024-08-14T10:24:09","guid":{"rendered":"https:\/\/bandyforbundet.no\/oslo-og-akershus\/?page_id=5668"},"modified":"2026-08-20T09:25:31","modified_gmt":"2026-08-20T09:25:31","slug":"kursoversikt-sesongen-24-25","status":"publish","type":"page","link":"https:\/\/bandyforbundet.no\/oslo-og-akershus\/?page_id=5668","title":{"rendered":"Kursoversikt"},"content":{"rendered":"\n<p>Her finner dere en oversikt over ulike kurs som skal bli gjennomf\u00f8rt av OABR den kommende sesongen. Oversikten vil bli oppdatert jevnlig med nye kurs og datoer.<\/p>\n\n\n\n<p>Hvis du lurer p\u00e5 noe ang\u00e5ende kurs, ta kontakt med oss &#8211; <a href=\"mailto:nikolai.omdahl@nif.idrett.no\" target=\"_blank\" rel=\"noreferrer noopener\">innebandy.oabr@nif.idrett.no<\/a><\/p>\n\n\n\n<div class=\"wp-block-msswb-spacer msswb-spacer-container\" style=\"height:50px\"><div class=\"line\" style=\"height:25px\"><\/div><div class=\"line-center-divider\"><\/div><\/div>\n\n\n\n<div class=\"wp-block-msswb-panel msswb-panel-container\"><div class=\"mwwsb-panel-header\"><div class=\"mwwsb-panel-title\">Trenerkurs<\/div><div class=\"mwwsb-panel-icon\"><span class=\"dashicon dashicons dashicons-arrow-down-alt2\"><\/span><\/div><\/div><div class=\"msswb-panel-content\">\n<h6 class=\"wp-block-heading\">Minirundetreneren<\/h6>\n\n\n\n<p><a rel=\"noreferrer noopener\" href=\"https:\/\/isonen.no\/finder\/?offset=0&amp;search=minirundetreneren&amp;club=oslo+og+akershus+bandyregion\" target=\"_blank\">Klikk her for \u00e5 se kommende minirundetreneren-ku<\/a><a rel=\"noreferrer noopener\" href=\"https:\/\/isonen.no\/finder\/?offset=0&amp;search=minirundetreneren&amp;club=oslo+og+akershus+bandyregion\" target=\"_blank\">r<\/a><a rel=\"noreferrer noopener\" href=\"https:\/\/isonen.no\/finder\/?offset=0&amp;search=minirundetreneren&amp;club=oslo+og+akershus+bandyregion\" target=\"_blank\">s<\/a>.<\/p>\n\n\n\n<div class=\"wp-block-msswb-spacer msswb-spacer-container\" style=\"height:50px\"><div class=\"line\" style=\"height:25px\"><\/div><div class=\"line-center-divider\"><\/div><\/div>\n\n\n\n<h6 class=\"wp-block-heading\">Trener 1<\/h6>\n\n\n\n<p><a rel=\"noreferrer noopener\" href=\"https:\/\/isonen.no\/finder\/?offset=0&amp;search=trener+1&amp;club=oslo+og+akershus+bandyregion\" target=\"_blank\">Klikk her for \u00e5 se kommende trener 1-kurs<\/a>.<\/p>\n<\/div><\/div>\n\n\n\n<div class=\"wp-block-msswb-panel msswb-panel-container\"><div class=\"mwwsb-panel-header\"><div class=\"mwwsb-panel-title\">Lagleder<\/div><div class=\"mwwsb-panel-icon\"><span class=\"dashicon dashicons dashicons-arrow-down-alt2\"><\/span><\/div><\/div><div class=\"msswb-panel-content\">\n<p><a href=\"https:\/\/isonen.no\/finder\/?offset=0&amp;search=lagleder&amp;club=oslo+og+akershus+bandyregion&amp;sfName=Norges+Bandyforbund\" target=\"_blank\" rel=\"noreferrer noopener\">Klikk her for \u00e5 se kommende laglederkurs<\/a>.<\/p>\n\n\n\n<p><em>(Det blir satt opp laglederkurs i l\u00f8pet av h\u00f8sten 2025. Datoer og steder kommer s\u00e5 snart dette er klart.)<\/em><\/p>\n<\/div><\/div>\n\n\n\n<div class=\"wp-block-msswb-panel msswb-panel-container\"><div class=\"mwwsb-panel-header\"><div class=\"mwwsb-panel-title\">Dommerkurs og dommerm\u00f8ter<\/div><div class=\"mwwsb-panel-icon\"><span class=\"dashicon dashicons dashicons-arrow-down-alt2\"><\/span><\/div><\/div><div class=\"msswb-panel-content\">\n<h6 class=\"wp-block-heading\">Dommerm\u00f8te<\/h6>\n\n\n\n<p><a href=\"https:\/\/isonen.no\/event\/cmrakeamd00pwb401kswna8u9\">Klikk her for \u00e5 melde deg p\u00e5 sesongens obligatoriske dommerm\u00f8te<\/a><\/p>\n\n\n\n<p>Det kommer mange nye regler denne sesongen, og da kreves det en gjennomgang for \u00e5 f\u00e5 disse p\u00e5 plass. Dommerutvikler i forbundet Tomas Trogstad kommer til oss for \u00e5 holde i denne seansen.<\/p>\n\n\n\n<p>Videre vil dommerutvalget i OABR innlede med en time informasjon om hvordan dommerarbeidet i OABR skal drives denne sesongen, med spesifikke fokusomr\u00e5der.<\/p>\n\n\n\n<p>Det vil bli servert pizza f\u00f8r vi setter i gang \ud83d\ude42<\/p>\n\n\n\n<p>NB! det er obligatorisk oppm\u00f8te for alle som vil d\u00f8mme.<\/p>\n\n\n\n<div class=\"wp-block-msswb-spacer msswb-spacer-container\" style=\"height:50px\"><div class=\"line\" style=\"height:25px\"><\/div><div class=\"line-center-divider\"><\/div><\/div>\n\n\n\n<h6 class=\"wp-block-heading\">M\u00f8te for Dommerkontakter og Dommerveiledere<\/h6>\n\n\n\n<p><a href=\"https:\/\/isonen.no\/event\/cmsyqrox702oyc701u81gabqh\">Klikk her for \u00e5 melde deg p\u00e5 m\u00f8te for dommerkontakter og dommerveiledere<\/a><\/p>\n\n\n\n<p>Vi inviterer til et viktig m\u00f8te for alle dommerkontakter i klubbene, samt dommerveiledere.<\/p>\n\n\n\n<p>Dette er en fin anledning til \u00e5 dele erfaringer, diskutere utfordringer, og bli enige om en felles strategi for sesongen.<\/p>\n\n\n\n<div class=\"wp-block-msswb-spacer msswb-spacer-container\" style=\"height:50px\"><div class=\"line\" style=\"height:25px\"><\/div><div class=\"line-center-divider\"><\/div><\/div>\n\n\n\n<h6 class=\"wp-block-heading\">Klubbdommerkurs<\/h6>\n\n\n\n<p><a href=\"https:\/\/isonen.no\/finder\/?offset=0&amp;search=klubbdommerkurs&amp;club=oslo+og+akershus+bandyregion&amp;organizer=Oslo+og+Akershus+Bandyregion&amp;location=Akershus%2COslo&amp;sfName=Norges+Bandyforbund\" target=\"_blank\" rel=\"noreferrer noopener\">Klikk her for \u00e5 se kommende klubbdommerkurs<\/a>.<\/p>\n\n\n\n<p>Klubbdommerkurs kan ogs\u00e5 bli arrangert lokalt i klubb p\u00e5 foresp\u00f8rsel. Ta kontakt via <a href=\"mailto:innebandy.oabr@nif.idrett.no\" target=\"_blank\" rel=\"noreferrer noopener\">innebandy.oabr@nif.idrett.no<\/a> for \u00e5 avtale n\u00e6rmere.<\/p>\n\n\n\n<p><em><strong>MERK!<\/strong> For \u00e5 delta p\u00e5 klubbdommerkurs m\u00e5 dommeren fylle 14 \u00e5r i l\u00f8pet av 2026 (f\u00f8dt 2012).<\/em><\/p>\n\n\n\n<div class=\"wp-block-msswb-spacer msswb-spacer-container\" style=\"height:50px\"><div class=\"line\" style=\"height:25px\"><\/div><div class=\"line-center-divider\"><\/div><\/div>\n\n\n\n<h6 class=\"wp-block-heading\">Grunnkurs 1<\/h6>\n\n\n\n<p><a href=\"https:\/\/isonen.no\/finder\/?offset=0&amp;search=grunnkurs+1&amp;club=oslo+og+akershus+bandyregion&amp;organizer=Oslo+og+Akershus+Bandyregion&amp;location=Akershus%2COslo&amp;sfName=Norges+Bandyforbund\" target=\"_blank\" rel=\"noreferrer noopener\">Klikk her for \u00e5 se kommende GK1-kurs<\/a>.<\/p>\n\n\n\n<p><em><strong>MERK!<\/strong> For \u00e5 delta p\u00e5 grunnkurs 1 sesongen 26\/27 m\u00e5 deltageren fylle 16 \u00e5r i l\u00f8pet av 2026 (f\u00f8dt 2010).<\/em><\/p>\n\n\n\n<div class=\"wp-block-msswb-spacer msswb-spacer-container\" style=\"height:50px\"><div class=\"line\" style=\"height:25px\"><\/div><div class=\"line-center-divider\"><\/div><\/div>\n\n\n\n<h6 class=\"wp-block-heading\">Grunnkurs 2<\/h6>\n\n\n\n<p><a href=\"https:\/\/isonen.no\/finder\/?offset=0&amp;search=grunnkurs+2&amp;club=oslo+og+akershus+bandyregion&amp;organizer=Oslo+og+Akershus+Bandyregion&amp;location=Akershus%2COslo&amp;sfName=Norges+Bandyforbund\" target=\"_blank\" rel=\"noreferrer noopener\">Klikk her for \u00e5 se kommende GK2-kurs<\/a>.<\/p>\n\n\n\n<p><em><strong>MERK!<\/strong> For \u00e5 delta p\u00e5 grunnkurs 2 <em>sesongen 26\/27 <\/em>m\u00e5 deltageren fylle 16 \u00e5r i l\u00f8pet av 2026 (f\u00f8dt 2010) og ha best\u00e5tt grunnkurs 1.<\/em><\/p>\n\n\n\n<div class=\"wp-block-msswb-spacer msswb-spacer-container\" style=\"height:50px\"><div class=\"line\" style=\"height:25px\"><\/div><div class=\"line-center-divider\"><\/div><\/div>\n\n\n\n<h6 class=\"wp-block-heading\">Videreg\u00e5ende kurs 1<\/h6>\n\n\n\n<p><a href=\"https:\/\/isonen.no\/finder\/?offset=0&amp;search=videreg%C3%A5ende+kurs+1&amp;club=oslo+og+akershus+bandyregion&amp;organizer=Oslo+og+Akershus+Bandyregion&amp;location=Akershus%2COslo&amp;sfName=Norges+Bandyforbund\" target=\"_blank\" rel=\"noreferrer noopener\">Klikk her for \u00e5 se kommende VK1-kurs<\/a>.<\/p>\n\n\n\n<p><em><strong>MERK!<\/strong> For \u00e5 delta p\u00e5 videreg\u00e5ende kurs 1 m\u00e5 deltageren og ha best\u00e5tt grunnkurs 1 og grunnkurs 2.<\/em><\/p>\n<\/div><\/div>\n\n\n\n<div class=\"wp-block-msswb-panel msswb-panel-container\"><div class=\"mwwsb-panel-header\"><div class=\"mwwsb-panel-title\">For klubbens ledelse, komiteer og utvalg<\/div><div class=\"mwwsb-panel-icon\"><span class=\"dashicon dashicons dashicons-arrow-down-alt2\"><\/span><\/div><\/div><div class=\"msswb-panel-content\">\n<h6 class=\"wp-block-heading\">Kurs i KlubbAdmin<\/h6>\n\n\n\n<p>NIF Digital setter jevnlig opp kurs relatert til KlubbAdmin.<\/p>\n\n\n\n<ul class=\"wp-block-list\">\n<li><a rel=\"noreferrer noopener\" href=\"https:\/\/www.idrettsforbundet.no\/digital\/klubbadmin\/klubbadmin-kurs\/\" target=\"_blank\">Klikk her for \u00e5 se kommende KlubbAdmin-kurs<\/a>.<\/li>\n<\/ul>\n\n\n\n<div class=\"wp-block-msswb-spacer msswb-spacer-container\" style=\"height:50px\"><div class=\"line\" style=\"height:25px\"><\/div><div class=\"line-center-divider\"><\/div><\/div>\n\n\n\n<h6 class=\"wp-block-heading\">Kurs for kontrollutvalg, valgkomit\u00e9 og \u00f8konomistyring<\/h6>\n\n\n\n<p>Idrettskretsene arrangerer jevnlig kurs innen disse fagomr\u00e5dene.<\/p>\n\n\n\n<ul class=\"wp-block-list\">\n<li><a href=\"https:\/\/www.idrettsforbundet.no\/idrettskrets\/oslo\/kalender\/\" target=\"_blank\" rel=\"noreferrer noopener\">Klikk her for \u00e5 se kurs arrangert av Oslo Idrettskrets.<\/a><\/li>\n\n\n\n<li><a href=\"https:\/\/www.idrettsforbundet.no\/idrettskrets\/viken\/kalender\/\" target=\"_blank\" rel=\"noreferrer noopener\">Klikk her for \u00e5 se kurs arrangert av Viken Idrettskrets.<\/a><\/li>\n<\/ul>\n<\/div><\/div>\n","protected":false},"excerpt":{"rendered":"<p>Her finner dere en oversikt over ulike kurs som skal bli gjennomf\u00f8rt av OABR den kommende sesongen. Oversikten vil bli oppdatert jevnlig med nye kurs og datoer. Hvis du lurer p\u00e5 noe ang\u00e5ende kurs, ta kontakt med oss &#8211; innebandy.oabr@nif.idrett.no<\/p>\n","protected":false},"author":63,"featured_media":0,"parent":655,"menu_order":4,"comment_status":"closed","ping_status":"closed","template":"","meta":{"cover_meta":"","footnotes":""},"class_list":["post-5668","page","type-page","status-publish","hentry"],"_links":{"self":[{"href":"https:\/\/bandyforbundet.no\/oslo-og-akershus\/index.php?rest_route=\/wp\/v2\/pages\/5668","targetHints":{"allow":["GET"]}}],"collection":[{"href":"https:\/\/bandyforbundet.no\/oslo-og-akershus\/index.php?rest_route=\/wp\/v2\/pages"}],"about":[{"href":"https:\/\/bandyforbundet.no\/oslo-og-akershus\/index.php?rest_route=\/wp\/v2\/types\/page"}],"author":[{"embeddable":true,"href":"https:\/\/bandyforbundet.no\/oslo-og-akershus\/index.php?rest_route=\/wp\/v2\/users\/63"}],"replies":[{"embeddable":true,"href":"https:\/\/bandyforbundet.no\/oslo-og-akershus\/index.php?rest_route=%2Fwp%2Fv2%2Fcomments&post=5668"}],"version-history":[{"count":40,"href":"https:\/\/bandyforbundet.no\/oslo-og-akershus\/index.php?rest_route=\/wp\/v2\/pages\/5668\/revisions"}],"predecessor-version":[{"id":8644,"href":"https:\/\/bandyforbundet.no\/oslo-og-akershus\/index.php?rest_route=\/wp\/v2\/pages\/5668\/revisions\/8644"}],"up":[{"embeddable":true,"href":"https:\/\/bandyforbundet.no\/oslo-og-akershus\/index.php?rest_route=\/wp\/v2\/pages\/655"}],"wp:attachment":[{"href":"https:\/\/bandyforbundet.no\/oslo-og-akershus\/index.php?rest_route=%2Fwp%2Fv2%2Fmedia&parent=5668"}],"curies":[{"name":"wp","href":"https:\/\/api.w.org\/{rel}","templated":true}]}}

<p>Her finner dere en oversikt over ulike kurs som skal bli gjennomført av OABR den kommende sesongen. Oversikten vil bli oppdatert jevnlig med nye kurs og datoer.</p>



<p>Hvis du lurer på noe angående kurs, ta kontakt med oss &#8211; <a href="mailto:nikolai.omdahl@nif.idrett.no" target="_blank" rel="noreferrer noopener">innebandy.oabr@nif.idrett.no</a></p>



<div class="wp-block-msswb-spacer msswb-spacer-container" style="height:50px"><div class="line" style="height:25px"></div><div class="line-center-divider"></div></div>



<div class="wp-block-msswb-panel msswb-panel-container"><div class="mwwsb-panel-header"><div class="mwwsb-panel-title">Trenerkurs</div><div class="mwwsb-panel-icon"><span class="dashicon dashicons dashicons-arrow-down-alt2"></span></div></div><div class="msswb-panel-content">
<h6 class="wp-block-heading">Minirundetreneren</h6>



<p><a rel="noreferrer noopener" href="https://isonen.no/finder/?offset=0&amp;search=minirundetreneren&amp;club=oslo+og+akershus+bandyregion" target="_blank">Klikk her for å se kommende minirundetreneren-ku</a><a rel="noreferrer noopener" href="https://isonen.no/finder/?offset=0&amp;search=minirundetreneren&amp;club=oslo+og+akershus+bandyregion" target="_blank">r</a><a rel="noreferrer noopener" href="https://isonen.no/finder/?offset=0&amp;search=minirundetreneren&amp;club=oslo+og+akershus+bandyregion" target="_blank">s</a>.</p>



<div class="wp-block-msswb-spacer msswb-spacer-container" style="height:50px"><div class="line" style="height:25px"></div><div class="line-center-divider"></div></div>



<h6 class="wp-block-heading">Trener 1</h6>



<p><a rel="noreferrer noopener" href="https://isonen.no/finder/?offset=0&amp;search=trener+1&amp;club=oslo+og+akershus+bandyregion" target="_blank">Klikk her for å se kommende trener 1-kurs</a>.</p>
</div></div>



<div class="wp-block-msswb-panel msswb-panel-container"><div class="mwwsb-panel-header"><div class="mwwsb-panel-title">Lagleder</div><div class="mwwsb-panel-icon"><span class="dashicon dashicons dashicons-arrow-down-alt2"></span></div></div><div class="msswb-panel-content">
<p><a href="https://isonen.no/finder/?offset=0&amp;search=lagleder&amp;club=oslo+og+akershus+bandyregion&amp;sfName=Norges+Bandyforbund" target="_blank" rel="noreferrer noopener">Klikk her for å se kommende laglederkurs</a>.</p>



<p><em>(Det blir satt opp laglederkurs i løpet av høsten 2025. Datoer og steder kommer så snart dette er klart.)</em></p>
</div></div>



<div class="wp-block-msswb-panel msswb-panel-container"><div class="mwwsb-panel-header"><div class="mwwsb-panel-title">Dommerkurs og dommermøter</div><div class="mwwsb-panel-icon"><span class="dashicon dashicons dashicons-arrow-down-alt2"></span></div></div><div class="msswb-panel-content">
<h6 class="wp-block-heading">Dommermøte</h6>



<p><a href="https://isonen.no/event/cmrakeamd00pwb401kswna8u9">Klikk her for å melde deg på sesongens obligatoriske dommermøte</a></p>



<p>Det kommer mange nye regler denne sesongen, og da kreves det en gjennomgang for å få disse på plass. Dommerutvikler i forbundet Tomas Trogstad kommer til oss for å holde i denne seansen.</p>



<p>Videre vil dommerutvalget i OABR innlede med en time informasjon om hvordan dommerarbeidet i OABR skal drives denne sesongen, med spesifikke fokusområder.</p>



<p>Det vil bli servert pizza før vi setter i gang 🙂</p>



<p>NB! det er obligatorisk oppmøte for alle som vil dømme.</p>



<div class="wp-block-msswb-spacer msswb-spacer-container" style="height:50px"><div class="line" style="height:25px"></div><div class="line-center-divider"></div></div>



<h6 class="wp-block-heading">Møte for Dommerkontakter og Dommerveiledere</h6>



<p><a href="https://isonen.no/event/cmsyqrox702oyc701u81gabqh">Klikk her for å melde deg på møte for dommerkontakter og dommerveiledere</a></p>



<p>Vi inviterer til et viktig møte for alle dommerkontakter i klubbene, samt dommerveiledere.</p>



<p>Dette er en fin anledning til å dele erfaringer, diskutere utfordringer, og bli enige om en felles strategi for sesongen.</p>



<div class="wp-block-msswb-spacer msswb-spacer-container" style="height:50px"><div class="line" style="height:25px"></div><div class="line-center-divider"></div></div>



<h6 class="wp-block-heading">Klubbdommerkurs</h6>



<p><a href="https://isonen.no/finder/?offset=0&amp;search=klubbdommerkurs&amp;club=oslo+og+akershus+bandyregion&amp;organizer=Oslo+og+Akershus+Bandyregion&amp;location=Akershus%2COslo&amp;sfName=Norges+Bandyforbund" target="_blank" rel="noreferrer noopener">Klikk her for å se kommende klubbdommerkurs</a>.</p>



<p>Klubbdommerkurs kan også bli arrangert lokalt i klubb på forespørsel. Ta kontakt via <a href="mailto:innebandy.oabr@nif.idrett.no" target="_blank" rel="noreferrer noopener">innebandy.oabr@nif.idrett.no</a> for å avtale nærmere.</p>



<p><em><strong>MERK!</strong> For å delta på klubbdommerkurs må dommeren fylle 14 år i løpet av 2026 (født 2012).</em></p>



<div class="wp-block-msswb-spacer msswb-spacer-container" style="height:50px"><div class="line" style="height:25px"></div><div class="line-center-divider"></div></div>



<h6 class="wp-block-heading">Grunnkurs 1</h6>



<p><a href="https://isonen.no/finder/?offset=0&amp;search=grunnkurs+1&amp;club=oslo+og+akershus+bandyregion&amp;organizer=Oslo+og+Akershus+Bandyregion&amp;location=Akershus%2COslo&amp;sfName=Norges+Bandyforbund" target="_blank" rel="noreferrer noopener">Klikk her for å se kommende GK1-kurs</a>.</p>



<p><em><strong>MERK!</strong> For å delta på grunnkurs 1 sesongen 26/27 må deltageren fylle 16 år i løpet av 2026 (født 2010).</em></p>



<div class="wp-block-msswb-spacer msswb-spacer-container" style="height:50px"><div class="line" style="height:25px"></div><div class="line-center-divider"></div></div>



<h6 class="wp-block-heading">Grunnkurs 2</h6>



<p><a href="https://isonen.no/finder/?offset=0&amp;search=grunnkurs+2&amp;club=oslo+og+akershus+bandyregion&amp;organizer=Oslo+og+Akershus+Bandyregion&amp;location=Akershus%2COslo&amp;sfName=Norges+Bandyforbund" target="_blank" rel="noreferrer noopener">Klikk her for å se kommende GK2-kurs</a>.</p>



<p><em><strong>MERK!</strong> For å delta på grunnkurs 2 <em>sesongen 26/27 </em>må deltageren fylle 16 år i løpet av 2026 (født 2010) og ha bestått grunnkurs 1.</em></p>



<div class="wp-block-msswb-spacer msswb-spacer-container" style="height:50px"><div class="line" style="height:25px"></div><div class="line-center-divider"></div></div>



<h6 class="wp-block-heading">Videregående kurs 1</h6>



<p><a href="https://isonen.no/finder/?offset=0&amp;search=videreg%C3%A5ende+kurs+1&amp;club=oslo+og+akershus+bandyregion&amp;organizer=Oslo+og+Akershus+Bandyregion&amp;location=Akershus%2COslo&amp;sfName=Norges+Bandyforbund" target="_blank" rel="noreferrer noopener">Klikk her for å se kommende VK1-kurs</a>.</p>



<p><em><strong>MERK!</strong> For å delta på videregående kurs 1 må deltageren og ha bestått grunnkurs 1 og grunnkurs 2.</em></p>
</div></div>



<div class="wp-block-msswb-panel msswb-panel-container"><div class="mwwsb-panel-header"><div class="mwwsb-panel-title">For klubbens ledelse, komiteer og utvalg</div><div class="mwwsb-panel-icon"><span class="dashicon dashicons dashicons-arrow-down-alt2"></span></div></div><div class="msswb-panel-content">
<h6 class="wp-block-heading">Kurs i KlubbAdmin</h6>



<p>NIF Digital setter jevnlig opp kurs relatert til KlubbAdmin.</p>



<ul class="wp-block-list">
<li><a rel="noreferrer noopener" href="https://www.idrettsforbundet.no/digital/klubbadmin/klubbadmin-kurs/" target="_blank">Klikk her for å se kommende KlubbAdmin-kurs</a>.</li>
</ul>



<div class="wp-block-msswb-spacer msswb-spacer-container" style="height:50px"><div class="line" style="height:25px"></div><div class="line-center-divider"></div></div>



<h6 class="wp-block-heading">Kurs for kontrollutvalg, valgkomité og økonomistyring</h6>



<p>Idrettskretsene arrangerer jevnlig kurs innen disse fagområdene.</p>



<ul class="wp-block-list">
<li><a href="https://www.idrettsforbundet.no/idrettskrets/oslo/kalender/" target="_blank" rel="noreferrer noopener">Klikk her for å se kurs arrangert av Oslo Idrettskrets.</a></li>



<li><a href="https://www.idrettsforbundet.no/idrettskrets/viken/kalender/" target="_blank" rel="noreferrer noopener">Klikk her for å se kurs arrangert av Viken Idrettskrets.</a></li>
</ul>
</div></div>

<p>Her finner dere en oversikt over ulike kurs som skal bli gjennomført av OABR den kommende sesongen. Oversikten vil bli oppdatert jevnlig med nye kurs og datoer. Hvis du lurer på noe angående kurs, ta kontakt med oss &#8211; innebandy.oabr@nif.idrett.no</p>
