{"id":622,"date":"2017-06-20T10:10:03","date_gmt":"2017-06-20T08:10:03","guid":{"rendered":"http:\/\/bandyforbundet.no\/oslo-og-akershus\/?page_id=622"},"modified":"2024-09-04T08:40:22","modified_gmt":"2024-09-04T08:40:22","slug":"pamelding-2","status":"publish","type":"page","link":"https:\/\/bandyforbundet.no\/oslo-og-akershus\/?page_id=622","title":{"rendered":"P\u00e5melding"},"content":{"rendered":"\n<h2 class=\"wp-block-heading\">P\u00e5melding av lag til Minirunde og 3v3-Runde<\/h2>\n\n\n\n<p>P\u00e5melding av lag gj\u00f8res via Turneringsadmin (TA).&nbsp;<strong>Husk \u00e5 legge inn funksjonene lagleder og trener ved p\u00e5melding.<\/strong><\/p>\n\n\n\n<div class=\"wp-block-msswb-spacer msswb-spacer-container\" style=\"height:50px\"><div class=\"line\" style=\"height:25px\"><\/div><div class=\"line-center-divider\"><\/div><\/div>\n\n\n\n<p><strong>Om p\u00e5melding av lag &nbsp;&nbsp;<\/strong><\/p>\n\n\n\n<ul class=\"wp-block-list\" id=\"block-e196eaa8-7d8e-420d-8899-b02218f68fd4\">\n<li>ALLE nye\u00a0lag som skal delta i kamptilbudene i Oslo og Akershus Bandyregion\u00a0<strong>M\u00c5<\/strong>\u00a0opprettes i TA (Turneringsadmin)\u00a0<strong>F\u00d8R<\/strong>\u00a0de meldes p\u00e5.<\/li>\n\n\n\n<li>For \u00e5 kunne melde p\u00e5 lag i TA s\u00e5 m\u00e5 du ha en av f\u00f8lgende funksjoner: Leder, daglig leder, kampansvarlig og\/eller lagleder.<\/li>\n<\/ul>\n\n\n\n<p>Vi ber om at alle klubbledere s\u00f8rger for at en person knyttet til de aktuelle lagene i klubben f\u00e5r en tilgang som gj\u00f8r at de kan melde p\u00e5 lag i TA.<br><\/p>\n\n\n\n<div class=\"wp-block-msswb-spacer msswb-spacer-container\" style=\"height:50px\"><div class=\"line\" style=\"height:25px\"><\/div><div class=\"line-center-divider\"><\/div><\/div>\n\n\n\n<p><strong>Hvordan melde p\u00e5 lag i TA?<\/strong><\/p>\n\n\n\n<figure class=\"wp-block-embed is-type-video is-provider-youtube wp-block-embed-youtube wp-embed-aspect-16-9 wp-has-aspect-ratio\"><div class=\"wp-block-embed__wrapper\">\n<iframe loading=\"lazy\" title=\"8. Hvordan melde p\u00e5 lag til en turnering i TA\" width=\"580\" height=\"326\" src=\"https:\/\/www.youtube.com\/embed\/C7BLtJsoUKc?feature=oembed\" frameborder=\"0\" allow=\"accelerometer; autoplay; clipboard-write; encrypted-media; gyroscope; picture-in-picture; web-share\" referrerpolicy=\"strict-origin-when-cross-origin\" allowfullscreen><\/iframe>\n<\/div><\/figure>\n\n\n\n<div class=\"wp-block-msswb-spacer msswb-spacer-container\" style=\"height:50px\"><div class=\"line\" style=\"height:25px\"><\/div><div class=\"line-center-divider\"><\/div><\/div>\n\n\n\n<p><strong>Brukerveiledning Norges Idrettsforbund Digitale tjenester &#8211; P\u00e5melding av lag <\/strong><\/p>\n\n\n\n<p>Se <a rel=\"noreferrer noopener\" href=\"https:\/\/www.idrettsforbundet.no\/digital\/ta\/brukerveiledning\/klubb-i-ta\/klubb\/pamelding\/\" target=\"_blank\">her <\/a>for brukerveiledning <strong>p\u00e5melding av lag<\/strong> fra Norges Idrettsforbund Digitale tjenester<\/p>\n\n\n\n<div class=\"wp-block-msswb-spacer msswb-spacer-container\" style=\"height:50px\"><div class=\"line\" style=\"height:25px\"><\/div><div class=\"line-center-divider\"><\/div><\/div>\n\n\n\n<p>Ved \u00e5 benytte klubb\/lagsp\u00e5melding gjennom TA s\u00e5 vil alle kampene i Mini og 3v3-Rundene komme med i appen Min Bandy.<\/p>\n\n\n\n<div class=\"wp-block-msswb-spacer msswb-spacer-container\" style=\"height:50px\"><div class=\"line\" style=\"height:25px\"><\/div><div class=\"line-center-divider\"><\/div><\/div>\n\n\n\n<p><strong>Sp\u00f8rsm\u00e5l rundt Minirunden og 3v3-Runden rettes til<\/strong>&nbsp;<a href=\"mailto:innebandy.oabr@nif.idrett.no\" target=\"_blank\" rel=\"noreferrer noopener\">innebandy.oabr@nif.idrett.no<\/a><\/p>\n","protected":false},"excerpt":{"rendered":"<p>P\u00e5melding av lag til Minirunde og 3v3-Runde P\u00e5melding av lag gj\u00f8res via Turneringsadmin (TA).&nbsp;Husk \u00e5 legge inn funksjonene lagleder og trener ved p\u00e5melding. Om p\u00e5melding av lag &nbsp;&nbsp; Vi ber om at alle klubbledere s\u00f8rger for at en person knyttet til de aktuelle lagene i klubben f\u00e5r en tilgang som gj\u00f8r at de kan melde [&hellip;]<\/p>\n","protected":false},"author":6,"featured_media":0,"parent":602,"menu_order":0,"comment_status":"closed","ping_status":"closed","template":"templates\/template-cover.php","meta":{"cover_meta":"{\"showBackgroundImage\":true,\"bgImage\":{\"image_id\":513,\"blog_id\":7,\"term_id\":-1,\"selected_size\":\"full\"},\"showOverlay\":true,\"overlayColor\":\"#007cba\",\"overlayOpacity\":0.2,\"showIntro\":true,\"introColor\":\"white\",\"intro\":\"Minirunder og 3v3 runder\",\"title\":\"P\u00e5melding\",\"titleColor\":\"white\",\"showOutro\":true,\"outroColor\":\"white\",\"outro\":\"100% innebandy p\u00e5 33% \"}","footnotes":""},"class_list":["post-622","page","type-page","status-publish","hentry"],"_links":{"self":[{"href":"https:\/\/bandyforbundet.no\/oslo-og-akershus\/index.php?rest_route=\/wp\/v2\/pages\/622","targetHints":{"allow":["GET"]}}],"collection":[{"href":"https:\/\/bandyforbundet.no\/oslo-og-akershus\/index.php?rest_route=\/wp\/v2\/pages"}],"about":[{"href":"https:\/\/bandyforbundet.no\/oslo-og-akershus\/index.php?rest_route=\/wp\/v2\/types\/page"}],"author":[{"embeddable":true,"href":"https:\/\/bandyforbundet.no\/oslo-og-akershus\/index.php?rest_route=\/wp\/v2\/users\/6"}],"replies":[{"embeddable":true,"href":"https:\/\/bandyforbundet.no\/oslo-og-akershus\/index.php?rest_route=%2Fwp%2Fv2%2Fcomments&post=622"}],"version-history":[{"count":11,"href":"https:\/\/bandyforbundet.no\/oslo-og-akershus\/index.php?rest_route=\/wp\/v2\/pages\/622\/revisions"}],"predecessor-version":[{"id":5871,"href":"https:\/\/bandyforbundet.no\/oslo-og-akershus\/index.php?rest_route=\/wp\/v2\/pages\/622\/revisions\/5871"}],"up":[{"embeddable":true,"href":"https:\/\/bandyforbundet.no\/oslo-og-akershus\/index.php?rest_route=\/wp\/v2\/pages\/602"}],"wp:attachment":[{"href":"https:\/\/bandyforbundet.no\/oslo-og-akershus\/index.php?rest_route=%2Fwp%2Fv2%2Fmedia&parent=622"}],"curies":[{"name":"wp","href":"https:\/\/api.w.org\/{rel}","templated":true}]}}