{"id":6692,"date":"2025-04-04T09:11:01","date_gmt":"2025-04-04T09:11:01","guid":{"rendered":"https:\/\/bandyforbundet.no\/oslo-og-akershus\/?page_id=6692"},"modified":"2025-05-16T12:38:39","modified_gmt":"2025-05-16T12:38:39","slug":"registrere-klubbturnering","status":"publish","type":"page","link":"https:\/\/bandyforbundet.no\/oslo-og-akershus\/?page_id=6692","title":{"rendered":"Registrere klubbturnering"},"content":{"rendered":"\n<h1 class=\"wp-block-heading\">\u00d8nsker din klubb \u00e5 registrere klubbturnering?<\/h1>\n\n\n\n<p>For \u00e5 v\u00e6re med i oversikten over cuper og turneringer i Oslo og Akershus Bandyregion meldes dette inn til <a rel=\"noreferrer noopener\" href=\"mailto:innebandy.oabr@nif.idrett.no\" target=\"_blank\">innebandy.oabr@nif.idrett.no<\/a> og s\u00f8kes av leder i klubben.<\/p>\n\n\n\n<div class=\"wp-block-msswb-spacer msswb-spacer-container\" style=\"height:50px\"><div class=\"line\" style=\"height:25px\"><\/div><div class=\"line-center-divider\"><\/div><\/div>\n\n\n\n<h2 class=\"wp-block-heading\">Vilk\u00e5r for gjennomf\u00f8ring av cuper og turneringer<\/h2>\n\n\n\n<p><a href=\"https:\/\/www.idrettsforbundet.no\/tema\/barneidrett\/bestemmelser-om-barneidrett\/\" target=\"_blank\" rel=\"noreferrer noopener\">Norges idrettsforbunds Bestemmelser om barneidrett<\/a><\/p>\n\n\n\n<p><a href=\"https:\/\/bandyforbundet.no\/innebandy\/?page_id=3812\" target=\"_blank\" rel=\"noreferrer noopener\">Norges Bandyforbunds Kampreglement innebandy<\/a><\/p>\n\n\n\n<p><a href=\"https:\/\/bandyforbundet.no\/innebandy\/?page_id=3818\" target=\"_blank\" rel=\"noreferrer noopener\">Norges Bandyforbunds Spillereglement innebandy<\/a><\/p>\n\n\n\n<div class=\"wp-block-msswb-spacer msswb-spacer-container\" style=\"height:50px\"><div class=\"line\" style=\"height:25px\"><\/div><div class=\"line-center-divider\"><\/div><\/div>\n\n\n\n<h2 class=\"wp-block-heading\">Informasjon om klubbturneringen<\/h2>\n\n\n\n<p><strong>Arrang\u00f8rklubb m\u00e5 bekrefte ved innsending \u00e5 ha satt seg inn i vilk\u00e5r for gjennomf\u00f8ring av cuper og turneringer, og at klubben vil arrangere turneringen i samsvar med gjeldende regler, bestemmelser og retningslinjer.<\/strong><\/p>\n\n\n\n<p><em>Turneringens navn<\/em><\/p>\n\n\n\n<p><em>Turneringens arrang\u00f8r<\/em><\/p>\n\n\n\n<p><em>Turneringens startdato og sluttdato <\/em><\/p>\n\n\n\n<p><em>Turneringens idrettshall<\/em><\/p>\n\n\n\n<p><em>Turneringens<\/em> <em>aldersklasse<\/em>r<\/p>\n\n\n\n<p><em>Turneringens<\/em> <em>spillform<\/em><\/p>\n\n\n\n<p><em>Turneringens<\/em> <em>spilletider<\/em><\/p>\n\n\n\n<p><em>Turneringens nettside med utfyllende informasjon om turneringen<\/em><\/p>\n\n\n\n<p><em>Turneringens p\u00e5meldingsfrist <\/em><\/p>\n\n\n\n<p><em>Turneringens<\/em> <em>p\u00e5meldingsavgift<\/em><\/p>\n\n\n\n<p><em>Arrang\u00f8rklubbs offisielle e-post adresse<\/em><\/p>\n\n\n\n<p><em>E-post til ansvarlig for turneringen<\/em><\/p>\n\n\n\n<p><em>Tlf til ansvarlig for turneringen<\/em><\/p>\n\n\n\n<p><em>Annen relevant informasjon<\/em> <em>om turneringen<\/em><\/p>\n\n\n\n<div class=\"wp-block-msswb-spacer msswb-spacer-container\" style=\"height:50px\"><div class=\"line\" style=\"height:25px\"><\/div><div class=\"line-center-divider\"><\/div><\/div>\n\n\n\n<h2 class=\"wp-block-heading\">Retningslinjer for alle medlemmer i norsk idrett<\/h2>\n\n\n\n<p>P\u00e5 nettsidene til Norges Idrettsforbund kan arrang\u00f8rer av klubbturneringer f\u00e5 informasjon om retningslinjer som gjelder for alle medlemmer i norsk idrett: mot seksuell trakassering, om markedsf\u00f8ring, dugnad, alkohol, tobakk, databehandling, lege og sanitet.<\/p>\n\n\n\n<p><a href=\"https:\/\/www.idrettsforbundet.no\/tema\/retningslinjer\/\" target=\"_blank\" rel=\"noreferrer noopener\">Retningslinjer for publisering av bilder og film<\/a><\/p>\n\n\n\n<p><a href=\"https:\/\/www.idrettsforbundet.no\/tema\/retningslinjer\/\" target=\"_blank\" rel=\"noreferrer noopener\">Alkohol, R\u00f8yk og snus<\/a><\/p>\n\n\n\n<p><a href=\"https:\/\/www.idrettsforbundet.no\/tema\/retningslinjer\/\" target=\"_blank\" rel=\"noreferrer noopener\">Dugnad &#8211; retningslinjer og kj\u00f8reregler<\/a><\/p>\n\n\n\n<p><a href=\"https:\/\/www.idrettsforbundet.no\/tema\/retningslinjer\/\" target=\"_blank\" rel=\"noreferrer noopener\">Seksuell trakassering og overgrep<\/a><\/p>\n\n\n\n<p><a href=\"https:\/\/www.idrettsforbundet.no\/tema\/retningslinjer\/\" target=\"_blank\" rel=\"noreferrer noopener\">Markedsf\u00f8ring overfor mindre\u00e5rige<\/a><\/p>\n\n\n\n<p><a href=\"https:\/\/www.idrettsforbundet.no\/tema\/retningslinjer\/\" target=\"_blank\" rel=\"noreferrer noopener\">Databehandling og personvern<\/a><\/p>\n\n\n\n<p><a href=\"https:\/\/www.idrettsforbundet.no\/tema\/retningslinjer\/\" target=\"_blank\" rel=\"noreferrer noopener\">Etisk handel<\/a><\/p>\n\n\n\n<p><a href=\"https:\/\/www.idrettsforbundet.no\/tema\/retningslinjer\/\" target=\"_blank\" rel=\"noreferrer noopener\">Veileder for medisinsk beredskap ved idrettsarrangementer<\/a><\/p>\n\n\n\n<div class=\"wp-block-msswb-spacer msswb-spacer-container\" style=\"height:50px\"><div class=\"line\" style=\"height:25px\"><\/div><div class=\"line-center-divider\"><\/div><\/div>\n\n\n\n<p><\/p>\n","protected":false},"excerpt":{"rendered":"<p>\u00d8nsker din klubb \u00e5 registrere klubbturnering? For \u00e5 v\u00e6re med i oversikten over cuper og turneringer i Oslo og Akershus Bandyregion meldes dette inn til innebandy.oabr@nif.idrett.no og s\u00f8kes av leder i klubben. Vilk\u00e5r for gjennomf\u00f8ring av cuper og turneringer Norges idrettsforbunds Bestemmelser om barneidrett Norges Bandyforbunds Kampreglement innebandy Norges Bandyforbunds Spillereglement innebandy Informasjon om klubbturneringen [&hellip;]<\/p>\n","protected":false},"author":6,"featured_media":0,"parent":0,"menu_order":0,"comment_status":"closed","ping_status":"closed","template":"","meta":{"cover_meta":"","footnotes":""},"class_list":["post-6692","page","type-page","status-publish","hentry"],"_links":{"self":[{"href":"https:\/\/bandyforbundet.no\/oslo-og-akershus\/index.php?rest_route=\/wp\/v2\/pages\/6692","targetHints":{"allow":["GET"]}}],"collection":[{"href":"https:\/\/bandyforbundet.no\/oslo-og-akershus\/index.php?rest_route=\/wp\/v2\/pages"}],"about":[{"href":"https:\/\/bandyforbundet.no\/oslo-og-akershus\/index.php?rest_route=\/wp\/v2\/types\/page"}],"author":[{"embeddable":true,"href":"https:\/\/bandyforbundet.no\/oslo-og-akershus\/index.php?rest_route=\/wp\/v2\/users\/6"}],"replies":[{"embeddable":true,"href":"https:\/\/bandyforbundet.no\/oslo-og-akershus\/index.php?rest_route=%2Fwp%2Fv2%2Fcomments&post=6692"}],"version-history":[{"count":7,"href":"https:\/\/bandyforbundet.no\/oslo-og-akershus\/index.php?rest_route=\/wp\/v2\/pages\/6692\/revisions"}],"predecessor-version":[{"id":7058,"href":"https:\/\/bandyforbundet.no\/oslo-og-akershus\/index.php?rest_route=\/wp\/v2\/pages\/6692\/revisions\/7058"}],"wp:attachment":[{"href":"https:\/\/bandyforbundet.no\/oslo-og-akershus\/index.php?rest_route=%2Fwp%2Fv2%2Fmedia&parent=6692"}],"curies":[{"name":"wp","href":"https:\/\/api.w.org\/{rel}","templated":true}]}}