{"id":7202,"date":"2025-06-06T12:25:02","date_gmt":"2025-06-06T12:25:02","guid":{"rendered":"https:\/\/bandyforbundet.no\/oslo-og-akershus\/?page_id=7202"},"modified":"2025-08-22T12:04:04","modified_gmt":"2025-08-22T12:04:04","slug":"tildelte-arrangementer-sesongen-2025-2026","status":"publish","type":"page","link":"https:\/\/bandyforbundet.no\/oslo-og-akershus\/?page_id=7202","title":{"rendered":"Tildelte arrangementer sesongen 2025\/2026"},"content":{"rendered":"\n<p><strong>Tildeling av teknisk arrang\u00f8rrolle for sesongen 2025\/2026<\/strong><\/p>\n\n\n\n<p>Regionstyret har, etter behandling av innkomne s\u00f8knader, besluttet \u00e5 tildele rollen som teknisk arrang\u00f8r for arrangementer i sesongen 2025\/2026. Vi gratulerer de utvalgte arrang\u00f8rene og ser frem til et godt samarbeid for \u00e5 sikre gjennomf\u00f8ring av arrangementer med h\u00f8y kvalitet.<\/p>\n\n\n\n<div class=\"wp-block-msswb-spacer msswb-spacer-container\" style=\"height:50px\"><div class=\"line\" style=\"height:25px\"><\/div><div class=\"line-center-divider\"><\/div><\/div>\n\n\n\n<h2 class=\"wp-block-heading\">Regionstyrets tildeling<\/h2>\n\n\n\n<div class=\"wp-block-msswb-panel msswb-panel-container\"><div class=\"mwwsb-panel-header\"><div class=\"mwwsb-panel-title\">Teknisk arrang\u00f8r for Mini- og 3v3 runder <\/div><div class=\"mwwsb-panel-icon\"><span class=\"dashicon dashicons dashicons-arrow-down-alt2\"><\/span><\/div><\/div><div class=\"msswb-panel-content\">\n<figure class=\"wp-block-table is-style-stripes\"><table class=\"has-fixed-layout\"><tbody><tr><td><strong>Runde<\/strong><\/td><td><strong>Dato l\u00f8rdag<\/strong><\/td><td><strong>Dato s\u00f8ndag<\/strong><\/td><td><strong>Sone 1 l\u00f8rdag<\/strong><\/td><td><strong>Sone 1 s\u00f8ndag<\/strong><\/td><td><strong>Arena<\/strong><\/td><td><strong>Baner<\/strong><\/td><td><strong>Sone 2 l\u00f8rdag<\/strong><\/td><td><strong>Sone 2 s\u00f8ndag<\/strong><\/td><td><strong>Arena<\/strong><\/td><td><strong>Baner<\/strong><\/td><\/tr><tr><td><strong>1<\/strong><\/td><td><strong>13.09.25<\/strong><\/td><td><strong>14.09.25<\/strong><\/td><td>Vika og<br>Filipstad<\/td><td>Vika og Filipstad<\/td><td>Majorstuen<\/td><td>2<\/td><td>Gjerdrum<\/td><td>Gjerdrum<\/td><td>Gjerdrum<\/td><td>2<\/td><\/tr><tr><td><strong>2<\/strong><\/td><td><strong>18.10.25<\/strong><\/td><td><strong>19.10.25<\/strong><\/td><td>Asker IBK<\/td><td>Asker IBK<\/td><td>Heggedal<\/td><td>3<\/td><td>Ellingsrud<\/td><td>Ellingsrud<\/td><td>Ellingsrud<\/td><td>3<\/td><\/tr><tr><td><strong>3<\/strong><\/td><td><strong>15.11.25<\/strong><\/td><td><strong>16.11.25<\/strong><\/td><td>Monolitten<\/td><td>Monolitten<\/td><td>Sk\u00f8yen<\/td><td>3<\/td><td>Gjeller\u00e5sen<\/td><td>Gjeller\u00e5sen<\/td><td>Slattum<\/td><td>3<\/td><\/tr><tr><td><strong>4<\/strong><\/td><td><strong>13.12.25<\/strong><\/td><td><strong>14.12.25<\/strong><\/td><td>DFI<\/td><td>DFI<\/td><td>Frogn Vgs<\/td><td>2<\/td><td>Nes<\/td><td>Nes<\/td><td>Neshallen<\/td><td>2<\/td><\/tr><tr><td><strong>5<\/strong><\/td><td><strong>10.01.26<\/strong><\/td><td><strong>11.01.26<\/strong><\/td><td>Sterling<\/td><td>Sterling<\/td><td>Vahl<\/td><td>3<\/td><td>Str\u00f8mmen<\/td><td>Str\u00f8mmen<\/td><td>Slora<\/td><td>3<\/td><\/tr><tr><td><strong>6<\/strong><\/td><td><strong>07.02.26<\/strong><\/td><td><strong>08.02.26<\/strong><\/td><td>\u00d8stensj\u00f8<\/td><td>\u00d8stensj\u00f8<\/td><td>B\u00f8ler<\/td><td>3<\/td><td>Fet<\/td><td>Fet<\/td><td>Eika<\/td><td>4<\/td><\/tr><tr><td><strong>7<\/strong><\/td><td><strong>14.03.26<\/strong><\/td><td><strong>15.03.26<\/strong><\/td><td>Ski<\/td><td>Ski<\/td><td>Ski<\/td><td>4<\/td><td>Sveiva<\/td><td>Sveiva<\/td><td>Rommen<\/td><td>2<\/td><\/tr><tr><td><strong>8<\/strong><\/td><td><strong>25.04.26<\/strong><\/td><td><strong>26.04.26<\/strong><\/td><td>Holmlia<\/td><td>BSK\/<br>MASK<\/td><td>Holmlia\/<br>Ekeberg skole\/<br>Klemetsrud<\/td><td>4<\/td><td>Fjerdingby<\/td><td>Fjerdingby<\/td><td>Fjerdingby<\/td><td>3<\/td><\/tr><tr><td><strong>OABR V\u00e5rCup<\/strong>*<\/td><td><strong>30.05.26<\/strong><\/td><td><strong>31.05.26<\/strong><\/td><td>Grei<\/td><td>Grei<\/td><td>Apall\u00f8kka<\/td><td>4<\/td><td>Ull\/Kisa<\/td><td>Ull\/Kisa<\/td><td>Jessheim <\/td><td>4<\/td><\/tr><\/tbody><\/table><figcaption class=\"wp-element-caption\">*Det ble p\u00e5&nbsp;<strong>Styrem\u00f8te OABR nr.&nbsp;9\/2024-2026<\/strong>&nbsp;vedtatt \u00e5 arrangere OABR&nbsp;V\u00e5rcup&nbsp;2026 helgen 30. og 31. mai 2026. <\/figcaption><\/figure>\n\n\n\n<p><\/p>\n<\/div><\/div>\n\n\n\n<div class=\"wp-block-msswb-panel msswb-panel-container\"><div class=\"mwwsb-panel-header\"><div class=\"mwwsb-panel-title\">Teknisk arrang\u00f8r for OABR Regionscup<\/div><div class=\"mwwsb-panel-icon\"><span class=\"dashicon dashicons dashicons-arrow-down-alt2\"><\/span><\/div><\/div><div class=\"msswb-panel-content\">\n<h3 class=\"wp-block-heading\">Tildeling av<strong> puljespill \u2013 Aldersbestemte klasser<\/strong> 5.-7. september 2025<\/h3>\n\n\n\n<ul class=\"wp-block-list\">\n<li><strong>Gutter:<\/strong>\n\n\n\n\n\n\n<ul class=\"wp-block-list\">\n<li>BSK (NB! Ekeberghallen)<\/li>\n\n\n\n<li>DFI<\/li>\n<\/ul>\n\n\n\n<ul class=\"wp-block-list\">\n<li>Gjeller\u00e5sen<\/li>\n<\/ul>\n<\/li>\n\n\n\n<li><strong>Jenter:<\/strong>\n<ul class=\"wp-block-list\">\n<li>DFI<\/li>\n\n\n\n<li>Gjeller\u00e5sen<\/li>\n<\/ul>\n<\/li>\n<\/ul>\n\n\n\n<div class=\"wp-block-msswb-spacer msswb-spacer-container\" style=\"height:50px\"><div class=\"line\" style=\"height:25px\"><\/div><div class=\"line-center-divider\"><\/div><\/div>\n\n\n\n<h3 class=\"wp-block-heading\">Tildeling av <strong>puljespill \u2013 Seniorklasser<\/strong> 19.-21. september 2025<\/h3>\n\n\n\n<ul class=\"wp-block-list\">\n<li><strong>Kvinner senior:<\/strong>\n<ul class=\"wp-block-list\">\n<li>Gjeller\u00e5sen<\/li>\n\n\n\n<li>Ull\/Kisa<\/li>\n<\/ul>\n<\/li>\n\n\n\n<li><strong>Menn senior:<\/strong>\n<ul class=\"wp-block-list\">\n<li>Ellingsrud<\/li>\n\n\n\n<li>Gjeller\u00e5sen<\/li>\n\n\n\n<li>Ull\/Kisa<\/li>\n\n\n\n<li>Fjerdingby<\/li>\n<\/ul>\n<\/li>\n<\/ul>\n\n\n\n<div class=\"wp-block-msswb-spacer msswb-spacer-container\" style=\"height:50px\"><div class=\"line\" style=\"height:25px\"><\/div><div class=\"line-center-divider\"><\/div><\/div>\n\n\n\n<h3 class=\"wp-block-heading\">Tildeling av <strong>Finaler<\/strong><\/h3>\n\n\n\n<ul class=\"wp-block-list\">\n<li><strong>Aldersbestemte klasser<\/strong> &#8211; 22. november og 23. november 2025\n<ul class=\"wp-block-list\">\n<li>Sveiva<\/li>\n<\/ul>\n<\/li>\n\n\n\n<li><strong>Seniorklasse<\/strong>r &#8211; 30. november 2025\n<ul class=\"wp-block-list\">\n<li>Fet<\/li>\n<\/ul>\n<\/li>\n<\/ul>\n\n\n\n<div class=\"wp-block-msswb-spacer msswb-spacer-container\" style=\"height:50px\"><div class=\"line\" style=\"height:25px\"><\/div><div class=\"line-center-divider\"><\/div><\/div>\n<\/div><\/div>\n\n\n\n<div class=\"wp-block-msswb-panel msswb-panel-container\"><div class=\"mwwsb-panel-header\"><div class=\"mwwsb-panel-title\">Teknisk arrang\u00f8r for NM aldersbestemte klasser<\/div><div class=\"mwwsb-panel-icon\"><span class=\"dashicon dashicons dashicons-arrow-down-alt2\"><\/span><\/div><\/div><div class=\"msswb-panel-content\">\n<h3 class=\"wp-block-heading\">Tildeling av NM-arrangementer<\/h3>\n\n\n\n<ul class=\"wp-block-list\">\n<li><strong>NM Jenter 17<\/strong>: Tildeles&nbsp;<strong>Sveiva<\/strong> &#8211; 17.-18. januar 2026<\/li>\n\n\n\n<li><strong>NM Jenter 19<\/strong>: Tildeles&nbsp;<strong>Nittedal<\/strong> &#8211; 24.-25. januar 2026<\/li>\n\n\n\n<li><strong>NM Gutter 17<\/strong>: Tildeles&nbsp;<strong>Fjerdingby<\/strong> &#8211; 17.-18. januar 2026<\/li>\n\n\n\n<li><strong>NM Gutter 19<\/strong>: Tildeles&nbsp;<strong>Ellingsrud<\/strong> &#8211; 24.-25. januar 2026<\/li>\n<\/ul>\n\n\n\n<p><strong>GIF<\/strong>&nbsp;settes p\u00e5&nbsp;<strong>venteliste<\/strong>&nbsp;for NM-arrangementer, og blir tildelt arrangement ved behov for flere arrang\u00f8rer.<\/p>\n\n\n\n<p><\/p>\n\n\n\n<p><\/p>\n<\/div><\/div>\n\n\n\n<div class=\"wp-block-msswb-spacer msswb-spacer-container\" style=\"height:50px\"><div class=\"line\" style=\"height:25px\"><\/div><div class=\"line-center-divider\"><\/div><\/div>\n\n\n\n<div class=\"wp-block-msswb-spacer msswb-spacer-container\" style=\"height:50px\"><div class=\"line\" style=\"height:25px\"><\/div><div class=\"line-center-divider\"><\/div><\/div>\n\n\n\n<h2 class=\"wp-block-heading\">Arrang\u00f8rinstrukser<\/h2>\n\n\n\n<div class=\"wp-block-msswb-panel msswb-panel-container\"><div class=\"mwwsb-panel-header\"><div class=\"mwwsb-panel-title\">Arrang\u00f8rinstruks Mini- og 3v3 runder<\/div><div class=\"mwwsb-panel-icon\"><span class=\"dashicon dashicons dashicons-arrow-down-alt2\"><\/span><\/div><\/div><div class=\"msswb-panel-content\">\n<p><a href=\"https:\/\/bandyforbundet.no\/oslo-og-akershus\/?page_id=7192\" target=\"_blank\" rel=\"noreferrer noopener\">Arrang\u00f8rinnstruks for Mini- og 3v3 runder<\/a><\/p>\n<\/div><\/div>\n\n\n\n<div class=\"wp-block-msswb-panel msswb-panel-container\"><div class=\"mwwsb-panel-header\"><div class=\"mwwsb-panel-title\">Arrang\u00f8rinstruks Regionscup<\/div><div class=\"mwwsb-panel-icon\"><span class=\"dashicon dashicons dashicons-arrow-down-alt2\"><\/span><\/div><\/div><div class=\"msswb-panel-content\">\n<p>Instruks kommer<\/p>\n<\/div><\/div>\n\n\n\n<div class=\"wp-block-msswb-panel msswb-panel-container\"><div class=\"mwwsb-panel-header\"><div class=\"mwwsb-panel-title\">Arrang\u00f8rinstruks NM aldersbestemte klasser<\/div><div class=\"mwwsb-panel-icon\"><span class=\"dashicon dashicons dashicons-arrow-down-alt2\"><\/span><\/div><\/div><div class=\"msswb-panel-content\">\n<p><a href=\"https:\/\/bandyforbundet.no\/oslo-og-akershus\/wp-content\/uploads\/sites\/7\/2025\/03\/241104_Arrangorinstruks_NM-finaler_aldersbestemte_klasser.pdf\" target=\"_blank\" rel=\"noreferrer noopener\">Arrang\u00f8rinstruks for NM aldersbestemte klasser<\/a><\/p>\n<\/div><\/div>\n\n\n\n<div class=\"wp-block-msswb-spacer msswb-spacer-container\" style=\"height:50px\"><div class=\"line\" style=\"height:25px\"><\/div><div class=\"line-center-divider\"><\/div><\/div>\n\n\n\n<div class=\"wp-block-msswb-spacer msswb-spacer-container\" style=\"height:50px\"><div class=\"line\" style=\"height:25px\"><\/div><div class=\"line-center-divider\"><\/div><\/div>\n\n\n\n<h2 class=\"wp-block-heading\">Kriterier<\/h2>\n\n\n\n<p><strong>Styret i Oslo og Akershus Bandyregion har vedtatt nedenst\u00e5ende kriterier for tildeling av arrangementer<\/strong> (sist oppdatert 04.02.2025)<\/p>\n\n\n\n<div class=\"wp-block-msswb-panel msswb-panel-container\"><div class=\"mwwsb-panel-header\"><div class=\"mwwsb-panel-title\">Kriterier for tildeling av rollen som teknisk arrang\u00f8r for Mini- og 3v3 runder i Oslo og Akershus Bandyregion<\/div><div class=\"mwwsb-panel-icon\"><span class=\"dashicon dashicons dashicons-arrow-down-alt2\"><\/span><\/div><\/div><div class=\"msswb-panel-content\">\n<figure class=\"wp-block-table\"><table class=\"has-fixed-layout\"><tbody><tr><td><strong>&nbsp;<\/strong><\/td><td><strong>Kriterier<\/strong><\/td><td><strong>Kommentar<\/strong><\/td><\/tr><tr><td><strong>Medlemskap<\/strong><\/td><td>Klubben som s\u00f8ker, m\u00e5 v\u00e6re medlem av Oslo og Akershus Bandyregion for \u00e5 bli tildelt arrangement.<\/td><td><em>Arrang\u00f8rs\u00f8knader fra klubber som tilh\u00f8rer andre regioner blir ikke vurdert.<\/em><\/td><\/tr><tr><td><strong>S\u00f8knadsfrist<\/strong><\/td><td>S\u00f8knadsfristen er 20. april.&nbsp;<\/td><td><em>Arrang\u00f8rs\u00f8knader etter fristen blir ikke vurdert.<\/em><\/td><\/tr><tr><td><strong>Sportslig<\/strong><\/td><td>Klubber skal som hovedregel ha deltatt med lag i minirunde og\/eller seriespill i aldersbestemte klasser foreg\u00e5ende sesong.&nbsp;&nbsp;<\/td><td><em>Arrang\u00f8rs\u00f8knader fra klubber som har deltatt med b\u00e5de jentelag og guttelag foreg\u00e5ende sesong prioriteres foran klubber som har deltatt med bare jentelag eller bare guttelag.<\/em><\/td><\/tr><tr><td><strong>Anlegg<\/strong><strong>&nbsp;<\/strong><\/td><td>Idrettshallen m\u00e5 ha minimum to minibaner p\u00e5 arrangementsdagen, men helst flere baner.&nbsp;&nbsp;&nbsp;<\/td><td><em>Arrang\u00f8rs\u00f8knader med flere minibaner prioriteres f\u00f8r arrang\u00f8rs\u00f8knader med f\u00e6rre baner. Split boards kan benyttes i Mini- og 3v3 runder.<\/em><\/td><\/tr><tr><td><strong>Anlegg<\/strong><\/td><td>Idrettshallen m\u00e5 v\u00e6re tilgjengelig i minimum ni timer p\u00e5 arrangementsdagen.&nbsp;<br> &#8211; L\u00f8rdag 09.00-18.00<br> &#8211; S\u00f8ndag 10.00-20.00&nbsp;<\/td><td><em>&nbsp;<\/em><em><\/em><\/td><\/tr><tr><td><strong>Anlegg<\/strong><\/td><td>Idrettshallen skal v\u00e6re egnet for \u00e5 gjennomf\u00f8re Mini- og 3v3 runde. Idrettshallen skal ha:<br> &#8211; Tilstrekkelig antall spillegarderober<br> &#8211; God tribunekapasitet&nbsp;<br> &#8211; Universell utforming<\/td><td><\/td><\/tr><tr><td><strong>\u00d8konomi<\/strong><\/td><td>For \u00e5 bli tildelt arrangement og rollen som teknisk arrang\u00f8r skal alle klubbens faktura fra Oslo og Akershus Bandyregion v\u00e6re betalt.&nbsp;<\/td><td><em>Arrang\u00f8rs\u00f8knader fra klubber som har gjeldsforpliktelser (regninger som har forfalt med mer enn 30 dager) prioriteres ikke i utvelgelsen av tekniske arrang\u00f8rer.&nbsp;<\/em><em><\/em><\/td><\/tr><tr><td><strong>\u00d8konomi<\/strong><strong>&nbsp;<\/strong><\/td><td>Kostnad p\u00e5 leie av tid i idrettshall, som blir belastet OABR i forbindelse med arrangementet&nbsp;<\/td><td><em>Arrang\u00f8rs\u00f8knader med ingen eller lav leiekostnad p\u00e5 idrettshall vil prioriteres f\u00f8r arrang\u00f8rs\u00f8knader med h\u00f8yere leiekostnader p\u00e5 idrettshall.&nbsp;<\/em><\/td><\/tr><tr><td><strong>\u00d8konomi<\/strong><strong>&nbsp;<\/strong><\/td><td>Kostnad p\u00e5 inngangsbillett for publikum.<\/td><td><em>&nbsp;<\/em><em>Arrang\u00f8rs\u00f8knader med lav eller ingen inngangsbillett prioriteres f\u00f8r arrang\u00f8rs\u00f8knader med h\u00f8yere inngangsbillett.&nbsp;<\/em><\/td><\/tr><tr><td><strong>Annet<\/strong><strong>&nbsp;<\/strong><\/td><td>Spesielle konsepter for arrangementet.&nbsp;&nbsp;<\/td><td><em>Arrang\u00f8rs\u00f8knader med gode\/spennende\/nyskapende konsepter&nbsp;i Mini- og 3v3 runden.prioriteres.<\/em><\/td><\/tr><\/tbody><\/table><\/figure>\n<\/div><\/div>\n\n\n\n<div class=\"wp-block-msswb-panel msswb-panel-container\"><div class=\"mwwsb-panel-header\"><div class=\"mwwsb-panel-title\">Kriterier for tildeling av rollen som teknisk arrang\u00f8r for Regionscup i Oslo og Akershus Bandyregion<\/div><div class=\"mwwsb-panel-icon\"><span class=\"dashicon dashicons dashicons-arrow-down-alt2\"><\/span><\/div><\/div><div class=\"msswb-panel-content\">\n<figure class=\"wp-block-table\"><table class=\"has-fixed-layout\"><tbody><tr><td><strong>&nbsp;<\/strong><\/td><td><strong>Kriterier<\/strong><\/td><td><strong>Kommentar<\/strong><\/td><\/tr><tr><td><strong>Medlemskap<\/strong><\/td><td>Klubben som s\u00f8ker, m\u00e5 v\u00e6re medlem av Oslo og Akershus Bandyregion for \u00e5 bli tildelt arrangement.<\/td><td><em>Arrang\u00f8rs\u00f8knader fra klubber som tilh\u00f8rer andre regioner blir ikke vurdert.<\/em><\/td><\/tr><tr><td><strong>S\u00f8knadsfrist<\/strong><\/td><td>S\u00f8knadsfristen er 20. april.&nbsp;<\/td><td><em>Arrang\u00f8rs\u00f8knader etter fristen blir ikke vurdert.<\/em><\/td><\/tr><tr><td><strong>Sportslig<\/strong><\/td><td>Klubber skal som hovedregel ha deltatt med lag i minirunde og\/eller seriespill i aldersbestemte klasser foreg\u00e5ende sesong.&nbsp;&nbsp;<\/td><td><em>Arrang\u00f8rs\u00f8knader fra klubber som har deltatt med b\u00e5de jentelag og guttelag foreg\u00e5ende sesong prioriteres foran klubber som har deltatt med bare jentelag eller bare guttelag.<\/em><\/td><\/tr><tr><td><strong>Anlegg<\/strong><\/td><td>Idrettshallen m\u00e5 v\u00e6re tilgjengelig i minimum ni timer p\u00e5 arrangementsdagen.&nbsp;<br> &#8211; L\u00f8rdag 09.00-18.00<br> &#8211; S\u00f8ndag 10.00-20.00&nbsp;<\/td><td><em>&nbsp;<\/em><em><\/em><\/td><\/tr><tr><td><strong>Anlegg<\/strong><\/td><td>Idrettshallen m\u00e5 ha:<br> &#8211; Tilstrekkelig antall spillegarderober<br> &#8211; Dommergarderobe<br> &#8211; God tribunekapasitet&nbsp;<br> &#8211; Universell utforming<\/td><td><\/td><\/tr><tr><td><strong>\u00d8konomi<\/strong><\/td><td>For \u00e5 bli tildelt arrangement og rollen som teknisk arrang\u00f8r skal alle klubbens faktura fra Oslo og Akershus Bandyregion v\u00e6re betalt.&nbsp;<\/td><td><em>Arrang\u00f8rs\u00f8knader fra klubber som har gjeldsforpliktelser (regninger som har forfalt med mer enn 30 dager) prioriteres ikke i utvelgelsen av tekniske arrang\u00f8rer.&nbsp;<\/em><em><\/em><\/td><\/tr><tr><td><strong>\u00d8konomi<\/strong><strong>&nbsp;<\/strong><\/td><td>Kostnad p\u00e5 leie av tid i idrettshall, som blir belastet OABR i forbindelse med arrangementet&nbsp;<\/td><td><em>Arrang\u00f8rs\u00f8knader med ingen eller lav leiekostnad p\u00e5 idrettshall vil prioriteres f\u00f8r arrang\u00f8rs\u00f8knader med h\u00f8yere leiekostnader p\u00e5 idrettshall.&nbsp;<\/em><\/td><\/tr><\/tbody><\/table><\/figure>\n<\/div><\/div>\n\n\n\n<div class=\"wp-block-msswb-panel msswb-panel-container\"><div class=\"mwwsb-panel-header\"><div class=\"mwwsb-panel-title\">Kriterier for tildeling av rollen som teknisk arrang\u00f8r for NM aldersbestemte klasser i Oslo og Akershus Bandyregion<\/div><div class=\"mwwsb-panel-icon\"><span class=\"dashicon dashicons dashicons-arrow-down-alt2\"><\/span><\/div><\/div><div class=\"msswb-panel-content\">\n<figure class=\"wp-block-table\"><table class=\"has-fixed-layout\"><tbody><tr><td><strong>&nbsp;<\/strong><\/td><td><strong>Kriterier<\/strong><\/td><td><strong>Kommentar<\/strong><\/td><\/tr><tr><td><strong>Medlemskap<\/strong><\/td><td>Klubben som s\u00f8ker, m\u00e5 v\u00e6re medlem av Oslo og Akershus Bandyregion for \u00e5 bli tildelt arrangement.<\/td><td><em>Arrang\u00f8rs\u00f8knader fra klubber som tilh\u00f8rer andre regioner blir ikke vurdert.<\/em><\/td><\/tr><tr><td><strong>S\u00f8knadsfrist<\/strong><\/td><td>S\u00f8knadsfristen er 20. april.&nbsp;<\/td><td><em>Arrang\u00f8rs\u00f8knader etter fristen blir ikke vurdert.<\/em><\/td><\/tr><tr><td><strong>Sportslig<\/strong><\/td><td>Klubber skal som hovedregel ha deltatt med lag i minirunde og\/eller seriespill i aldersbestemte klasser foreg\u00e5ende sesong.&nbsp;&nbsp;<\/td><td><em>Arrang\u00f8rs\u00f8knader fra klubber som har deltatt med b\u00e5de jentelag og guttelag foreg\u00e5ende sesong prioriteres foran klubber som har deltatt med bare jentelag eller bare guttelag.<\/em><\/td><\/tr><tr><td><strong>\u00d8konomi<\/strong><\/td><td>For \u00e5 bli tildelt arrangement og rollen som teknisk arrang\u00f8r skal alle klubbens faktura fra Oslo og Akershus Bandyregion v\u00e6re betalt.&nbsp;<\/td><td><em>Arrang\u00f8rs\u00f8knader fra klubber som har gjeldsforpliktelser (regninger som har forfalt med mer enn 30 dager) prioriteres ikke i utvelgelsen av tekniske arrang\u00f8rer.&nbsp;<\/em><em><\/em><\/td><\/tr><\/tbody><\/table><\/figure>\n\n\n\n<p><strong>NB! Det vises til ytterligere kriterier fra Norges Bandyforbund &#8211; under arrang\u00f8rinnstruks for NM aldersbestemte klasser nedenfor.<\/strong><\/p>\n<\/div><\/div>\n","protected":false},"excerpt":{"rendered":"<p>Tildeling av teknisk arrang\u00f8rrolle for sesongen 2025\/2026 Regionstyret har, etter behandling av innkomne s\u00f8knader, besluttet \u00e5 tildele rollen som teknisk arrang\u00f8r for arrangementer i sesongen 2025\/2026. Vi gratulerer de utvalgte arrang\u00f8rene og ser frem til et godt samarbeid for \u00e5 sikre gjennomf\u00f8ring av arrangementer med h\u00f8y kvalitet. Regionstyrets tildeling Arrang\u00f8rinstrukser Kriterier Styret i Oslo og [&hellip;]<\/p>\n","protected":false},"author":6,"featured_media":0,"parent":0,"menu_order":0,"comment_status":"closed","ping_status":"closed","template":"","meta":{"cover_meta":"","footnotes":""},"class_list":["post-7202","page","type-page","status-publish","hentry"],"_links":{"self":[{"href":"https:\/\/bandyforbundet.no\/oslo-og-akershus\/index.php?rest_route=\/wp\/v2\/pages\/7202","targetHints":{"allow":["GET"]}}],"collection":[{"href":"https:\/\/bandyforbundet.no\/oslo-og-akershus\/index.php?rest_route=\/wp\/v2\/pages"}],"about":[{"href":"https:\/\/bandyforbundet.no\/oslo-og-akershus\/index.php?rest_route=\/wp\/v2\/types\/page"}],"author":[{"embeddable":true,"href":"https:\/\/bandyforbundet.no\/oslo-og-akershus\/index.php?rest_route=\/wp\/v2\/users\/6"}],"replies":[{"embeddable":true,"href":"https:\/\/bandyforbundet.no\/oslo-og-akershus\/index.php?rest_route=%2Fwp%2Fv2%2Fcomments&post=7202"}],"version-history":[{"count":16,"href":"https:\/\/bandyforbundet.no\/oslo-og-akershus\/index.php?rest_route=\/wp\/v2\/pages\/7202\/revisions"}],"predecessor-version":[{"id":7482,"href":"https:\/\/bandyforbundet.no\/oslo-og-akershus\/index.php?rest_route=\/wp\/v2\/pages\/7202\/revisions\/7482"}],"wp:attachment":[{"href":"https:\/\/bandyforbundet.no\/oslo-og-akershus\/index.php?rest_route=%2Fwp%2Fv2%2Fmedia&parent=7202"}],"curies":[{"name":"wp","href":"https:\/\/api.w.org\/{rel}","templated":true}]}}