{"id":7896,"date":"2026-03-25T09:51:23","date_gmt":"2026-03-25T09:51:23","guid":{"rendered":"https:\/\/bandyforbundet.no\/oslo-og-akershus\/?page_id=7896"},"modified":"2026-04-07T08:32:58","modified_gmt":"2026-04-07T08:32:58","slug":"innebandymail-no-klubbens-epost","status":"publish","type":"page","link":"https:\/\/bandyforbundet.no\/oslo-og-akershus\/?page_id=7896","title":{"rendered":"Innebandymail.no\u200b &#8211; klubbens epost"},"content":{"rendered":"\n<h2 class=\"wp-block-heading\"><strong>Om klubbens e-post \u2013 \u00abklubbnavn\u00bb@innebandymail.no<\/strong><\/h2>\n\n\n\n<p><br>Som informert under Klubbseminaret i 2025, m\u00e5 alle klubber tilknyttet Oslo og Akershus Bandyregion ta i bruk e-postadresse levert av regionen fra og med sesongen 2026\/2027. Oslo og Akershus Bandyregion (OABR) sender ut viktig informasjon gjennom hele \u00e5ret. Erfaringen viser at det ofte ligger utdatert e-postinformasjon i systemene (TA og SA).<br>Dette medf\u00f8rer at ledere, trenere og lagledere i enkelte tilfeller g\u00e5r glipp av viktig informasjon, og ikke minst frister, som p\u00e5meldingsfrister og s\u00f8knadsfrister. For \u00e5 sikre at all informasjon n\u00e5r frem til klubbene, har OABR derfor opprettet egne e-postadresser til alle klubber.<br><br><strong>Klubbens e-post: \u00abklubbnavn\u00bb@innebandymail.no<\/strong><br>Fra sesongen 2026\/2027 m\u00e5 alle klubber bruke e-postadresse levert av Oslo og Akershus Bandyregion. Adressen vil v\u00e6re:<br><strong>\u00abklubbnavn\u00bb@innebandymail.no<\/strong><br>E-posten administreres av klubbens leder, som vil motta brukernavn og passord.<br><\/p>\n\n\n\n<div class=\"wp-block-msswb-spacer msswb-spacer-container\" style=\"height:50px\"><div class=\"line\" style=\"height:25px\"><\/div><div class=\"line-center-divider\"><\/div><\/div>\n\n\n\n<h2 class=\"wp-block-heading\"><strong>Slik bruker dere e-posten<\/strong><\/h2>\n\n\n\n<p><br>G\u00e5 til:&nbsp;<strong><a href=\"https:\/\/webmail.domeneshop.no\/\">https:\/\/webmail.domeneshop.no\/<\/a><\/strong><br>Logg inn med brukernavn og passord for \u00e5 lese og sende e-post.<br>Klubben kan velge \u00e5 bruke Webmail-l\u00f8sningen, eller legge kontoen inn i et e-postprogram (f.eks. Outlook).<br><br><strong>Videresending av e-post<\/strong><br>Dersom klubben \u00f8nsker at alle innkommende e-poster til&nbsp;<strong>\u00abklubbnavn\u00bb@innebandymail.no<\/strong>&nbsp;skal videresendes til en annen konto, kan dette enkelt settes opp.<\/p>\n\n\n\n<div class=\"wp-block-msswb-spacer msswb-spacer-container\" style=\"height:50px\"><div class=\"line\" style=\"height:25px\"><\/div><div class=\"line-center-divider\"><\/div><\/div>\n\n\n\n<h2 class=\"wp-block-heading\">Logg inn p\u00e5 innebandymail.no<\/h2>\n\n\n<div class=\"msswb-image-frontend-app\"data-href-target=\"true\" data-href=\"%22https%3A%5C%2F%5C%2Fwebmail.domeneshop.no%22\" data-use-link=\"true\" data-screen-width=\"false\" data-alignment=\"%22left%22\" data-url=\"%22%5C%2Fwp-content%5C%2Fuploads%5C%2Fsites%5C%2F7%5C%2F2026%5C%2F03%5C%2FSkjermbilde-2026-03-25-kl.-10.38.02.png%22\" data-is-background-image=\"false\" data-border-radius=\"0\" data-image-width=\"480\" data-image-height=\"215\" data-selected-image=\"%7B%22image_id%22%3A8074%2C%22blog_id%22%3A7%2C%22term_id%22%3A-1%2C%22selected_size%22%3A%22full%22%7D\" data-image-aspect-ratio=\"0.45\" data-alt-text=\"%22%22\" data-caption=\"%22Logg%20inn%20p%5Cu00e5%20innebandymail.no%20her%22\" data-width=\"415\" data-height=\"186\" data-focal-point=\"\" data-show-light-box=\"false\" >\n<div class=\"msswb-image-block msswbleft\" style=\"width:415px\"><a href=\"https:\/\/webmail.domeneshop.no\" target=\"_blank\" rel=\"noreferrer noopener\"><div class=\"msswb-image \"><div class=\"image-container\" style=\"width:415px;height:186px\"><img decoding=\"async\" style=\"width:415px;height:186px\" src=\"\/wp-content\/uploads\/sites\/7\/2026\/03\/Skjermbilde-2026-03-25-kl.-10.38.02.png\" \/><\/div><\/div><\/a><div class=\"msswb-image-caption-container\"><div class=\"msswb-image-caption\">Logg inn p\u00e5 innebandymail.no her<\/div><\/div><\/div>\n<\/div>\n\n\n<div class=\"wp-block-msswb-spacer msswb-spacer-container\" style=\"height:50px\"><div class=\"line\" style=\"height:25px\"><\/div><div class=\"line-center-divider\"><\/div><\/div>\n\n\n\n<div class=\"wp-block-msswb-spacer msswb-spacer-container\" style=\"height:50px\"><div class=\"line\" style=\"height:25px\"><\/div><div class=\"line-center-divider\"><\/div><\/div>\n\n\n\n<div class=\"wp-block-msswb-spacer msswb-spacer-container\" style=\"height:50px\"><div class=\"line\" style=\"height:25px\"><\/div><div class=\"line-center-divider\"><\/div><\/div>\n\n\n\n<div class=\"wp-block-msswb-spacer msswb-spacer-container\" style=\"height:50px\"><div class=\"line\" style=\"height:25px\"><\/div><div class=\"line-center-divider\"><\/div><\/div>\n\n\n\n<div class=\"wp-block-msswb-spacer msswb-spacer-container\" style=\"height:50px\"><div class=\"line\" style=\"height:25px\"><\/div><div class=\"line-center-divider\"><\/div><\/div>\n\n\n\n<h2 class=\"wp-block-heading\">Sp\u00f8rsm\u00e5l og svar<\/h2>\n\n\n\n<div class=\"wp-block-msswb-panel msswb-panel-container\"><div class=\"mwwsb-panel-header\"><div class=\"mwwsb-panel-title\">Sende og motta epost<\/div><div class=\"mwwsb-panel-icon\"><span class=\"dashicon dashicons dashicons-arrow-down-alt2\"><\/span><\/div><\/div><div class=\"msswb-panel-content\">\n<p>I lenken nedenfor finner dere svar p\u00e5 de fleste sp\u00f8rsm\u00e5l knyttet til sending og mottak av e-post.<\/p>\n\n\n\n<p><a href=\"https:\/\/domene.shop\/faq?section=13\">https:\/\/domene.shop\/faq?section=13<\/a><\/p>\n<\/div><\/div>\n\n\n\n<div class=\"wp-block-msswb-panel msswb-panel-container\"><div class=\"mwwsb-panel-header\"><div class=\"mwwsb-panel-title\">Problemer med epost<\/div><div class=\"mwwsb-panel-icon\"><span class=\"dashicon dashicons dashicons-arrow-down-alt2\"><\/span><\/div><\/div><div class=\"msswb-panel-content\">\n<p>I lenken nedenfor finner dere svar p\u00e5 de vanligste problemene knyttet til e-post, samt forslag til l\u00f8sninger.<\/p>\n\n\n\n<p><a href=\"https:\/\/domene.shop\/faq?section=13\">https:\/\/domene.shop\/faq?section=13<\/a><\/p>\n<\/div><\/div>\n\n\n\n<div class=\"wp-block-msswb-panel msswb-panel-container\"><div class=\"mwwsb-panel-header\"><div class=\"mwwsb-panel-title\">Webmail &#8211; endre passord<\/div><div class=\"mwwsb-panel-icon\"><span class=\"dashicon dashicons dashicons-arrow-down-alt2\"><\/span><\/div><\/div><div class=\"msswb-panel-content\">\n<p>Passord kan endres via webmail:<\/p>\n\n\n\n<ol start=\"1\" class=\"wp-block-list\">\n<li>Logg inn p\u00e5&nbsp;<a href=\"https:\/\/webmail.domeneshop.no\/\">https:\/\/webmail.domeneshop.no\/<\/a><\/li>\n\n\n\n<li>Velg&nbsp;<strong>Innstillinger<\/strong>&nbsp;i menyen<\/li>\n\n\n\n<li>Klikk p\u00e5&nbsp;<strong>Passord<\/strong><\/li>\n\n\n\n<li>Skriv inn nytt passord (to ganger)<\/li>\n\n\n\n<li>Trykk&nbsp;<strong>Lagre<\/strong><\/li>\n<\/ol>\n<\/div><\/div>\n\n\n\n<p><br><a href=\"https:\/\/domene.shop\/faq?section=6\"><\/a><br>For flere sp\u00f8rsm\u00e5l og svar se domeneshop sine nettsider <a href=\"https:\/\/domene.shop\/faq?section=13\">her<\/a><\/p>\n\n\n\n<div class=\"wp-block-msswb-spacer msswb-spacer-container\" style=\"height:50px\"><div class=\"line\" style=\"height:25px\"><\/div><div class=\"line-center-divider\"><\/div><\/div>\n\n\n\n<h2 class=\"wp-block-heading\">Oversikt over klubbadresser til innebandyklubber i Oslo og Akershus Bandyregion<\/h2>\n\n\n\n<div class=\"wp-block-msswb-panel msswb-panel-container\"><div class=\"mwwsb-panel-header\"><div class=\"mwwsb-panel-title\">&laquo;Klubbnavn&raquo;@innebandymail.no<\/div><div class=\"mwwsb-panel-icon\"><span class=\"dashicon dashicons dashicons-arrow-down-alt2\"><\/span><\/div><\/div><div class=\"msswb-panel-content\">\n<figure class=\"wp-block-table\"><table class=\"has-fixed-layout\"><tbody><tr><td><strong>Orgledd fullt navn<\/strong><\/td><td><strong>E-post<\/strong><\/td><\/tr><tr><td>Akerselva, IK &#8211; Innebandy<\/td><td><a href=\"mailto:ikakerselva@innebandymail.no\">ikakerselva@innebandymail.no<\/a><\/td><\/tr><tr><td>Asker Fleridrettslag &#8211; Innebandy<\/td><td><a href=\"mailto:asker.fleridrettslag@innebandymail.no\">asker.fleridrettslag@innebandymail.no<\/a><\/td><\/tr><tr><td>Asker Innebandyklubb &#8211; Innebandy<\/td><td><a href=\"mailto:asker@innebandymail.no\">asker@innebandymail.no<\/a><\/td><\/tr><tr><td>BI Athletics &#8211; Innebandy<\/td><td><a href=\"mailto:biathletics@innebandymail.no\">biathletics@innebandymail.no<\/a><\/td><\/tr><tr><td>B\u00e6kkelagets Sportsklub &#8211; Innebandy<\/td><td><a href=\"mailto:bsk@innebandymail.no\">bsk@innebandymail.no<\/a><\/td><\/tr><tr><td>B\u00e6rums Verk Hauger Idrettsforening &#8211; Innebandy<\/td><td><a href=\"mailto:bvh@innebandymail.no\">bvh@innebandymail.no<\/a><\/td><\/tr><tr><td>Dr\u00f8bak-Frogn Idrettslag &#8211; Innebandy<\/td><td><a href=\"mailto:drobak-frogn@innebandymail.no\">drobak-frogn@innebandymail.no<\/a><\/td><\/tr><tr><td>Ellingsrud Idrettslag &#8211; Innebandy<\/td><td><a href=\"mailto:ellingsrud@innebandymail.no\">ellingsrud@innebandymail.no<\/a><\/td><\/tr><tr><td>Fagerstrand Idrettsforening &#8211; Innebandy<\/td><td><a href=\"mailto:fagerstrand@innebandymail.no\">fagerstrand@innebandymail.no<\/a><\/td><\/tr><tr><td>Fet Idrettslag &#8211; Innebandy<\/td><td><a href=\"mailto:fet@innebandymail.no\">fet@innebandymail.no<\/a><\/td><\/tr><tr><td>Fjerdingby Innebandyklubb &#8211; Innebandy<\/td><td><a href=\"mailto:fjerdingby@innebandymail.no\">fjerdingby@innebandymail.no<\/a><\/td><\/tr><tr><td>Frelsesarmeen Oslo Idrettslag &#8211; Innebandy<\/td><td><a href=\"mailto:frelsesarmeen@innebandymail.no\">frelsesarmeen@innebandymail.no<\/a><\/td><\/tr><tr><td>Frogner Idrettslag &#8211; Innebandy<\/td><td><a href=\"mailto:frogner@innebandymail.no\">frogner@innebandymail.no<\/a><\/td><\/tr><tr><td>Gjeller\u00e5sen Idrettsforening &#8211; Innebandy<\/td><td><a href=\"mailto:gif@innebandymail.no\">gif@innebandymail.no<\/a><\/td><\/tr><tr><td>Gjerdrum Idrettslag &#8211; Innebandy<\/td><td><a href=\"mailto:gjerdrum@innebandymail.no\">gjerdrum@innebandymail.no<\/a><\/td><\/tr><tr><td>Gr\u00fcner Allianseidrettslag &#8211; Innebandy<\/td><td><a href=\"mailto:gruner@innebandymail.no\">gruner@innebandymail.no<\/a><\/td><\/tr><tr><td>Hakadal Idrettslag &#8211; Innebandy<\/td><td><a href=\"mailto:hakadal@innebandymail.no\">hakadal@innebandymail.no<\/a><\/td><\/tr><tr><td>Hasle-L\u00f8ren Idrettslag &#8211; Innebandy<\/td><td><a href=\"mailto:hasle-loren@innebandymail.no\">hasle-loren@innebandymail.no<\/a><\/td><\/tr><tr><td>Haugerud Idrettsforening &#8211; Innebandy<\/td><td><a href=\"mailto:haugerud@innebandymail.no\">haugerud@innebandymail.no<\/a><\/td><\/tr><tr><td>Hauketo Idrettsforening &#8211; Innebandy<\/td><td><a href=\"mailto:hauketo@innebandymail.no\">hauketo@innebandymail.no<\/a><\/td><\/tr><tr><td>Holmlia Sportsklubb &#8211; Innebandy<\/td><td><a href=\"mailto:holmlia@innebandymail.no\">holmlia@innebandymail.no<\/a><\/td><\/tr><tr><td>H\u00f8ybr\u00e5ten og Stovner IL &#8211; Innebandy<\/td><td><a href=\"mailto:hsil@innebandymail.no\">hsil@innebandymail.no<\/a><\/td><\/tr><tr><td>Korsvoll Idrettslag &#8211; Innebandy<\/td><td><a href=\"mailto:korsvoll@innebandymail.no\">korsvoll@innebandymail.no<\/a><\/td><\/tr><tr><td>Kubakken IBK &#8211; Innebandy<\/td><td><a href=\"mailto:kubakken@innebandymail.no\">kubakken@innebandymail.no<\/a><\/td><\/tr><tr><td>Lambertseter Idrettsforening &#8211; Innebandy<\/td><td><a href=\"mailto:lambertseter@innebandymail.no\">lambertseter@innebandymail.no<\/a><\/td><\/tr><tr><td>Lillestr\u00f8m Innebandyklubb &#8211; Innebandy<\/td><td><a href=\"mailto:lillestrom@innebandymail.no\">lillestrom@innebandymail.no<\/a><\/td><\/tr><tr><td>Lyn Fotball &#8211; Innebandy<\/td><td><a href=\"mailto:lyn@innebandymail.no\">lyn@innebandymail.no<\/a><\/td><\/tr><tr><td>L\u00f8renskog Innebandyklubb &#8211; Innebandy<\/td><td><a href=\"mailto:lorenskog@innebandymail.no\">lorenskog@innebandymail.no<\/a><\/td><\/tr><tr><td>Monolitten Idrettslag &#8211; Innebandy<\/td><td><a href=\"mailto:monolitten@innebandymail.no\">monolitten@innebandymail.no<\/a><\/td><\/tr><tr><td>Mortensrud-Aker Sports klubb &#8211; Innebandy<\/td><td><a href=\"mailto:mask@innebandymail.no\">mask@innebandymail.no<\/a><\/td><\/tr><tr><td>Nes Innebandyklubb &#8211; Innebandy<\/td><td><a href=\"mailto:nes@innebandymail.no\">nes@innebandymail.no<\/a><\/td><\/tr><tr><td>Nesodden IF &#8211; Innebandy<\/td><td><a href=\"mailto:nesodden@innebandymail.no\">nesodden@innebandymail.no<\/a><\/td><\/tr><tr><td>Nittedal Idrettslag &#8211; Innebandy<\/td><td><a href=\"mailto:nittedal@innebandymail.no\">nittedal@innebandymail.no<\/a><\/td><\/tr><tr><td>Oslostudentenes Idrettsklubb &#8211; Innebandy<\/td><td><a href=\"mailto:osi@innebandymail.no\">osi@innebandymail.no<\/a><\/td><\/tr><tr><td>Parkveien&nbsp;&nbsp;Idrettslag &amp; Sport &#8211; Innebandy<\/td><td><a href=\"mailto:parkveien@innebandymail.no\">parkveien@innebandymail.no<\/a><\/td><\/tr><tr><td>Refstad Innebandyklubb &#8211; Innebandy<\/td><td><a href=\"mailto:refstad@innebandymail.no\">refstad@innebandymail.no<\/a><\/td><\/tr><tr><td>R\u00e5holt Innebandyklubb &#8211; Innebandy<\/td><td><a href=\"mailto:raaholt@innebandymail.no\">raaholt@innebandymail.no<\/a><\/td><\/tr><tr><td>Sagene Idrettsforening &#8211; Innebandy<\/td><td><a href=\"mailto:sagene@innebandymail.no\">sagene@innebandymail.no<\/a><\/td><\/tr><tr><td>Ski IL Innebandy &#8211; Innebandy<\/td><td><a href=\"mailto:ski@innebandymail.no\">ski@innebandymail.no<\/a><\/td><\/tr><tr><td>Slemmestad Idrettsforening &#8211; Innebandy<\/td><td><a href=\"mailto:slemmestad@innebandymail.no\">slemmestad@innebandymail.no<\/a><\/td><\/tr><tr><td>Sportsforeningen Grei &#8211; Innebandy<\/td><td><a href=\"mailto:grei@innebandymail.no\">grei@innebandymail.no<\/a><\/td><\/tr><tr><td>Sportsklubben Sterling &#8211; Innebandy<\/td><td><a href=\"mailto:sterling@innebandymail.no\">sterling@innebandymail.no<\/a><\/td><\/tr><tr><td>Str\u00f8mmen Innebandyklubb &#8211; Innebandy<\/td><td><a href=\"mailto:strommen@innebandymail.no\">strommen@innebandymail.no<\/a><\/td><\/tr><tr><td>Sveiva Innebandy &#8211; Innebandy<\/td><td><a href=\"mailto:sveiva@innebandymail.no\">sveiva@innebandymail.no<\/a><\/td><\/tr><tr><td>Tunet Innebandyklubb &#8211; Innebandy<\/td><td><a href=\"mailto:tunet@innebandymail.no\">tunet@innebandymail.no<\/a><\/td><\/tr><tr><td>Ullensaker\/Kisa IL &#8211; Innebandy<\/td><td><a href=\"mailto:ullkisa@innebandymail.no\">ullkisa@innebandymail.no<\/a><\/td><\/tr><tr><td>Vestre Akers Skiklub &#8211; Innebandy<\/td><td><a href=\"mailto:vask@innebandymail.no\">vask@innebandymail.no<\/a><\/td><\/tr><tr><td>Vika og Filipstad Sportsklubb &#8211; Innebandy<\/td><td><a href=\"mailto:vikafilipstad@innebandymail.no\">vikafilipstad@innebandymail.no<\/a><\/td><\/tr><tr><td>V\u00e5lerenga Innebandy &#8211; Innebandy<\/td><td><a href=\"mailto:vif@innebandymail.no\">vif@innebandymail.no<\/a><\/td><\/tr><tr><td>\u00d8stensj\u00f8 Innebandyklubb &#8211; Innebandy<\/td><td><a href=\"mailto:oestensjo@innebandymail.no\">oestensjo@innebandymail.no<\/a><\/td><\/tr><\/tbody><\/table><\/figure>\n<\/div><\/div>\n","protected":false},"excerpt":{"rendered":"<p>Om klubbens e-post \u2013 \u00abklubbnavn\u00bb@innebandymail.no Som informert under Klubbseminaret i 2025, m\u00e5 alle klubber tilknyttet Oslo og Akershus Bandyregion ta i bruk e-postadresse levert av regionen fra og med sesongen 2026\/2027. Oslo og Akershus Bandyregion (OABR) sender ut viktig informasjon gjennom hele \u00e5ret. Erfaringen viser at det ofte ligger utdatert e-postinformasjon i systemene (TA og [&hellip;]<\/p>\n","protected":false},"author":6,"featured_media":0,"parent":0,"menu_order":0,"comment_status":"closed","ping_status":"closed","template":"","meta":{"cover_meta":"","footnotes":""},"class_list":["post-7896","page","type-page","status-publish","hentry"],"_links":{"self":[{"href":"https:\/\/bandyforbundet.no\/oslo-og-akershus\/index.php?rest_route=\/wp\/v2\/pages\/7896","targetHints":{"allow":["GET"]}}],"collection":[{"href":"https:\/\/bandyforbundet.no\/oslo-og-akershus\/index.php?rest_route=\/wp\/v2\/pages"}],"about":[{"href":"https:\/\/bandyforbundet.no\/oslo-og-akershus\/index.php?rest_route=\/wp\/v2\/types\/page"}],"author":[{"embeddable":true,"href":"https:\/\/bandyforbundet.no\/oslo-og-akershus\/index.php?rest_route=\/wp\/v2\/users\/6"}],"replies":[{"embeddable":true,"href":"https:\/\/bandyforbundet.no\/oslo-og-akershus\/index.php?rest_route=%2Fwp%2Fv2%2Fcomments&post=7896"}],"version-history":[{"count":53,"href":"https:\/\/bandyforbundet.no\/oslo-og-akershus\/index.php?rest_route=\/wp\/v2\/pages\/7896\/revisions"}],"predecessor-version":[{"id":8140,"href":"https:\/\/bandyforbundet.no\/oslo-og-akershus\/index.php?rest_route=\/wp\/v2\/pages\/7896\/revisions\/8140"}],"wp:attachment":[{"href":"https:\/\/bandyforbundet.no\/oslo-og-akershus\/index.php?rest_route=%2Fwp%2Fv2%2Fmedia&parent=7896"}],"curies":[{"name":"wp","href":"https:\/\/api.w.org\/{rel}","templated":true}]}}