{"id":1010,"date":"2017-10-15T00:51:58","date_gmt":"2017-10-14T22:51:58","guid":{"rendered":"http:\/\/bandyforbundet.no\/sorost-bandyregion\/?page_id=1010"},"modified":"2025-11-24T14:14:02","modified_gmt":"2025-11-24T14:14:02","slug":"kamptider","status":"publish","type":"page","link":"https:\/\/bandyforbundet.no\/sorost-bandyregion\/?page_id=1010","title":{"rendered":"Kamptider\/banest\u00f8rrelser"},"content":{"rendered":"\n<figure class=\"wp-block-table is-style-stripes\"><table><thead><tr><th><\/th><th>Minirunder(7,9,11)<\/th><th>Aktivitetsrunder(12-)<\/th><th>G\/J 9<\/th><th>G\/J11<\/th><th>G\/J13<\/th><th>G\/J15<\/th><\/tr><\/thead><tbody><tr><td><strong>Bane<\/strong>:<\/td><td>Tvers (1\/3)<\/td><td>Samme som serie<\/td><td>-4 langsider,-2 kortsider<\/td><td>-2 langsider, -1 kortsider<\/td><td>Full bane<\/td><td>Full bane<\/td><\/tr><tr><td><strong>M\u00e5l:<\/strong><\/td><td>Sm\u00e5 (120 cm)<\/td><td>Store<\/td><td>Sm\u00e5 (120 cm)<\/td><td>Store<\/td><td>Store<\/td><td>Store<\/td><\/tr><tr><td><strong>Spilletid:<\/strong><\/td><td>18<\/td><td>Kommer an p\u00e5 antall lag<\/td><td>2&#215;10<\/td><td>2&#215;20<\/td><td>3&#215;15<\/td><td>3&#215;20<\/td><\/tr><tr><td><strong>Runde\/Serie:<\/strong><\/td><td>Runde<\/td><td>Runde<\/td><td>Runde<\/td><td>Runde<\/td><td>Serie<\/td><td>Serie<\/td><\/tr><tr><td><strong>Vise m\u00e5l p\u00e5 tavle:<\/strong><\/td><td>Nei<\/td><td>Nei<\/td><td>Nei<\/td><td>Hvis begge lag \u00f8nsker<\/td><td>Ja<\/td><td>Ja<\/td><\/tr><tr><td><strong>Tabell:<\/strong><\/td><td>Nei<\/td><td>Nei<\/td><td>Nei<\/td><td>Nei<\/td><td>Ja<\/td><td>Ja<\/td><\/tr><tr><td><strong>Antall niv\u00e5er:<\/strong><\/td><td>3<\/td><td>1<\/td><td>1<\/td><td>1<\/td><td>1<\/td><td>1<\/td><\/tr><tr><td><strong>Dommere:<\/strong><\/td><td>Klubbdommere<\/td><td>S\u00d8BR dommere<\/td><td>S\u00d8BR dommere<\/td><td>S\u00d8BR dommere<\/td><td>S\u00d8BR dommere<\/td><td>S\u00d8BR dommere<\/td><\/tr><tr><td><strong>Utvisning:<\/strong><\/td><td>Nei<\/td><td>Ja<\/td><td>Nei<\/td><td>Nei<\/td><td>Ja<\/td><td>Ja<\/td><\/tr><tr><td><\/td><td><\/td><td><\/td><td><\/td><td><\/td><td><\/td><td><\/td><\/tr><\/tbody><\/table><\/figure>\n\n\n\n<p><\/p>\n","protected":false},"excerpt":{"rendered":"<p>Minirunder(7,9,11) Aktivitetsrunder(12-) G\/J 9 G\/J11 G\/J13 G\/J15 Bane: Tvers (1\/3) Samme som serie -4 langsider,-2 kortsider -2 langsider, -1 kortsider Full bane Full bane M\u00e5l: Sm\u00e5 (120 cm) Store Sm\u00e5 (120 cm) Store Store Store Spilletid: 18 Kommer an p\u00e5 antall lag 2&#215;10 2&#215;20 3&#215;15 3&#215;20 Runde\/Serie: Runde Runde Runde Runde Serie Serie Vise m\u00e5l [&hellip;]<\/p>\n","protected":false},"author":35,"featured_media":0,"parent":1007,"menu_order":0,"comment_status":"closed","ping_status":"closed","template":"","meta":{"cover_meta":"","footnotes":""},"class_list":["post-1010","page","type-page","status-publish","hentry"],"_links":{"self":[{"href":"https:\/\/bandyforbundet.no\/sorost-bandyregion\/index.php?rest_route=\/wp\/v2\/pages\/1010","targetHints":{"allow":["GET"]}}],"collection":[{"href":"https:\/\/bandyforbundet.no\/sorost-bandyregion\/index.php?rest_route=\/wp\/v2\/pages"}],"about":[{"href":"https:\/\/bandyforbundet.no\/sorost-bandyregion\/index.php?rest_route=\/wp\/v2\/types\/page"}],"author":[{"embeddable":true,"href":"https:\/\/bandyforbundet.no\/sorost-bandyregion\/index.php?rest_route=\/wp\/v2\/users\/35"}],"replies":[{"embeddable":true,"href":"https:\/\/bandyforbundet.no\/sorost-bandyregion\/index.php?rest_route=%2Fwp%2Fv2%2Fcomments&post=1010"}],"version-history":[{"count":11,"href":"https:\/\/bandyforbundet.no\/sorost-bandyregion\/index.php?rest_route=\/wp\/v2\/pages\/1010\/revisions"}],"predecessor-version":[{"id":22460,"href":"https:\/\/bandyforbundet.no\/sorost-bandyregion\/index.php?rest_route=\/wp\/v2\/pages\/1010\/revisions\/22460"}],"up":[{"embeddable":true,"href":"https:\/\/bandyforbundet.no\/sorost-bandyregion\/index.php?rest_route=\/wp\/v2\/pages\/1007"}],"wp:attachment":[{"href":"https:\/\/bandyforbundet.no\/sorost-bandyregion\/index.php?rest_route=%2Fwp%2Fv2%2Fmedia&parent=1010"}],"curies":[{"name":"wp","href":"https:\/\/api.w.org\/{rel}","templated":true}]}}