{"id":1011,"date":"2017-10-14T19:10:50","date_gmt":"2017-10-14T17:10:50","guid":{"rendered":"http:\/\/bandyforbundet.no\/sorost-bandyregion\/?page_id=1011"},"modified":"2022-11-30T13:39:07","modified_gmt":"2022-11-30T13:39:07","slug":"omberamming","status":"publish","type":"page","link":"https:\/\/bandyforbundet.no\/sorost-bandyregion\/?page_id=1011","title":{"rendered":"Omberamming"},"content":{"rendered":"<h1><strong><u>Regler for omberamming av kamper.<\/u><\/strong><\/h1>\n<p><strong><em>Generelt:<\/em><\/strong><\/p>\n<ul>\n<li>Kun regionstyret i S\u00f8r\u00f8st Bandyregion kan godkjenne omberamminger av kamper administrert av S\u00d8BR.<\/li>\n<\/ul>\n<ul>\n<li>Alle typer omberamminger skal skje skriftlig p\u00e5 angitt blankett utgitt av S\u00d8BR.<\/li>\n<\/ul>\n<ul>\n<li>\u00c5rsak til omberamming skal alltid oppgis.<\/li>\n<\/ul>\n<ul>\n<li>Hvis s\u00f8knad sendes p\u00e5 bakgrunn av skoleturer, andre arrangment etc. skal det foreligge dokumentasjon p\u00e5 dette, vedlagt s\u00f8knaden.<\/li>\n<\/ul>\n<ul>\n<li>Ufullstendig utfylt blankett sendes i retur til s\u00f8kende lag.<\/li>\n<\/ul>\n<p>Etter serieoppsett sendes ut f\u00f8rste gang p\u00e5legges alle klubber \u00e5 g\u00e5 igjennom alle sine lags oppsett, slik at evt. feil og kollisjoner kan rettes opp i. Evt. endringer som er \u00f8nskelig kan da ogs\u00e5 fremlegges S\u00d8BR, uten kostnad. Dette m\u00e5 gj\u00f8res innen (satt dato), alle endringer etter denne datoen m\u00e5 gj\u00f8res i f\u00f8lge regelverket.<\/p>\n<p><strong><em>Omberamming etter fastsatt serieoppsett (Kostnad kr 500)<\/em><\/strong><\/p>\n<p>S\u00f8knad om omberamming skal v\u00e6re S\u00d8BR i hende senest 7 dager f\u00f8r aktuell kampdato. Kopi av kvittering for innbetalt omberammingsavgift (kr 500) skal vedlegges s\u00f8knaden.<\/p>\n<p>S\u00f8knaden behandles ikke f\u00f8r omberammingsavgiften har kommet inn p\u00e5 S\u00d8BR`s bankkonto 1090.23.13090.<\/p>\n\n\n<div class=\"msswb-file\"><a href=\"https:\/\/bandyforbundet.no\/wp-content\/uploads\/sites\/13\/2017\/10\/omberammingsskjema-1-1-1.doc\" class=\"file-button\" download><span class=\"dashicon dashicons dashicons-download\"><\/span><\/a><a class=\"file-link\" href=\"https:\/\/bandyforbundet.no\/wp-content\/uploads\/sites\/13\/2017\/10\/omberammingsskjema-1-1-1.doc\">omberammingsskjema<\/a><\/div>\n","protected":false},"excerpt":{"rendered":"<p>Regler for omberamming av kamper. Generelt: Kun regionstyret i S\u00f8r\u00f8st Bandyregion kan godkjenne omberamminger av kamper administrert av S\u00d8BR. Alle typer omberamminger skal skje skriftlig p\u00e5 angitt blankett utgitt av S\u00d8BR. \u00c5rsak til omberamming skal alltid oppgis. Hvis s\u00f8knad sendes p\u00e5 bakgrunn av skoleturer, andre arrangment etc. skal det foreligge dokumentasjon p\u00e5 dette, vedlagt s\u00f8knaden. [&hellip;]<\/p>\n","protected":false},"author":35,"featured_media":0,"parent":1007,"menu_order":0,"comment_status":"closed","ping_status":"closed","template":"","meta":{"cover_meta":"","footnotes":""},"class_list":["post-1011","page","type-page","status-publish","hentry"],"_links":{"self":[{"href":"https:\/\/bandyforbundet.no\/sorost-bandyregion\/index.php?rest_route=\/wp\/v2\/pages\/1011","targetHints":{"allow":["GET"]}}],"collection":[{"href":"https:\/\/bandyforbundet.no\/sorost-bandyregion\/index.php?rest_route=\/wp\/v2\/pages"}],"about":[{"href":"https:\/\/bandyforbundet.no\/sorost-bandyregion\/index.php?rest_route=\/wp\/v2\/types\/page"}],"author":[{"embeddable":true,"href":"https:\/\/bandyforbundet.no\/sorost-bandyregion\/index.php?rest_route=\/wp\/v2\/users\/35"}],"replies":[{"embeddable":true,"href":"https:\/\/bandyforbundet.no\/sorost-bandyregion\/index.php?rest_route=%2Fwp%2Fv2%2Fcomments&post=1011"}],"version-history":[{"count":4,"href":"https:\/\/bandyforbundet.no\/sorost-bandyregion\/index.php?rest_route=\/wp\/v2\/pages\/1011\/revisions"}],"predecessor-version":[{"id":7027,"href":"https:\/\/bandyforbundet.no\/sorost-bandyregion\/index.php?rest_route=\/wp\/v2\/pages\/1011\/revisions\/7027"}],"up":[{"embeddable":true,"href":"https:\/\/bandyforbundet.no\/sorost-bandyregion\/index.php?rest_route=\/wp\/v2\/pages\/1007"}],"wp:attachment":[{"href":"https:\/\/bandyforbundet.no\/sorost-bandyregion\/index.php?rest_route=%2Fwp%2Fv2%2Fmedia&parent=1011"}],"curies":[{"name":"wp","href":"https:\/\/api.w.org\/{rel}","templated":true}]}}