{"id":1021,"date":"2017-10-20T12:03:58","date_gmt":"2017-10-20T10:03:58","guid":{"rendered":"http:\/\/bandyforbundet.no\/sorost-bandyregion\/?page_id=1021"},"modified":"2026-04-07T14:09:19","modified_gmt":"2026-04-07T14:09:19","slug":"oppsett","status":"publish","type":"page","link":"https:\/\/bandyforbundet.no\/sorost-bandyregion\/?page_id=1021","title":{"rendered":"Oppsett Borgehallen 12. april"},"content":{"rendered":"\n<div style=\"height:45px\" aria-hidden=\"true\" class=\"wp-block-spacer\"><\/div>\n\n\n\n<figure class=\"wp-block-table is-style-regular\"><table><thead><tr><th class=\"has-text-align-left\" data-align=\"left\">BANE A 1<\/th><th class=\"has-text-align-left\" data-align=\"left\">BANE A 2<\/th><\/tr><\/thead><tbody><tr><td class=\"has-text-align-left\" data-align=\"left\">09:40 &#8211; Gre\u00e5ker J9 &#8211; R\u00e5de G\/J9<\/td><td class=\"has-text-align-left\" data-align=\"left\"><\/td><\/tr><tr><td class=\"has-text-align-left\" data-align=\"left\">10:00 &#8211; Askim G\/J9 &#8211; St. Croix G\/J9 gul<\/td><td class=\"has-text-align-left\" data-align=\"left\">10:00 &#8211; Slevik G\/J9 &#8211; Soon G\/J 9 bl\u00e5<\/td><\/tr><tr><td class=\"has-text-align-left\" data-align=\"left\">10:20 &#8211; Soon G\/J 9 hvit &#8211; Sarpsborg J9<\/td><td class=\"has-text-align-left\" data-align=\"left\">10:20 &#8211; St. Croix G\/J9 sort &#8211; Fredrikstad G\/J 9\u00a0<\/td><\/tr><tr><td class=\"has-text-align-left\" data-align=\"left\">10:40 &#8211; Gre\u00e5ker J9 &#8211; Askim G\/J9<\/td><td class=\"has-text-align-left\" data-align=\"left\">10:40 &#8211; R\u00e5de G\/J 9<strong>  &#8211;<\/strong> Slevik G\/J9<\/td><\/tr><tr><td class=\"has-text-align-left\" data-align=\"left\">11:00 &#8211; Soon G\/J 9 hvit &#8211; St. Croix G\/J9 gul<\/td><td class=\"has-text-align-left\" data-align=\"left\">11:00 &#8211; St. Croix G\/J9 sort &#8211; Soon G\/J 9 bl\u00e5<\/td><\/tr><tr><td class=\"has-text-align-left\" data-align=\"left\">11:20 &#8211; Sarpsborg J9 &#8211; Gre\u00e5ker J9<\/td><td class=\"has-text-align-left\" data-align=\"left\">11:20 &#8211;<strong> <\/strong>Fredrikstad G\/J 9&nbsp; &#8211; R\u00e5de G\/J 9<\/td><\/tr><tr><td class=\"has-text-align-left\" data-align=\"left\">11:40 &#8211; Askim G\/J9 &#8211; Soon G\/J 9 hvit<\/td><td class=\"has-text-align-left\" data-align=\"left\">11:40 &#8211; Slevik G\/J9 &#8211; St. Croix G\/J9 sort<\/td><\/tr><tr><td class=\"has-text-align-left\" data-align=\"left\">12:00 &#8211; Slevik G\/J 11 &#8211; Sarpsborg J11 bl\u00e5<\/td><td class=\"has-text-align-left\" data-align=\"left\">12:00 &#8211; Sarpsborg J11 hvit &#8211; \u00d8re\u00e5sen G\/J 11-<\/td><\/tr><tr><td class=\"has-text-align-left\" data-align=\"left\">12:25 &#8211; St. Croix G\/J9 gul &#8211; Sarpsborg J9<\/td><td class=\"has-text-align-left\" data-align=\"left\">12:25 &#8211; Soon G\/J 9 bl\u00e5 &#8211; Fredrikstad G\/J 9&nbsp;<\/td><\/tr><tr><td class=\"has-text-align-left\" data-align=\"left\">12:45 &#8211; \u00d8re\u00e5sen G\/J 11- Slevik G\/J 11<\/td><td class=\"has-text-align-left\" data-align=\"left\">12:45 &#8211; Sarpsborg J11 bl\u00e5 &#8211; Sarpsborg J11 hvit<\/td><\/tr><tr><td class=\"has-text-align-left\" data-align=\"left\">13:05 &#8211; St. Croix G\/J7 &#8211; Slevik G\/J 7 gul<\/td><td class=\"has-text-align-left\" data-align=\"left\">13:05 &#8211; Fredrikstad G\/J 7 &#8211; Sarpsborg G\/J 7 bl\u00e5<\/td><\/tr><tr><td class=\"has-text-align-left\" data-align=\"left\">13:25 &#8211; Slevik G\/J 11 &#8211; Sarpsborg J11 hvit<\/td><td class=\"has-text-align-left\" data-align=\"left\">13:25 &#8211; \u00d8re\u00e5sen G\/J 11&#8211; Sarpsborg J11 bl\u00e5<\/td><\/tr><tr><td class=\"has-text-align-left\" data-align=\"left\">13:45 &#8211; Askim G\/J7 &#8211; Halden G\/J7<\/td><td class=\"has-text-align-left\" data-align=\"left\">13:45 &#8211; Saltnes 2019 &#8211; \u00d8re\u00e5sen G\/J7<\/td><\/tr><tr><td class=\"has-text-align-left\" data-align=\"left\">14:05 &#8211; Sarpsborg G\/J 7 hvit &#8211; St. Croix G\/J7<\/td><td class=\"has-text-align-left\" data-align=\"left\">14:05 &#8211; Slevik G\/J7 sort &#8211; Fredrikstad G\/J 7<\/td><\/tr><tr><td class=\"has-text-align-left\" data-align=\"left\">14:25 &#8211; Askim G\/J7 &#8211; Slevik G\/J 7 gul<\/td><td class=\"has-text-align-left\" data-align=\"left\">14:25 &#8211; Saltnes 2019 &#8211; Sarpsborg G\/J7 bl\u00e5<\/td><\/tr><tr><td class=\"has-text-align-left\" data-align=\"left\">14:45 &#8211; Halden G\/J7 &#8211; Sarpsborg G\/J7 hvit<\/td><td class=\"has-text-align-left\" data-align=\"left\">14:45 &#8211; \u00d8re\u00e5sen G\/J7 &#8211; Slevik G\/J7 sort<\/td><\/tr><tr><td class=\"has-text-align-left\" data-align=\"left\">15:05 &#8211; St. Croix G\/J7 &#8211; Askim G\/J7<\/td><td class=\"has-text-align-left\" data-align=\"left\">15:05 &#8211; Fredrikstad G\/J 7 &#8211; Saltnes 2019<\/td><\/tr><tr><td class=\"has-text-align-left\" data-align=\"left\">15:25 &#8211; Slevik G\/J 7 gul &#8211; Halden G\/J7<\/td><td class=\"has-text-align-left\" data-align=\"left\">15:25 &#8211; Sarpsborg G\/J7 bl\u00e5 &#8211; \u00d8re\u00e5sen G\/J7<\/td><\/tr><tr><td class=\"has-text-align-left\" data-align=\"left\">15:45 &#8211; Sarpsborg G\/J7 hvit &#8211; Slevik G\/J7 sort<\/td><td class=\"has-text-align-left\" data-align=\"left\"><\/td><\/tr><\/tbody><\/table><\/figure>\n\n\n\n<p><\/p>\n\n\n\n<div class=\"wp-block-group\"><div class=\"wp-block-group__inner-container\">\n<div class=\"wp-block-columns\">\n<div class=\"wp-block-column\" style=\"flex-basis:100%\"><\/div>\n<\/div>\n<\/div><\/div>\n\n\n\n<p><\/p>\n","protected":false},"excerpt":{"rendered":"<p>BANE A 1 BANE A 2 09:40 &#8211; Gre\u00e5ker J9 &#8211; R\u00e5de G\/J9 10:00 &#8211; Askim G\/J9 &#8211; St. Croix G\/J9 gul 10:00 &#8211; Slevik G\/J9 &#8211; Soon G\/J 9 bl\u00e5 10:20 &#8211; Soon G\/J 9 hvit &#8211; Sarpsborg J9 10:20 &#8211; St. Croix G\/J9 sort &#8211; Fredrikstad G\/J 9\u00a0 10:40 &#8211; Gre\u00e5ker J9 &#8211; [&hellip;]<\/p>\n","protected":false},"author":35,"featured_media":0,"parent":1016,"menu_order":0,"comment_status":"closed","ping_status":"closed","template":"","meta":{"cover_meta":"","footnotes":""},"class_list":["post-1021","page","type-page","status-publish","hentry"],"_links":{"self":[{"href":"https:\/\/bandyforbundet.no\/sorost-bandyregion\/index.php?rest_route=\/wp\/v2\/pages\/1021","targetHints":{"allow":["GET"]}}],"collection":[{"href":"https:\/\/bandyforbundet.no\/sorost-bandyregion\/index.php?rest_route=\/wp\/v2\/pages"}],"about":[{"href":"https:\/\/bandyforbundet.no\/sorost-bandyregion\/index.php?rest_route=\/wp\/v2\/types\/page"}],"author":[{"embeddable":true,"href":"https:\/\/bandyforbundet.no\/sorost-bandyregion\/index.php?rest_route=\/wp\/v2\/users\/35"}],"replies":[{"embeddable":true,"href":"https:\/\/bandyforbundet.no\/sorost-bandyregion\/index.php?rest_route=%2Fwp%2Fv2%2Fcomments&post=1021"}],"version-history":[{"count":94,"href":"https:\/\/bandyforbundet.no\/sorost-bandyregion\/index.php?rest_route=\/wp\/v2\/pages\/1021\/revisions"}],"predecessor-version":[{"id":24283,"href":"https:\/\/bandyforbundet.no\/sorost-bandyregion\/index.php?rest_route=\/wp\/v2\/pages\/1021\/revisions\/24283"}],"up":[{"embeddable":true,"href":"https:\/\/bandyforbundet.no\/sorost-bandyregion\/index.php?rest_route=\/wp\/v2\/pages\/1016"}],"wp:attachment":[{"href":"https:\/\/bandyforbundet.no\/sorost-bandyregion\/index.php?rest_route=%2Fwp%2Fv2%2Fmedia&parent=1021"}],"curies":[{"name":"wp","href":"https:\/\/api.w.org\/{rel}","templated":true}]}}