{"id":1477,"date":"2018-10-24T13:55:41","date_gmt":"2018-10-24T11:55:41","guid":{"rendered":"http:\/\/bandyforbundet.no\/sorvest-bandyregion\/?page_id=1477"},"modified":"2021-10-08T11:10:44","modified_gmt":"2021-10-08T11:10:44","slug":"dommertoy","status":"publish","type":"page","link":"https:\/\/bandyforbundet.no\/sorvest-bandyregion\/?page_id=1477","title":{"rendered":"Dommert\u00f8y"},"content":{"rendered":"\n<p>Dommerbekledningen som brukes i eliteserien og alle regioner kan n\u00e5 bestilles p\u00e5 Pureplay sin nettside.<\/p>\n\n\n\n<p>NBF sin nye t\u00f8ffe dommerdrakt kommer i nytt og fresht design.\u00a0\u00a0Dommerdrakten kommer i lett pustende materiale og som transporterer fuktighet bort. Tr\u00f8yen ventilerer bra og t\u00f8rker veldig hurtig.\u00a0Kommer i alle str. fra S til XXL, og i fargene; svart, gr\u00e5 og bl\u00e5.<\/p>\n\n\n\n<div class=\"wp-block-msswb-spacer msswb-spacer-container\" style=\"height:50px\"><div class=\"line\" style=\"height:25px\"><\/div><div class=\"line-center-divider\"><\/div><\/div>\n\n\n\n<div class=\"wp-block-buttons\">\n<div class=\"wp-block-button has-custom-width wp-block-button__width-100\"><a class=\"wp-block-button__link has-luminous-dusk-gradient-background has-background\" href=\"https:\/\/pureplay.no\/collections\/dommer-alle\" style=\"border-radius:50px\" target=\"_blank\" rel=\"noreferrer noopener\">Til pureplays nettbutikk<\/a><\/div>\n<\/div>\n\n\n\n<p><\/p>\n","protected":false},"excerpt":{"rendered":"<p>Dommerbekledningen som brukes i eliteserien og alle regioner kan n\u00e5 bestilles p\u00e5 Pureplay sin nettside. NBF sin nye t\u00f8ffe dommerdrakt kommer i nytt og fresht design.\u00a0\u00a0Dommerdrakten kommer i lett pustende materiale og som transporterer fuktighet bort. Tr\u00f8yen ventilerer bra og t\u00f8rker veldig hurtig.\u00a0Kommer i alle str. fra S til XXL, og i fargene; svart, gr\u00e5 [&hellip;]<\/p>\n","protected":false},"author":11,"featured_media":0,"parent":1476,"menu_order":0,"comment_status":"closed","ping_status":"closed","template":"templates\/template-cover.php","meta":{"cover_meta":"{\"showBackgroundImage\":true,\"bgImage\":{\"image_id\":1627,\"blog_id\":15,\"term_id\":-1,\"selected_size\":\"full\"},\"showOverlay\":true,\"overlayColor\":\"#024c72\",\"overlayOpacity\":0.4,\"showIntro\":false,\"introColor\":\"white\",\"intro\":\"\",\"title\":\"Dommerbekledning\",\"titleColor\":\"white\",\"showOutro\":false,\"outroColor\":\"white\",\"outro\":\"\"}","footnotes":""},"class_list":["post-1477","page","type-page","status-publish","hentry"],"_links":{"self":[{"href":"https:\/\/bandyforbundet.no\/sorvest-bandyregion\/index.php?rest_route=\/wp\/v2\/pages\/1477","targetHints":{"allow":["GET"]}}],"collection":[{"href":"https:\/\/bandyforbundet.no\/sorvest-bandyregion\/index.php?rest_route=\/wp\/v2\/pages"}],"about":[{"href":"https:\/\/bandyforbundet.no\/sorvest-bandyregion\/index.php?rest_route=\/wp\/v2\/types\/page"}],"author":[{"embeddable":true,"href":"https:\/\/bandyforbundet.no\/sorvest-bandyregion\/index.php?rest_route=\/wp\/v2\/users\/11"}],"replies":[{"embeddable":true,"href":"https:\/\/bandyforbundet.no\/sorvest-bandyregion\/index.php?rest_route=%2Fwp%2Fv2%2Fcomments&post=1477"}],"version-history":[{"count":5,"href":"https:\/\/bandyforbundet.no\/sorvest-bandyregion\/index.php?rest_route=\/wp\/v2\/pages\/1477\/revisions"}],"predecessor-version":[{"id":6005,"href":"https:\/\/bandyforbundet.no\/sorvest-bandyregion\/index.php?rest_route=\/wp\/v2\/pages\/1477\/revisions\/6005"}],"up":[{"embeddable":true,"href":"https:\/\/bandyforbundet.no\/sorvest-bandyregion\/index.php?rest_route=\/wp\/v2\/pages\/1476"}],"wp:attachment":[{"href":"https:\/\/bandyforbundet.no\/sorvest-bandyregion\/index.php?rest_route=%2Fwp%2Fv2%2Fmedia&parent=1477"}],"curies":[{"name":"wp","href":"https:\/\/api.w.org\/{rel}","templated":true}]}}